{"id":229467,"date":"2026-01-23T15:03:25","date_gmt":"2026-01-23T20:03:25","guid":{"rendered":"https:\/\/arriendo.com\/co\/%es_type%\/%address_city%\/%neighborhood%\/bogota-san-nicolas-oficina-en-arriendo-en-dd785b\/"},"modified":"2026-01-23T15:03:25","modified_gmt":"2026-01-23T20:03:25","slug":"ar-229467","status":"publish","type":"properties","link":"https:\/\/arriendo.com\/co\/oficinas\/bogota\/san-nicolas\/ar-229467\/","title":{"rendered":"Oficina en Arriendo en San Nicolas, Bogot\u00e1"},"content":{"rendered":"<p>\u00a1Bienvenido a tu nuevo espacio de trabajo en esta incre\u00edble oficina! Al noroccidente de la ciudad, ubicada en sector exclusivo con f\u00e1ciles v\u00edas de acceso: Av Suba., Av calle 116, Av Boyac\u00e1, Moratto y  Puente Largo. En edificio esquinero, en piso 4, con un \u00e1rea de 23 metros cuadrados, espacio abierto moderno y funcional,  excelente vista exterior y buena iluminaci\u00f3n, tendr\u00e1s el espacio que necesitas para dejar volar tu creatividad y productividad. El centro empresarial cuenta ba\u00f1o social en cada piso, ascensor, terraza con comedor para colaboradores, presta servicio de parqueadero con duplicador. Cercano a zonas comerciales, educativas, empresariales, residenciales y de salud. Excelente transporte p\u00fablico.<\/p>\n","protected":false},"excerpt":{"rendered":"\u00a1Bienvenido a tu nuevo espacio de trabajo en esta incre\u00edble...","protected":false},"author":7200,"featured_media":229470,"template":"","es_locations":[110,77,820],"es_categories":[124],"es_types":[116],"es_rent_periods":[],"es_labels":[],"es_statuses":[],"es_parkings":[],"es_roofs":[],"es_exterior_materials":[],"es_basements":[],"es_floor_coverings":[],"es_features":[131,133,2227,2135,144,2137,2152],"es_amenities":[152,2154,2255,2142,2289,2144,2162],"es_neighborhoods":[],"es_tags":[],"class_list":["post-229467","properties","type-properties","status-publish","has-post-thumbnail","hentry","es_location-bogota","es_location-bogota-d-c","es_location-san-nicolas","es_category-arriendo","es_type-oficinas","es_feature-ascensor","es_feature-citofono","es_feature-shut-de-basura","es_feature-sobre-via-principal","es_feature-vista-panoramica","es_feature-zona-comercial","es_feature-zona-residencial","es_amenity-ascensor-privado","es_amenity-citofono","es_amenity-shut-de-basura","es_amenity-sobre-via-principal","es_amenity-vista-panoramica","es_amenity-zona-comercial","es_amenity-zona-residencial","es-post-entity"],"_links":{"self":[{"href":"https:\/\/arriendo.com\/co\/wp-json\/wp\/v2\/properties\/229467","targetHints":{"allow":["GET"]}}],"collection":[{"href":"https:\/\/arriendo.com\/co\/wp-json\/wp\/v2\/properties"}],"about":[{"href":"https:\/\/arriendo.com\/co\/wp-json\/wp\/v2\/types\/properties"}],"author":[{"embeddable":true,"href":"https:\/\/arriendo.com\/co\/wp-json\/wp\/v2\/users\/7200"}],"version-history":[{"count":0,"href":"https:\/\/arriendo.com\/co\/wp-json\/wp\/v2\/properties\/229467\/revisions"}],"wp:featuredmedia":[{"embeddable":true,"href":"https:\/\/arriendo.com\/co\/wp-json\/wp\/v2\/media\/229470"}],"wp:attachment":[{"href":"https:\/\/arriendo.com\/co\/wp-json\/wp\/v2\/media?parent=229467"}],"wp:term":[{"taxonomy":"es_location","embeddable":true,"href":"https:\/\/arriendo.com\/co\/wp-json\/wp\/v2\/es_locations?post=229467"},{"taxonomy":"es_category","embeddable":true,"href":"https:\/\/arriendo.com\/co\/wp-json\/wp\/v2\/es_categories?post=229467"},{"taxonomy":"es_type","embeddable":true,"href":"https:\/\/arriendo.com\/co\/wp-json\/wp\/v2\/es_types?post=229467"},{"taxonomy":"es_rent_period","embeddable":true,"href":"https:\/\/arriendo.com\/co\/wp-json\/wp\/v2\/es_rent_periods?post=229467"},{"taxonomy":"es_label","embeddable":true,"href":"https:\/\/arriendo.com\/co\/wp-json\/wp\/v2\/es_labels?post=229467"},{"taxonomy":"es_status","embeddable":true,"href":"https:\/\/arriendo.com\/co\/wp-json\/wp\/v2\/es_statuses?post=229467"},{"taxonomy":"es_parking","embeddable":true,"href":"https:\/\/arriendo.com\/co\/wp-json\/wp\/v2\/es_parkings?post=229467"},{"taxonomy":"es_roof","embeddable":true,"href":"https:\/\/arriendo.com\/co\/wp-json\/wp\/v2\/es_roofs?post=229467"},{"taxonomy":"es_exterior_material","embeddable":true,"href":"https:\/\/arriendo.com\/co\/wp-json\/wp\/v2\/es_exterior_materials?post=229467"},{"taxonomy":"es_basement","embeddable":true,"href":"https:\/\/arriendo.com\/co\/wp-json\/wp\/v2\/es_basements?post=229467"},{"taxonomy":"es_floor_covering","embeddable":true,"href":"https:\/\/arriendo.com\/co\/wp-json\/wp\/v2\/es_floor_coverings?post=229467"},{"taxonomy":"es_feature","embeddable":true,"href":"https:\/\/arriendo.com\/co\/wp-json\/wp\/v2\/es_features?post=229467"},{"taxonomy":"es_amenity","embeddable":true,"href":"https:\/\/arriendo.com\/co\/wp-json\/wp\/v2\/es_amenities?post=229467"},{"taxonomy":"es_neighborhood","embeddable":true,"href":"https:\/\/arriendo.com\/co\/wp-json\/wp\/v2\/es_neighborhoods?post=229467"},{"taxonomy":"es_tag","embeddable":true,"href":"https:\/\/arriendo.com\/co\/wp-json\/wp\/v2\/es_tags?post=229467"}],"curies":[{"name":"wp","href":"https:\/\/api.w.org\/{rel}","templated":true}]}}

Oficina en Arriendo en San Nicolas, Bogotá

<p>¡Bienvenido a tu nuevo espacio de trabajo en esta increíble oficina! Al noroccidente de la ciudad, ubicada en sector exclusivo con fáciles vías de acceso: Av Suba., Av calle 116, Av Boyacá, Moratto y  Puente Largo. En edificio esquinero, en piso 4, con un área de 23 metros cuadrados, espacio abierto moderno y funcional,  excelente vista exterior y buena iluminación, tendrás el espacio que necesitas para dejar volar tu creatividad y productividad. El centro empresarial cuenta baño social en cada piso, ascensor, terraza con comedor para colaboradores, presta servicio de parqueadero con duplicador. Cercano a zonas comerciales, educativas, empresariales, residenciales y de salud. Excelente transporte público.</p>

¡Bienvenido a tu nuevo espacio de trabajo en esta increíble...
