{"id":229433,"date":"2026-01-23T15:01:25","date_gmt":"2026-01-23T20:01:25","guid":{"rendered":"https:\/\/arriendo.com\/co\/%es_type%\/%address_city%\/%neighborhood%\/bogota-12-de-octubre-edificio-en-arriendo-5b54fb\/"},"modified":"2026-01-23T15:01:25","modified_gmt":"2026-01-23T20:01:25","slug":"ar-229433","status":"publish","type":"properties","link":"https:\/\/arriendo.com\/co\/edificios\/bogota\/12-de-octubre\/ar-229433\/","title":{"rendered":"Edificio en  Arriendo en 12 de Octubre, Bogot\u00e1"},"content":{"rendered":"<p>Edificio ubicado en el barrio 12 de Octubre. Constru\u00eddo hace ocho a\u00f1os, con tres niveles y un s\u00f3tano. A media cuadra de la Calle ochenta y dos cuadras de la autopista norte. Tiene s\u00f3tano para ocho carros, siete motos, tres carros para personas discapacitadas. Primer nivel: Recepci\u00f3n, sala de espera, sala para equipo de trabajo de 10 puestos, una oficina gerencial, un auditorio, dos ba\u00f1os. Segundo Nivel: Terraza con jard\u00edn vertical, espacio de coworking para 15 puestos de trabajo, 4 oficinas individuales, coworking de 10 puestos de trabajo, dos ba\u00f1os. Cuarto de servidores, cuarto de oficios. Tercer nivel: Comedor comunal con barra, terraza, espacio abierto para diez puestos de trabajo. Cuatro oficinas individuales, oficina gerencial con su ba\u00f1o. Dos ba\u00f1os para empleados. El edificio cuenta con el espacio para instalar un ascensor.<\/p>\n","protected":false},"excerpt":{"rendered":"Edificio ubicado en el barrio 12 de Octubre. Constru\u00eddo hace...","protected":false},"author":7200,"featured_media":229436,"template":"","es_locations":[1848,110,77],"es_categories":[124],"es_types":[122],"es_rent_periods":[],"es_labels":[],"es_statuses":[],"es_parkings":[],"es_roofs":[],"es_exterior_materials":[],"es_basements":[],"es_floor_coverings":[],"es_features":[150,143,2136,2137],"es_amenities":[2387,2290,2143,2144],"es_neighborhoods":[],"es_tags":[],"class_list":["post-229433","properties","type-properties","status-publish","has-post-thumbnail","hentry","es_location-12-de-octubre","es_location-bogota","es_location-bogota-d-c","es_category-arriendo","es_type-edificios","es_feature-alarma","es_feature-terraza","es_feature-trans-publico-cercano","es_feature-zona-comercial","es_amenity-alarma","es_amenity-terraza","es_amenity-trans-publico-cercano","es_amenity-zona-comercial","es-post-entity"],"_links":{"self":[{"href":"https:\/\/arriendo.com\/co\/wp-json\/wp\/v2\/properties\/229433","targetHints":{"allow":["GET"]}}],"collection":[{"href":"https:\/\/arriendo.com\/co\/wp-json\/wp\/v2\/properties"}],"about":[{"href":"https:\/\/arriendo.com\/co\/wp-json\/wp\/v2\/types\/properties"}],"author":[{"embeddable":true,"href":"https:\/\/arriendo.com\/co\/wp-json\/wp\/v2\/users\/7200"}],"version-history":[{"count":0,"href":"https:\/\/arriendo.com\/co\/wp-json\/wp\/v2\/properties\/229433\/revisions"}],"wp:featuredmedia":[{"embeddable":true,"href":"https:\/\/arriendo.com\/co\/wp-json\/wp\/v2\/media\/229436"}],"wp:attachment":[{"href":"https:\/\/arriendo.com\/co\/wp-json\/wp\/v2\/media?parent=229433"}],"wp:term":[{"taxonomy":"es_location","embeddable":true,"href":"https:\/\/arriendo.com\/co\/wp-json\/wp\/v2\/es_locations?post=229433"},{"taxonomy":"es_category","embeddable":true,"href":"https:\/\/arriendo.com\/co\/wp-json\/wp\/v2\/es_categories?post=229433"},{"taxonomy":"es_type","embeddable":true,"href":"https:\/\/arriendo.com\/co\/wp-json\/wp\/v2\/es_types?post=229433"},{"taxonomy":"es_rent_period","embeddable":true,"href":"https:\/\/arriendo.com\/co\/wp-json\/wp\/v2\/es_rent_periods?post=229433"},{"taxonomy":"es_label","embeddable":true,"href":"https:\/\/arriendo.com\/co\/wp-json\/wp\/v2\/es_labels?post=229433"},{"taxonomy":"es_status","embeddable":true,"href":"https:\/\/arriendo.com\/co\/wp-json\/wp\/v2\/es_statuses?post=229433"},{"taxonomy":"es_parking","embeddable":true,"href":"https:\/\/arriendo.com\/co\/wp-json\/wp\/v2\/es_parkings?post=229433"},{"taxonomy":"es_roof","embeddable":true,"href":"https:\/\/arriendo.com\/co\/wp-json\/wp\/v2\/es_roofs?post=229433"},{"taxonomy":"es_exterior_material","embeddable":true,"href":"https:\/\/arriendo.com\/co\/wp-json\/wp\/v2\/es_exterior_materials?post=229433"},{"taxonomy":"es_basement","embeddable":true,"href":"https:\/\/arriendo.com\/co\/wp-json\/wp\/v2\/es_basements?post=229433"},{"taxonomy":"es_floor_covering","embeddable":true,"href":"https:\/\/arriendo.com\/co\/wp-json\/wp\/v2\/es_floor_coverings?post=229433"},{"taxonomy":"es_feature","embeddable":true,"href":"https:\/\/arriendo.com\/co\/wp-json\/wp\/v2\/es_features?post=229433"},{"taxonomy":"es_amenity","embeddable":true,"href":"https:\/\/arriendo.com\/co\/wp-json\/wp\/v2\/es_amenities?post=229433"},{"taxonomy":"es_neighborhood","embeddable":true,"href":"https:\/\/arriendo.com\/co\/wp-json\/wp\/v2\/es_neighborhoods?post=229433"},{"taxonomy":"es_tag","embeddable":true,"href":"https:\/\/arriendo.com\/co\/wp-json\/wp\/v2\/es_tags?post=229433"}],"curies":[{"name":"wp","href":"https:\/\/api.w.org\/{rel}","templated":true}]}}

Edificio en  Arriendo en 12 de Octubre, Bogotá

<p>Edificio ubicado en el barrio 12 de Octubre. Construído hace ocho años, con tres niveles y un sótano. A media cuadra de la Calle ochenta y dos cuadras de la autopista norte. Tiene sótano para ocho carros, siete motos, tres carros para personas discapacitadas. Primer nivel: Recepción, sala de espera, sala para equipo de trabajo de 10 puestos, una oficina gerencial, un auditorio, dos baños. Segundo Nivel: Terraza con jardín vertical, espacio de coworking para 15 puestos de trabajo, 4 oficinas individuales, coworking de 10 puestos de trabajo, dos baños. Cuarto de servidores, cuarto de oficios. Tercer nivel: Comedor comunal con barra, terraza, espacio abierto para diez puestos de trabajo. Cuatro oficinas individuales, oficina gerencial con su baño. Dos baños para empleados. El edificio cuenta con el espacio para instalar un ascensor.</p>

Edificio ubicado en el barrio 12 de Octubre. Construído hace...
