{"id":228905,"date":"2026-01-23T14:11:26","date_gmt":"2026-01-23T19:11:26","guid":{"rendered":"https:\/\/arriendo.com\/co\/%es_type%\/%address_city%\/%neighborhood%\/cali-santa-monica-local-en-arriendo-en-e076bb\/"},"modified":"2026-01-23T14:11:26","modified_gmt":"2026-01-23T19:11:26","slug":"ar-228905","status":"publish","type":"properties","link":"https:\/\/arriendo.com\/co\/locales\/cali\/santa-monica\/ar-228905\/","title":{"rendered":"Local en arriendo en Santa monica, Cali"},"content":{"rendered":"<p>Local comercial en el barrio Granada, en su ubicaci\u00f3n  esta rodeado de edificios de apartaestudios y apartamentos, alto flujo de veh\u00edculos. Cerca a v\u00eda principal.<\/p>\n","protected":false},"excerpt":{"rendered":"Local comercial en el barrio Granada, en su ubicaci\u00f3n esta...","protected":false},"author":7029,"featured_media":228908,"template":"","es_locations":[179,523],"es_categories":[124],"es_types":[117],"es_rent_periods":[],"es_labels":[],"es_statuses":[],"es_parkings":[],"es_roofs":[],"es_exterior_materials":[],"es_basements":[],"es_floor_coverings":[],"es_features":[2265,2176,2239,2152],"es_amenities":[2268,2191,2256,2162],"es_neighborhoods":[],"es_tags":[],"class_list":["post-228905","properties","type-properties","status-publish","has-post-thumbnail","hentry","es_location-cali","es_location-santa-monica","es_category-arriendo","es_type-locales","es_feature-bahia-exterior-de-parqueo","es_feature-en-zona-residencial","es_feature-sobre-via-secundaria","es_feature-zona-residencial","es_amenity-bahia-exterior-de-parqueo","es_amenity-en-zona-residencial","es_amenity-sobre-via-secundaria","es_amenity-zona-residencial","es-post-entity"],"_links":{"self":[{"href":"https:\/\/arriendo.com\/co\/wp-json\/wp\/v2\/properties\/228905","targetHints":{"allow":["GET"]}}],"collection":[{"href":"https:\/\/arriendo.com\/co\/wp-json\/wp\/v2\/properties"}],"about":[{"href":"https:\/\/arriendo.com\/co\/wp-json\/wp\/v2\/types\/properties"}],"author":[{"embeddable":true,"href":"https:\/\/arriendo.com\/co\/wp-json\/wp\/v2\/users\/7029"}],"version-history":[{"count":0,"href":"https:\/\/arriendo.com\/co\/wp-json\/wp\/v2\/properties\/228905\/revisions"}],"wp:featuredmedia":[{"embeddable":true,"href":"https:\/\/arriendo.com\/co\/wp-json\/wp\/v2\/media\/228908"}],"wp:attachment":[{"href":"https:\/\/arriendo.com\/co\/wp-json\/wp\/v2\/media?parent=228905"}],"wp:term":[{"taxonomy":"es_location","embeddable":true,"href":"https:\/\/arriendo.com\/co\/wp-json\/wp\/v2\/es_locations?post=228905"},{"taxonomy":"es_category","embeddable":true,"href":"https:\/\/arriendo.com\/co\/wp-json\/wp\/v2\/es_categories?post=228905"},{"taxonomy":"es_type","embeddable":true,"href":"https:\/\/arriendo.com\/co\/wp-json\/wp\/v2\/es_types?post=228905"},{"taxonomy":"es_rent_period","embeddable":true,"href":"https:\/\/arriendo.com\/co\/wp-json\/wp\/v2\/es_rent_periods?post=228905"},{"taxonomy":"es_label","embeddable":true,"href":"https:\/\/arriendo.com\/co\/wp-json\/wp\/v2\/es_labels?post=228905"},{"taxonomy":"es_status","embeddable":true,"href":"https:\/\/arriendo.com\/co\/wp-json\/wp\/v2\/es_statuses?post=228905"},{"taxonomy":"es_parking","embeddable":true,"href":"https:\/\/arriendo.com\/co\/wp-json\/wp\/v2\/es_parkings?post=228905"},{"taxonomy":"es_roof","embeddable":true,"href":"https:\/\/arriendo.com\/co\/wp-json\/wp\/v2\/es_roofs?post=228905"},{"taxonomy":"es_exterior_material","embeddable":true,"href":"https:\/\/arriendo.com\/co\/wp-json\/wp\/v2\/es_exterior_materials?post=228905"},{"taxonomy":"es_basement","embeddable":true,"href":"https:\/\/arriendo.com\/co\/wp-json\/wp\/v2\/es_basements?post=228905"},{"taxonomy":"es_floor_covering","embeddable":true,"href":"https:\/\/arriendo.com\/co\/wp-json\/wp\/v2\/es_floor_coverings?post=228905"},{"taxonomy":"es_feature","embeddable":true,"href":"https:\/\/arriendo.com\/co\/wp-json\/wp\/v2\/es_features?post=228905"},{"taxonomy":"es_amenity","embeddable":true,"href":"https:\/\/arriendo.com\/co\/wp-json\/wp\/v2\/es_amenities?post=228905"},{"taxonomy":"es_neighborhood","embeddable":true,"href":"https:\/\/arriendo.com\/co\/wp-json\/wp\/v2\/es_neighborhoods?post=228905"},{"taxonomy":"es_tag","embeddable":true,"href":"https:\/\/arriendo.com\/co\/wp-json\/wp\/v2\/es_tags?post=228905"}],"curies":[{"name":"wp","href":"https:\/\/api.w.org\/{rel}","templated":true}]}}

<p>Local comercial en el barrio Granada, en su ubicación  esta rodeado de edificios de apartaestudios y apartamentos, alto flujo de vehículos. Cerca a vía principal.</p>

Local comercial en el barrio Granada, en su ubicación esta...
