{"id":228899,"date":"2026-01-23T14:10:26","date_gmt":"2026-01-23T19:10:26","guid":{"rendered":"https:\/\/arriendo.com\/co\/%es_type%\/%address_city%\/%neighborhood%\/cali-san-vicente-apartaestudio-en-arriendo-en-2ddde2\/"},"modified":"2026-01-23T14:10:26","modified_gmt":"2026-01-23T19:10:26","slug":"ar-228899","status":"publish","type":"properties","link":"https:\/\/arriendo.com\/co\/apartaestudios\/cali\/san-vicente\/ar-228899\/","title":{"rendered":"Apartaestudio en Arriendo en San vicente, Cali"},"content":{"rendered":"<p>APTO-103: Un solo ambiente con balc\u00f3n, incluido servicios (agua, energ\u00eda, gas natural, tv y wifi b\u00e1sico comunitario). Cuenta con zona de lavander\u00eda\u00a0social, con un costo adicional de $10.000 cada lavada y $10.000 cada secada.<\/p>\n","protected":false},"excerpt":{"rendered":"APTO-103: Un solo ambiente con balc\u00f3n, incluido servicios (agua, energ\u00eda,...","protected":false},"author":7029,"featured_media":228902,"template":"","es_locations":[179,497],"es_categories":[124],"es_types":[299],"es_rent_periods":[],"es_labels":[],"es_statuses":[],"es_parkings":[],"es_roofs":[],"es_exterior_materials":[],"es_basements":[],"es_floor_coverings":[],"es_features":[133,2146,145],"es_amenities":[2154,2155,2160],"es_neighborhoods":[],"es_tags":[],"class_list":["post-228899","properties","type-properties","status-publish","has-post-thumbnail","hentry","es_location-cali","es_location-san-vicente","es_category-arriendo","es_type-apartaestudios","es_feature-citofono","es_feature-cocina-integral","es_feature-instalacion-de-gas","es_amenity-citofono","es_amenity-cocina-integral","es_amenity-instalacion-de-gas","es-post-entity"],"_links":{"self":[{"href":"https:\/\/arriendo.com\/co\/wp-json\/wp\/v2\/properties\/228899","targetHints":{"allow":["GET"]}}],"collection":[{"href":"https:\/\/arriendo.com\/co\/wp-json\/wp\/v2\/properties"}],"about":[{"href":"https:\/\/arriendo.com\/co\/wp-json\/wp\/v2\/types\/properties"}],"author":[{"embeddable":true,"href":"https:\/\/arriendo.com\/co\/wp-json\/wp\/v2\/users\/7029"}],"version-history":[{"count":0,"href":"https:\/\/arriendo.com\/co\/wp-json\/wp\/v2\/properties\/228899\/revisions"}],"wp:featuredmedia":[{"embeddable":true,"href":"https:\/\/arriendo.com\/co\/wp-json\/wp\/v2\/media\/228902"}],"wp:attachment":[{"href":"https:\/\/arriendo.com\/co\/wp-json\/wp\/v2\/media?parent=228899"}],"wp:term":[{"taxonomy":"es_location","embeddable":true,"href":"https:\/\/arriendo.com\/co\/wp-json\/wp\/v2\/es_locations?post=228899"},{"taxonomy":"es_category","embeddable":true,"href":"https:\/\/arriendo.com\/co\/wp-json\/wp\/v2\/es_categories?post=228899"},{"taxonomy":"es_type","embeddable":true,"href":"https:\/\/arriendo.com\/co\/wp-json\/wp\/v2\/es_types?post=228899"},{"taxonomy":"es_rent_period","embeddable":true,"href":"https:\/\/arriendo.com\/co\/wp-json\/wp\/v2\/es_rent_periods?post=228899"},{"taxonomy":"es_label","embeddable":true,"href":"https:\/\/arriendo.com\/co\/wp-json\/wp\/v2\/es_labels?post=228899"},{"taxonomy":"es_status","embeddable":true,"href":"https:\/\/arriendo.com\/co\/wp-json\/wp\/v2\/es_statuses?post=228899"},{"taxonomy":"es_parking","embeddable":true,"href":"https:\/\/arriendo.com\/co\/wp-json\/wp\/v2\/es_parkings?post=228899"},{"taxonomy":"es_roof","embeddable":true,"href":"https:\/\/arriendo.com\/co\/wp-json\/wp\/v2\/es_roofs?post=228899"},{"taxonomy":"es_exterior_material","embeddable":true,"href":"https:\/\/arriendo.com\/co\/wp-json\/wp\/v2\/es_exterior_materials?post=228899"},{"taxonomy":"es_basement","embeddable":true,"href":"https:\/\/arriendo.com\/co\/wp-json\/wp\/v2\/es_basements?post=228899"},{"taxonomy":"es_floor_covering","embeddable":true,"href":"https:\/\/arriendo.com\/co\/wp-json\/wp\/v2\/es_floor_coverings?post=228899"},{"taxonomy":"es_feature","embeddable":true,"href":"https:\/\/arriendo.com\/co\/wp-json\/wp\/v2\/es_features?post=228899"},{"taxonomy":"es_amenity","embeddable":true,"href":"https:\/\/arriendo.com\/co\/wp-json\/wp\/v2\/es_amenities?post=228899"},{"taxonomy":"es_neighborhood","embeddable":true,"href":"https:\/\/arriendo.com\/co\/wp-json\/wp\/v2\/es_neighborhoods?post=228899"},{"taxonomy":"es_tag","embeddable":true,"href":"https:\/\/arriendo.com\/co\/wp-json\/wp\/v2\/es_tags?post=228899"}],"curies":[{"name":"wp","href":"https:\/\/api.w.org\/{rel}","templated":true}]}}

<p>APTO-103: Un solo ambiente con balcón, incluido servicios (agua, energía, gas natural, tv y wifi básico comunitario). Cuenta con zona de lavandería social, con un costo adicional de $10.000 cada lavada y $10.000 cada secada.</p>

APTO-103: Un solo ambiente con balcón, incluido servicios (agua, energía,...
