{"id":228123,"date":"2026-01-23T12:59:25","date_gmt":"2026-01-23T17:59:25","guid":{"rendered":"https:\/\/arriendo.com\/co\/%es_type%\/%address_city%\/%neighborhood%\/cali-versalles-apartaestudio-en-arriendo-en-d8f7ba\/"},"modified":"2026-01-23T12:59:25","modified_gmt":"2026-01-23T17:59:25","slug":"ar-228123","status":"publish","type":"properties","link":"https:\/\/arriendo.com\/co\/apartaestudios\/cali\/versalles\/ar-228123\/","title":{"rendered":"Apartaestudio en Arriendo en Versalles, Cali"},"content":{"rendered":"<p>Apartaestudio AMOBLADO ubicado en edificio en el barrio Versalles, de 30m2, tipo loft, con espacio para la cama, cl\u00f3set, sala, barra de comedor, cocina, cl\u00f3set de zona de oficios. Edificio con Jacuzzi, turco, gimnasio. Cuenta con garaje en s\u00f3tano<\/p>\n","protected":false},"excerpt":{"rendered":"Apartaestudio AMOBLADO ubicado en edificio en el barrio Versalles, de...","protected":false},"author":4102,"featured_media":228126,"template":"","es_locations":[179,843],"es_categories":[124],"es_types":[299],"es_rent_periods":[],"es_labels":[],"es_statuses":[],"es_parkings":[],"es_roofs":[],"es_exterior_materials":[],"es_basements":[],"es_floor_coverings":[],"es_features":[2262,131,2263,2145,133,2147,2196,2149,2179,145,2370,2216,2132,2272,2365,2133,2181,2182,2167,2150,144,2151],"es_amenities":[2267,152,2269,2153,2154,2156,2197,2159,154,2160,2371,156,2140,2273,2366,158,159,2171,2161,161,2289,162],"es_neighborhoods":[],"es_tags":[],"class_list":["post-228123","properties","type-properties","status-publish","has-post-thumbnail","hentry","es_location-cali","es_location-versalles","es_category-arriendo","es_type-apartaestudios","es_feature-amoblado","es_feature-ascensor","es_feature-barra-estilo-americano","es_feature-calentador","es_feature-citofono","es_feature-cocina-tipo-americano","es_feature-en-conjunto-cerrado","es_feature-garajes","es_feature-gimnasio","es_feature-instalacion-de-gas","es_feature-oficina-de-negocios","es_feature-parqueadero-visitantes","es_feature-parques-cercanos","es_feature-piso-en-baldosa-marmol","es_feature-planta-electrica","es_feature-porteria-recepcion","es_feature-porteria-vigilancia","es_feature-salon-comunal","es_feature-sauna-turco-jacuzzi","es_feature-supermercados-c-comerciales","es_feature-vista-panoramica","es_feature-zona-de-lavanderia","es_amenity-amoblado","es_amenity-ascensor-privado","es_amenity-barra-estilo-americano","es_amenity-calentador","es_amenity-citofono","es_amenity-cocina-tipo-americano","es_amenity-en-conjunto-cerrado","es_amenity-garajes","es_amenity-gimnasio","es_amenity-instalacion-de-gas","es_amenity-oficina-de-negocios","es_amenity-parqueadero-visitantes","es_amenity-parques-cercanos","es_amenity-piso-en-baldosa-marmol","es_amenity-planta-electrica","es_amenity-porteria-recepcion","es_amenity-salon-comunal","es_amenity-sauna-turco-jacuzzi","es_amenity-supermercados-c-comerciales","es_amenity-vigilancia-24-7","es_amenity-vista-panoramica","es_amenity-zona-de-lavanderia","es-post-entity"],"_links":{"self":[{"href":"https:\/\/arriendo.com\/co\/wp-json\/wp\/v2\/properties\/228123","targetHints":{"allow":["GET"]}}],"collection":[{"href":"https:\/\/arriendo.com\/co\/wp-json\/wp\/v2\/properties"}],"about":[{"href":"https:\/\/arriendo.com\/co\/wp-json\/wp\/v2\/types\/properties"}],"author":[{"embeddable":true,"href":"https:\/\/arriendo.com\/co\/wp-json\/wp\/v2\/users\/4102"}],"version-history":[{"count":0,"href":"https:\/\/arriendo.com\/co\/wp-json\/wp\/v2\/properties\/228123\/revisions"}],"wp:featuredmedia":[{"embeddable":true,"href":"https:\/\/arriendo.com\/co\/wp-json\/wp\/v2\/media\/228126"}],"wp:attachment":[{"href":"https:\/\/arriendo.com\/co\/wp-json\/wp\/v2\/media?parent=228123"}],"wp:term":[{"taxonomy":"es_location","embeddable":true,"href":"https:\/\/arriendo.com\/co\/wp-json\/wp\/v2\/es_locations?post=228123"},{"taxonomy":"es_category","embeddable":true,"href":"https:\/\/arriendo.com\/co\/wp-json\/wp\/v2\/es_categories?post=228123"},{"taxonomy":"es_type","embeddable":true,"href":"https:\/\/arriendo.com\/co\/wp-json\/wp\/v2\/es_types?post=228123"},{"taxonomy":"es_rent_period","embeddable":true,"href":"https:\/\/arriendo.com\/co\/wp-json\/wp\/v2\/es_rent_periods?post=228123"},{"taxonomy":"es_label","embeddable":true,"href":"https:\/\/arriendo.com\/co\/wp-json\/wp\/v2\/es_labels?post=228123"},{"taxonomy":"es_status","embeddable":true,"href":"https:\/\/arriendo.com\/co\/wp-json\/wp\/v2\/es_statuses?post=228123"},{"taxonomy":"es_parking","embeddable":true,"href":"https:\/\/arriendo.com\/co\/wp-json\/wp\/v2\/es_parkings?post=228123"},{"taxonomy":"es_roof","embeddable":true,"href":"https:\/\/arriendo.com\/co\/wp-json\/wp\/v2\/es_roofs?post=228123"},{"taxonomy":"es_exterior_material","embeddable":true,"href":"https:\/\/arriendo.com\/co\/wp-json\/wp\/v2\/es_exterior_materials?post=228123"},{"taxonomy":"es_basement","embeddable":true,"href":"https:\/\/arriendo.com\/co\/wp-json\/wp\/v2\/es_basements?post=228123"},{"taxonomy":"es_floor_covering","embeddable":true,"href":"https:\/\/arriendo.com\/co\/wp-json\/wp\/v2\/es_floor_coverings?post=228123"},{"taxonomy":"es_feature","embeddable":true,"href":"https:\/\/arriendo.com\/co\/wp-json\/wp\/v2\/es_features?post=228123"},{"taxonomy":"es_amenity","embeddable":true,"href":"https:\/\/arriendo.com\/co\/wp-json\/wp\/v2\/es_amenities?post=228123"},{"taxonomy":"es_neighborhood","embeddable":true,"href":"https:\/\/arriendo.com\/co\/wp-json\/wp\/v2\/es_neighborhoods?post=228123"},{"taxonomy":"es_tag","embeddable":true,"href":"https:\/\/arriendo.com\/co\/wp-json\/wp\/v2\/es_tags?post=228123"}],"curies":[{"name":"wp","href":"https:\/\/api.w.org\/{rel}","templated":true}]}}

<p>Apartaestudio AMOBLADO ubicado en edificio en el barrio Versalles, de 30m2, tipo loft, con espacio para la cama, clóset, sala, barra de comedor, cocina, clóset de zona de oficios. Edificio con Jacuzzi, turco, gimnasio. Cuenta con garaje en sótano</p>
