{"id":227430,"date":"2026-01-23T11:26:25","date_gmt":"2026-01-23T16:26:25","guid":{"rendered":"https:\/\/arriendo.com\/co\/%es_type%\/%address_city%\/%neighborhood%\/medellin-la-florida-casa-en-arriendo-en-1991fa\/"},"modified":"2026-01-23T11:26:25","modified_gmt":"2026-01-23T16:26:25","slug":"ar-227430","status":"publish","type":"properties","link":"https:\/\/arriendo.com\/co\/casas\/medellin\/la-florida\/ar-227430\/","title":{"rendered":"Casa en Arriendo en La Florida, Medell\u00edn"},"content":{"rendered":"<p>Vendo casa alta Categor\u00eda La Calera remodelada parcialmente, cero ruido, zona muy tranquila, tiene un \u00e1rea de lote de 1500 M2 y construidos 800 M2, tiene<br \/>\n4 habitaciones, todas con ba\u00f1o y vestier, cocina cerrada (se puede abrir), sala doble, comedor independiente, ba\u00f1o social, estar TV o biblioteca, terraza, amplia zona verde, 2 closets de linos, cuarto util, gimnasio, parqueadero cubierto para 3 carros y 6 descubiertos. Tiene un tercer piso que puede ser sala de estar o estudio y un mezanine muy grande.<br \/>\nPredial:<\/p>\n","protected":false},"excerpt":{"rendered":"Vendo casa alta Categor\u00eda La Calera remodelada parcialmente, cero ruido,...","protected":false},"author":4102,"featured_media":227433,"template":"","es_locations":[79,486,305],"es_categories":[124],"es_types":[115],"es_rent_periods":[],"es_labels":[],"es_statuses":[],"es_parkings":[],"es_roofs":[],"es_exterior_materials":[],"es_basements":[],"es_floor_coverings":[],"es_features":[2292,132,2212,2164,2145,2274,2146,2148,2331,151,2225,2196,136,2179,145,2216,2132,2272,2133,2181,2150,143,2136,144,2306,2151,2152,2204],"es_amenities":[2294,2186,2217,2187,2153,2278,2155,2157,2332,2270,2250,2197,2158,154,2160,156,2140,2273,158,2161,2290,2143,161,2289,2308,162,2162,2209],"es_neighborhoods":[],"es_tags":[],"class_list":["post-227430","properties","type-properties","status-publish","has-post-thumbnail","hentry","es_location-antioquia","es_location-la-florida","es_location-medellin","es_category-arriendo","es_type-casas","es_feature-acceso-pavimentado","es_feature-balcon","es_feature-bano-auxiliar","es_feature-bano-independiente","es_feature-calentador","es_feature-cocina-equipada","es_feature-cocina-integral","es_feature-colegios-universidades","es_feature-cuarto-de-servicio","es_feature-deposito-bodega","es_feature-despensa","es_feature-en-conjunto-cerrado","es_feature-estudio","es_feature-gimnasio","es_feature-instalacion-de-gas","es_feature-parqueadero-visitantes","es_feature-parques-cercanos","es_feature-piso-en-baldosa-marmol","es_feature-porteria-recepcion","es_feature-porteria-vigilancia","es_feature-supermercados-c-comerciales","es_feature-terraza","es_feature-trans-publico-cercano","es_feature-vista-panoramica","es_feature-zona-campestre","es_feature-zona-de-lavanderia","es_feature-zona-residencial","es_feature-zonas-verdes","es_amenity-acceso-pavimentado","es_amenity-balcon","es_amenity-bano-auxiliar","es_amenity-bano-independiente","es_amenity-calentador","es_amenity-cocina-equipada","es_amenity-cocina-integral","es_amenity-colegios-universidades","es_amenity-cuarto-de-servicio","es_amenity-deposito-bodega","es_amenity-despensa","es_amenity-en-conjunto-cerrado","es_amenity-estudio","es_amenity-gimnasio","es_amenity-instalacion-de-gas","es_amenity-parqueadero-visitantes","es_amenity-parques-cercanos","es_amenity-piso-en-baldosa-marmol","es_amenity-porteria-recepcion","es_amenity-supermercados-c-comerciales","es_amenity-terraza","es_amenity-trans-publico-cercano","es_amenity-vigilancia-24-7","es_amenity-vista-panoramica","es_amenity-zona-campestre","es_amenity-zona-de-lavanderia","es_amenity-zona-residencial","es_amenity-zonas-verdes","es-post-entity"],"_links":{"self":[{"href":"https:\/\/arriendo.com\/co\/wp-json\/wp\/v2\/properties\/227430","targetHints":{"allow":["GET"]}}],"collection":[{"href":"https:\/\/arriendo.com\/co\/wp-json\/wp\/v2\/properties"}],"about":[{"href":"https:\/\/arriendo.com\/co\/wp-json\/wp\/v2\/types\/properties"}],"author":[{"embeddable":true,"href":"https:\/\/arriendo.com\/co\/wp-json\/wp\/v2\/users\/4102"}],"version-history":[{"count":0,"href":"https:\/\/arriendo.com\/co\/wp-json\/wp\/v2\/properties\/227430\/revisions"}],"wp:featuredmedia":[{"embeddable":true,"href":"https:\/\/arriendo.com\/co\/wp-json\/wp\/v2\/media\/227433"}],"wp:attachment":[{"href":"https:\/\/arriendo.com\/co\/wp-json\/wp\/v2\/media?parent=227430"}],"wp:term":[{"taxonomy":"es_location","embeddable":true,"href":"https:\/\/arriendo.com\/co\/wp-json\/wp\/v2\/es_locations?post=227430"},{"taxonomy":"es_category","embeddable":true,"href":"https:\/\/arriendo.com\/co\/wp-json\/wp\/v2\/es_categories?post=227430"},{"taxonomy":"es_type","embeddable":true,"href":"https:\/\/arriendo.com\/co\/wp-json\/wp\/v2\/es_types?post=227430"},{"taxonomy":"es_rent_period","embeddable":true,"href":"https:\/\/arriendo.com\/co\/wp-json\/wp\/v2\/es_rent_periods?post=227430"},{"taxonomy":"es_label","embeddable":true,"href":"https:\/\/arriendo.com\/co\/wp-json\/wp\/v2\/es_labels?post=227430"},{"taxonomy":"es_status","embeddable":true,"href":"https:\/\/arriendo.com\/co\/wp-json\/wp\/v2\/es_statuses?post=227430"},{"taxonomy":"es_parking","embeddable":true,"href":"https:\/\/arriendo.com\/co\/wp-json\/wp\/v2\/es_parkings?post=227430"},{"taxonomy":"es_roof","embeddable":true,"href":"https:\/\/arriendo.com\/co\/wp-json\/wp\/v2\/es_roofs?post=227430"},{"taxonomy":"es_exterior_material","embeddable":true,"href":"https:\/\/arriendo.com\/co\/wp-json\/wp\/v2\/es_exterior_materials?post=227430"},{"taxonomy":"es_basement","embeddable":true,"href":"https:\/\/arriendo.com\/co\/wp-json\/wp\/v2\/es_basements?post=227430"},{"taxonomy":"es_floor_covering","embeddable":true,"href":"https:\/\/arriendo.com\/co\/wp-json\/wp\/v2\/es_floor_coverings?post=227430"},{"taxonomy":"es_feature","embeddable":true,"href":"https:\/\/arriendo.com\/co\/wp-json\/wp\/v2\/es_features?post=227430"},{"taxonomy":"es_amenity","embeddable":true,"href":"https:\/\/arriendo.com\/co\/wp-json\/wp\/v2\/es_amenities?post=227430"},{"taxonomy":"es_neighborhood","embeddable":true,"href":"https:\/\/arriendo.com\/co\/wp-json\/wp\/v2\/es_neighborhoods?post=227430"},{"taxonomy":"es_tag","embeddable":true,"href":"https:\/\/arriendo.com\/co\/wp-json\/wp\/v2\/es_tags?post=227430"}],"curies":[{"name":"wp","href":"https:\/\/api.w.org\/{rel}","templated":true}]}}

Casa en Arriendo en La Florida, Medellín

<p>Vendo casa alta Categoría La Calera remodelada parcialmente, cero ruido, zona muy tranquila, tiene un área de lote de 1500 M2 y construidos 800 M2, tiene<br />
4 habitaciones, todas con baño y vestier, cocina cerrada (se puede abrir), sala doble, comedor independiente, baño social, estar TV o biblioteca, terraza, amplia zona verde, 2 closets de linos, cuarto util, gimnasio, parqueadero cubierto para 3 carros y 6 descubiertos. Tiene un tercer piso que puede ser sala de estar o estudio y un mezanine muy grande.<br />
Predial:</p>

Vendo casa alta Categoría La Calera remodelada parcialmente, cero ruido,...
