{"id":226112,"date":"2026-01-23T07:53:25","date_gmt":"2026-01-23T12:53:25","guid":{"rendered":"https:\/\/arriendo.com\/co\/%es_type%\/%address_city%\/%neighborhood%\/bogota-usaquen-oficina-en-arriendo-en-52522f\/"},"modified":"2026-01-23T09:42:00","modified_gmt":"2026-01-23T14:42:00","slug":"ar-226112","status":"publish","type":"properties","link":"https:\/\/arriendo.com\/co\/oficinas\/bogota\/usaquen\/ar-226112\/","title":{"rendered":"Oficina en Arriendo en Usaquen, Bogot\u00e1"},"content":{"rendered":"<p>25-1699 Se Arrienda Oficina \/ Consultorio \/ Centro de Terapias. Ubicada en el coraz\u00f3n de Santa B\u00e1rbara Occidental, esta oficina de 110 m\u00b2 ofrece un espacio funcional y vers\u00e1til, ideal para diferentes tipos de actividades: oficinas corporativas, consultorios m\u00e9dicos, centro de terapias, pilates, agencias o startups. 4 espacios amplios y luminosos, 2 ba\u00f1os, Cocineta, 4 parqueaderos en l\u00ednea, Doble puerta (mayor independencia y facilidad de uso) Acceso para personas con movilidad reducida, Excelente iluminaci\u00f3n natural, Su ubicaci\u00f3n privilegiada, a pocos metros de Transmilenio y cerca de Unicentro, Carulla, CC Santa Barbara Drive, estaciones de gasolina, Restaurantes lo cual garantiza una alta conectividad comodidad para clientes y colaboradores, asi como facilidad a m\u00faltiples servicios. Ideal para empresas, consultorios, firmas de abogados que buscan un espacio c\u00f3modo y bien ubicado en la zona norte de Bogot\u00e1. LLAMA YA!!!!<\/p>\n","protected":false},"excerpt":{"rendered":"25-1699 Se Arrienda Oficina \/ Consultorio \/ Centro de Terapias....","protected":false},"author":4102,"featured_media":226115,"template":"","es_locations":[110,77,192],"es_categories":[124],"es_types":[116],"es_rent_periods":[],"es_labels":[],"es_statuses":[],"es_parkings":[],"es_roofs":[],"es_exterior_materials":[],"es_basements":[],"es_floor_coverings":[],"es_features":[2224,133,2302,2216,2132,2272,2134,2239,2136,2297,2152],"es_amenities":[2247,2154,2303,156,2140,2273,2141,2256,2143,2299,2162],"es_neighborhoods":[],"es_tags":[],"class_list":["post-226112","properties","type-properties","status-publish","has-post-thumbnail","hentry","es_location-bogota","es_location-bogota-d-c","es_location-usaquen","es_category-arriendo","es_type-oficinas","es_feature-cableado-de-red","es_feature-citofono","es_feature-cocineta","es_feature-parqueadero-visitantes","es_feature-parques-cercanos","es_feature-piso-en-baldosa-marmol","es_feature-servicios-publicos","es_feature-sobre-via-secundaria","es_feature-trans-publico-cercano","es_feature-ubicada-en-edificio","es_feature-zona-residencial","es_amenity-cableado-de-red","es_amenity-citofono","es_amenity-cocineta","es_amenity-parqueadero-visitantes","es_amenity-parques-cercanos","es_amenity-piso-en-baldosa-marmol","es_amenity-servicios-publicos","es_amenity-sobre-via-secundaria","es_amenity-trans-publico-cercano","es_amenity-ubicada-en-edificio","es_amenity-zona-residencial","es-post-entity"],"_links":{"self":[{"href":"https:\/\/arriendo.com\/co\/wp-json\/wp\/v2\/properties\/226112","targetHints":{"allow":["GET"]}}],"collection":[{"href":"https:\/\/arriendo.com\/co\/wp-json\/wp\/v2\/properties"}],"about":[{"href":"https:\/\/arriendo.com\/co\/wp-json\/wp\/v2\/types\/properties"}],"author":[{"embeddable":true,"href":"https:\/\/arriendo.com\/co\/wp-json\/wp\/v2\/users\/4102"}],"version-history":[{"count":0,"href":"https:\/\/arriendo.com\/co\/wp-json\/wp\/v2\/properties\/226112\/revisions"}],"wp:featuredmedia":[{"embeddable":true,"href":"https:\/\/arriendo.com\/co\/wp-json\/wp\/v2\/media\/226115"}],"wp:attachment":[{"href":"https:\/\/arriendo.com\/co\/wp-json\/wp\/v2\/media?parent=226112"}],"wp:term":[{"taxonomy":"es_location","embeddable":true,"href":"https:\/\/arriendo.com\/co\/wp-json\/wp\/v2\/es_locations?post=226112"},{"taxonomy":"es_category","embeddable":true,"href":"https:\/\/arriendo.com\/co\/wp-json\/wp\/v2\/es_categories?post=226112"},{"taxonomy":"es_type","embeddable":true,"href":"https:\/\/arriendo.com\/co\/wp-json\/wp\/v2\/es_types?post=226112"},{"taxonomy":"es_rent_period","embeddable":true,"href":"https:\/\/arriendo.com\/co\/wp-json\/wp\/v2\/es_rent_periods?post=226112"},{"taxonomy":"es_label","embeddable":true,"href":"https:\/\/arriendo.com\/co\/wp-json\/wp\/v2\/es_labels?post=226112"},{"taxonomy":"es_status","embeddable":true,"href":"https:\/\/arriendo.com\/co\/wp-json\/wp\/v2\/es_statuses?post=226112"},{"taxonomy":"es_parking","embeddable":true,"href":"https:\/\/arriendo.com\/co\/wp-json\/wp\/v2\/es_parkings?post=226112"},{"taxonomy":"es_roof","embeddable":true,"href":"https:\/\/arriendo.com\/co\/wp-json\/wp\/v2\/es_roofs?post=226112"},{"taxonomy":"es_exterior_material","embeddable":true,"href":"https:\/\/arriendo.com\/co\/wp-json\/wp\/v2\/es_exterior_materials?post=226112"},{"taxonomy":"es_basement","embeddable":true,"href":"https:\/\/arriendo.com\/co\/wp-json\/wp\/v2\/es_basements?post=226112"},{"taxonomy":"es_floor_covering","embeddable":true,"href":"https:\/\/arriendo.com\/co\/wp-json\/wp\/v2\/es_floor_coverings?post=226112"},{"taxonomy":"es_feature","embeddable":true,"href":"https:\/\/arriendo.com\/co\/wp-json\/wp\/v2\/es_features?post=226112"},{"taxonomy":"es_amenity","embeddable":true,"href":"https:\/\/arriendo.com\/co\/wp-json\/wp\/v2\/es_amenities?post=226112"},{"taxonomy":"es_neighborhood","embeddable":true,"href":"https:\/\/arriendo.com\/co\/wp-json\/wp\/v2\/es_neighborhoods?post=226112"},{"taxonomy":"es_tag","embeddable":true,"href":"https:\/\/arriendo.com\/co\/wp-json\/wp\/v2\/es_tags?post=226112"}],"curies":[{"name":"wp","href":"https:\/\/api.w.org\/{rel}","templated":true}]}}

Oficina en Arriendo en Usaquen, Bogotá

<p>25-1699 Se Arrienda Oficina / Consultorio / Centro de Terapias. Ubicada en el corazón de Santa Bárbara Occidental, esta oficina de 110 m² ofrece un espacio funcional y versátil, ideal para diferentes tipos de actividades: oficinas corporativas, consultorios médicos, centro de terapias, pilates, agencias o startups. 4 espacios amplios y luminosos, 2 baños, Cocineta, 4 parqueaderos en línea, Doble puerta (mayor independencia y facilidad de uso) Acceso para personas con movilidad reducida, Excelente iluminación natural, Su ubicación privilegiada, a pocos metros de Transmilenio y cerca de Unicentro, Carulla, CC Santa Barbara Drive, estaciones de gasolina, Restaurantes lo cual garantiza una alta conectividad comodidad para clientes y colaboradores, asi como facilidad a múltiples servicios. Ideal para empresas, consultorios, firmas de abogados que buscan un espacio cómodo y bien ubicado en la zona norte de Bogotá. LLAMA YA!!!!</p>
