{"id":224817,"date":"2026-01-22T15:32:25","date_gmt":"2026-01-22T20:32:25","guid":{"rendered":"https:\/\/arriendo.com\/co\/%es_type%\/%address_city%\/%neighborhood%\/medellin-belen-casa-en-arriendo-en-9a184b\/"},"modified":"2026-01-22T15:32:25","modified_gmt":"2026-01-22T20:32:25","slug":"ar-224817","status":"publish","type":"properties","link":"https:\/\/arriendo.com\/co\/casas\/medellin\/belen\/ar-224817\/","title":{"rendered":"Casa en Arriendo en Bel\u00e9n, Medell\u00edn"},"content":{"rendered":"<p>Se arrienda hermosa casa de tres niveles en el barrio Bel\u00e9n, cerca al parque, tres pisos, cuatro alcobas con closet, tres ba\u00f1os completos, sala-comedor, patio, cocina integral, parqueadero cubierto con domo, estrato 4, tiene calentador de agua, piso cer\u00e1mica zona de ropas amplia, cerca de supermercados, iglesia, entidades financieras, centros comerciales, etc.<\/p>\n","protected":false},"excerpt":{"rendered":"Se arrienda hermosa casa de tres niveles en el barrio...","protected":false},"author":7954,"featured_media":224820,"template":"","es_locations":[79,645,305],"es_categories":[124],"es_types":[115],"es_rent_periods":[],"es_labels":[],"es_statuses":[],"es_parkings":[],"es_roofs":[],"es_exterior_materials":[],"es_basements":[],"es_floor_coverings":[],"es_features":[2212,2145,2146,2148,145,2132,2220,2150,2136,2137,2151,2152],"es_amenities":[2217,2153,2155,2157,2160,2140,2221,2161,2143,2144,162,2162],"es_neighborhoods":[],"es_tags":[],"class_list":["post-224817","properties","type-properties","status-publish","has-post-thumbnail","hentry","es_location-antioquia","es_location-belen","es_location-medellin","es_category-arriendo","es_type-casas","es_feature-bano-auxiliar","es_feature-calentador","es_feature-cocina-integral","es_feature-colegios-universidades","es_feature-instalacion-de-gas","es_feature-parques-cercanos","es_feature-patio","es_feature-supermercados-c-comerciales","es_feature-trans-publico-cercano","es_feature-zona-comercial","es_feature-zona-de-lavanderia","es_feature-zona-residencial","es_amenity-bano-auxiliar","es_amenity-calentador","es_amenity-cocina-integral","es_amenity-colegios-universidades","es_amenity-instalacion-de-gas","es_amenity-parques-cercanos","es_amenity-patio","es_amenity-supermercados-c-comerciales","es_amenity-trans-publico-cercano","es_amenity-zona-comercial","es_amenity-zona-de-lavanderia","es_amenity-zona-residencial","es-post-entity"],"_links":{"self":[{"href":"https:\/\/arriendo.com\/co\/wp-json\/wp\/v2\/properties\/224817","targetHints":{"allow":["GET"]}}],"collection":[{"href":"https:\/\/arriendo.com\/co\/wp-json\/wp\/v2\/properties"}],"about":[{"href":"https:\/\/arriendo.com\/co\/wp-json\/wp\/v2\/types\/properties"}],"author":[{"embeddable":true,"href":"https:\/\/arriendo.com\/co\/wp-json\/wp\/v2\/users\/7954"}],"version-history":[{"count":0,"href":"https:\/\/arriendo.com\/co\/wp-json\/wp\/v2\/properties\/224817\/revisions"}],"wp:featuredmedia":[{"embeddable":true,"href":"https:\/\/arriendo.com\/co\/wp-json\/wp\/v2\/media\/224820"}],"wp:attachment":[{"href":"https:\/\/arriendo.com\/co\/wp-json\/wp\/v2\/media?parent=224817"}],"wp:term":[{"taxonomy":"es_location","embeddable":true,"href":"https:\/\/arriendo.com\/co\/wp-json\/wp\/v2\/es_locations?post=224817"},{"taxonomy":"es_category","embeddable":true,"href":"https:\/\/arriendo.com\/co\/wp-json\/wp\/v2\/es_categories?post=224817"},{"taxonomy":"es_type","embeddable":true,"href":"https:\/\/arriendo.com\/co\/wp-json\/wp\/v2\/es_types?post=224817"},{"taxonomy":"es_rent_period","embeddable":true,"href":"https:\/\/arriendo.com\/co\/wp-json\/wp\/v2\/es_rent_periods?post=224817"},{"taxonomy":"es_label","embeddable":true,"href":"https:\/\/arriendo.com\/co\/wp-json\/wp\/v2\/es_labels?post=224817"},{"taxonomy":"es_status","embeddable":true,"href":"https:\/\/arriendo.com\/co\/wp-json\/wp\/v2\/es_statuses?post=224817"},{"taxonomy":"es_parking","embeddable":true,"href":"https:\/\/arriendo.com\/co\/wp-json\/wp\/v2\/es_parkings?post=224817"},{"taxonomy":"es_roof","embeddable":true,"href":"https:\/\/arriendo.com\/co\/wp-json\/wp\/v2\/es_roofs?post=224817"},{"taxonomy":"es_exterior_material","embeddable":true,"href":"https:\/\/arriendo.com\/co\/wp-json\/wp\/v2\/es_exterior_materials?post=224817"},{"taxonomy":"es_basement","embeddable":true,"href":"https:\/\/arriendo.com\/co\/wp-json\/wp\/v2\/es_basements?post=224817"},{"taxonomy":"es_floor_covering","embeddable":true,"href":"https:\/\/arriendo.com\/co\/wp-json\/wp\/v2\/es_floor_coverings?post=224817"},{"taxonomy":"es_feature","embeddable":true,"href":"https:\/\/arriendo.com\/co\/wp-json\/wp\/v2\/es_features?post=224817"},{"taxonomy":"es_amenity","embeddable":true,"href":"https:\/\/arriendo.com\/co\/wp-json\/wp\/v2\/es_amenities?post=224817"},{"taxonomy":"es_neighborhood","embeddable":true,"href":"https:\/\/arriendo.com\/co\/wp-json\/wp\/v2\/es_neighborhoods?post=224817"},{"taxonomy":"es_tag","embeddable":true,"href":"https:\/\/arriendo.com\/co\/wp-json\/wp\/v2\/es_tags?post=224817"}],"curies":[{"name":"wp","href":"https:\/\/api.w.org\/{rel}","templated":true}]}}

Casa en Arriendo en Belén, Medellín

<p>Se arrienda hermosa casa de tres niveles en el barrio Belén, cerca al parque, tres pisos, cuatro alcobas con closet, tres baños completos, sala-comedor, patio, cocina integral, parqueadero cubierto con domo, estrato 4, tiene calentador de agua, piso cerámica zona de ropas amplia, cerca de supermercados, iglesia, entidades financieras, centros comerciales, etc.</p>
