{"id":224783,"date":"2026-01-22T15:28:24","date_gmt":"2026-01-22T20:28:24","guid":{"rendered":"https:\/\/arriendo.com\/co\/%es_type%\/%address_city%\/%neighborhood%\/medellin-laureles-oficina-en-arriendo-en-89a9f3\/"},"modified":"2026-01-22T15:28:24","modified_gmt":"2026-01-22T20:28:24","slug":"ar-224783","status":"publish","type":"properties","link":"https:\/\/arriendo.com\/co\/oficinas\/medellin\/laureles\/ar-224783\/","title":{"rendered":"Oficina en Arriendo en Laureles, Medell\u00edn"},"content":{"rendered":"<p>Hermosa oficina para arrendar con un \u00e1rea de 60 m\u00b2 en Suramericana Medell\u00edn, especial para consultorio u oficinas, tres oficinas independientes, puede improvisarse otras en el sal\u00f3n de recepci\u00f3n que es muy amplio, un ba\u00f1o, afuera y para uso de la oficina dos ba\u00f1os m\u00e1s, cuarto de archivo y cocineta.<\/p>\n","protected":false},"excerpt":{"rendered":"Hermosa oficina para arrendar con un \u00e1rea de 60 m\u00b2...","protected":false},"author":7954,"featured_media":224786,"template":"","es_locations":[79,311,305],"es_categories":[124],"es_types":[116],"es_rent_periods":[],"es_labels":[],"es_statuses":[],"es_parkings":[],"es_roofs":[],"es_exterior_materials":[],"es_basements":[],"es_floor_coverings":[],"es_features":[2130,2328,2224,2302,2216,2132,2133,2134,2239,2136,2137,2152],"es_amenities":[2138,2330,2247,2303,156,2140,158,2141,2256,2143,2144,2162],"es_neighborhoods":[],"es_tags":[],"class_list":["post-224783","properties","type-properties","status-publish","has-post-thumbnail","hentry","es_location-antioquia","es_location-laureles","es_location-medellin","es_category-arriendo","es_type-oficinas","es_feature-banos-comunales","es_feature-banos-mixtos","es_feature-cableado-de-red","es_feature-cocineta","es_feature-parqueadero-visitantes","es_feature-parques-cercanos","es_feature-porteria-recepcion","es_feature-servicios-publicos","es_feature-sobre-via-secundaria","es_feature-trans-publico-cercano","es_feature-zona-comercial","es_feature-zona-residencial","es_amenity-banos-comunales","es_amenity-banos-mixtos","es_amenity-cableado-de-red","es_amenity-cocineta","es_amenity-parqueadero-visitantes","es_amenity-parques-cercanos","es_amenity-porteria-recepcion","es_amenity-servicios-publicos","es_amenity-sobre-via-secundaria","es_amenity-trans-publico-cercano","es_amenity-zona-comercial","es_amenity-zona-residencial","es-post-entity"],"_links":{"self":[{"href":"https:\/\/arriendo.com\/co\/wp-json\/wp\/v2\/properties\/224783","targetHints":{"allow":["GET"]}}],"collection":[{"href":"https:\/\/arriendo.com\/co\/wp-json\/wp\/v2\/properties"}],"about":[{"href":"https:\/\/arriendo.com\/co\/wp-json\/wp\/v2\/types\/properties"}],"author":[{"embeddable":true,"href":"https:\/\/arriendo.com\/co\/wp-json\/wp\/v2\/users\/7954"}],"version-history":[{"count":0,"href":"https:\/\/arriendo.com\/co\/wp-json\/wp\/v2\/properties\/224783\/revisions"}],"wp:featuredmedia":[{"embeddable":true,"href":"https:\/\/arriendo.com\/co\/wp-json\/wp\/v2\/media\/224786"}],"wp:attachment":[{"href":"https:\/\/arriendo.com\/co\/wp-json\/wp\/v2\/media?parent=224783"}],"wp:term":[{"taxonomy":"es_location","embeddable":true,"href":"https:\/\/arriendo.com\/co\/wp-json\/wp\/v2\/es_locations?post=224783"},{"taxonomy":"es_category","embeddable":true,"href":"https:\/\/arriendo.com\/co\/wp-json\/wp\/v2\/es_categories?post=224783"},{"taxonomy":"es_type","embeddable":true,"href":"https:\/\/arriendo.com\/co\/wp-json\/wp\/v2\/es_types?post=224783"},{"taxonomy":"es_rent_period","embeddable":true,"href":"https:\/\/arriendo.com\/co\/wp-json\/wp\/v2\/es_rent_periods?post=224783"},{"taxonomy":"es_label","embeddable":true,"href":"https:\/\/arriendo.com\/co\/wp-json\/wp\/v2\/es_labels?post=224783"},{"taxonomy":"es_status","embeddable":true,"href":"https:\/\/arriendo.com\/co\/wp-json\/wp\/v2\/es_statuses?post=224783"},{"taxonomy":"es_parking","embeddable":true,"href":"https:\/\/arriendo.com\/co\/wp-json\/wp\/v2\/es_parkings?post=224783"},{"taxonomy":"es_roof","embeddable":true,"href":"https:\/\/arriendo.com\/co\/wp-json\/wp\/v2\/es_roofs?post=224783"},{"taxonomy":"es_exterior_material","embeddable":true,"href":"https:\/\/arriendo.com\/co\/wp-json\/wp\/v2\/es_exterior_materials?post=224783"},{"taxonomy":"es_basement","embeddable":true,"href":"https:\/\/arriendo.com\/co\/wp-json\/wp\/v2\/es_basements?post=224783"},{"taxonomy":"es_floor_covering","embeddable":true,"href":"https:\/\/arriendo.com\/co\/wp-json\/wp\/v2\/es_floor_coverings?post=224783"},{"taxonomy":"es_feature","embeddable":true,"href":"https:\/\/arriendo.com\/co\/wp-json\/wp\/v2\/es_features?post=224783"},{"taxonomy":"es_amenity","embeddable":true,"href":"https:\/\/arriendo.com\/co\/wp-json\/wp\/v2\/es_amenities?post=224783"},{"taxonomy":"es_neighborhood","embeddable":true,"href":"https:\/\/arriendo.com\/co\/wp-json\/wp\/v2\/es_neighborhoods?post=224783"},{"taxonomy":"es_tag","embeddable":true,"href":"https:\/\/arriendo.com\/co\/wp-json\/wp\/v2\/es_tags?post=224783"}],"curies":[{"name":"wp","href":"https:\/\/api.w.org\/{rel}","templated":true}]}}

Oficina en Arriendo en Laureles, Medellín

<p>Hermosa oficina para arrendar con un área de 60 m² en Suramericana Medellín, especial para consultorio u oficinas, tres oficinas independientes, puede improvisarse otras en el salón de recepción que es muy amplio, un baño, afuera y para uso de la oficina dos baños más, cuarto de archivo y cocineta.</p>

Hermosa oficina para arrendar con un área de 60 m²...
