{"id":224767,"date":"2026-01-22T15:26:38","date_gmt":"2026-01-22T20:26:38","guid":{"rendered":"https:\/\/arriendo.com\/co\/%es_type%\/%address_city%\/%neighborhood%\/medellin-belen-los-alpes-local-en-arriendo-en-e278e8\/"},"modified":"2026-01-22T15:26:38","modified_gmt":"2026-01-22T20:26:38","slug":"ar-224767","status":"publish","type":"properties","link":"https:\/\/arriendo.com\/co\/locales\/medellin\/belen-los-alpes\/ar-224767\/","title":{"rendered":"Local en Arriendo en Bel\u00e9n Los Alpes, Medell\u00edn"},"content":{"rendered":"<p>Local en arriendo bien ubicado en calle principal, donde pasan gran flujo de personas constantemente, cuenta un tama\u00f1o 30 m\u00b2 con 1 ba\u00f1o, poceta.<br \/>\nInformaci\u00f3n interesar para el cliente , a 10 metros esta la Estaci\u00f3n Metro Plus ,  6 o 7 cuadras de distancia  queda ubicado Universidad Medell\u00edn, a 2 cuadras Centro Comercial los molinos . Honestamente bien ubicados si buscan demanda o muchas personas vena tu negocio.<\/p>\n","protected":false},"excerpt":{"rendered":"Local en arriendo bien ubicado en calle principal, donde pasan...","protected":false},"author":7954,"featured_media":224770,"template":"","es_locations":[79,1487,305],"es_categories":[124],"es_types":[117],"es_rent_periods":[],"es_labels":[],"es_statuses":[],"es_parkings":[],"es_roofs":[],"es_exterior_materials":[],"es_basements":[],"es_floor_coverings":[],"es_features":[151,2201,2455,2132,2488,2135,2137,2152],"es_amenities":[2270,2206,2457,2140,2489,2142,2144,2162],"es_neighborhoods":[],"es_tags":[],"class_list":["post-224767","properties","type-properties","status-publish","has-post-thumbnail","hentry","es_location-antioquia","es_location-belen-los-alpes","es_location-medellin","es_category-arriendo","es_type-locales","es_feature-deposito-bodega","es_feature-en-zona-comercial","es_feature-local-interior","es_feature-parques-cercanos","es_feature-pasaje-comercial","es_feature-sobre-via-principal","es_feature-zona-comercial","es_feature-zona-residencial","es_amenity-deposito-bodega","es_amenity-en-zona-comercial","es_amenity-local-interior","es_amenity-parques-cercanos","es_amenity-pasaje-comercial","es_amenity-sobre-via-principal","es_amenity-zona-comercial","es_amenity-zona-residencial","es-post-entity"],"_links":{"self":[{"href":"https:\/\/arriendo.com\/co\/wp-json\/wp\/v2\/properties\/224767","targetHints":{"allow":["GET"]}}],"collection":[{"href":"https:\/\/arriendo.com\/co\/wp-json\/wp\/v2\/properties"}],"about":[{"href":"https:\/\/arriendo.com\/co\/wp-json\/wp\/v2\/types\/properties"}],"author":[{"embeddable":true,"href":"https:\/\/arriendo.com\/co\/wp-json\/wp\/v2\/users\/7954"}],"version-history":[{"count":0,"href":"https:\/\/arriendo.com\/co\/wp-json\/wp\/v2\/properties\/224767\/revisions"}],"wp:featuredmedia":[{"embeddable":true,"href":"https:\/\/arriendo.com\/co\/wp-json\/wp\/v2\/media\/224770"}],"wp:attachment":[{"href":"https:\/\/arriendo.com\/co\/wp-json\/wp\/v2\/media?parent=224767"}],"wp:term":[{"taxonomy":"es_location","embeddable":true,"href":"https:\/\/arriendo.com\/co\/wp-json\/wp\/v2\/es_locations?post=224767"},{"taxonomy":"es_category","embeddable":true,"href":"https:\/\/arriendo.com\/co\/wp-json\/wp\/v2\/es_categories?post=224767"},{"taxonomy":"es_type","embeddable":true,"href":"https:\/\/arriendo.com\/co\/wp-json\/wp\/v2\/es_types?post=224767"},{"taxonomy":"es_rent_period","embeddable":true,"href":"https:\/\/arriendo.com\/co\/wp-json\/wp\/v2\/es_rent_periods?post=224767"},{"taxonomy":"es_label","embeddable":true,"href":"https:\/\/arriendo.com\/co\/wp-json\/wp\/v2\/es_labels?post=224767"},{"taxonomy":"es_status","embeddable":true,"href":"https:\/\/arriendo.com\/co\/wp-json\/wp\/v2\/es_statuses?post=224767"},{"taxonomy":"es_parking","embeddable":true,"href":"https:\/\/arriendo.com\/co\/wp-json\/wp\/v2\/es_parkings?post=224767"},{"taxonomy":"es_roof","embeddable":true,"href":"https:\/\/arriendo.com\/co\/wp-json\/wp\/v2\/es_roofs?post=224767"},{"taxonomy":"es_exterior_material","embeddable":true,"href":"https:\/\/arriendo.com\/co\/wp-json\/wp\/v2\/es_exterior_materials?post=224767"},{"taxonomy":"es_basement","embeddable":true,"href":"https:\/\/arriendo.com\/co\/wp-json\/wp\/v2\/es_basements?post=224767"},{"taxonomy":"es_floor_covering","embeddable":true,"href":"https:\/\/arriendo.com\/co\/wp-json\/wp\/v2\/es_floor_coverings?post=224767"},{"taxonomy":"es_feature","embeddable":true,"href":"https:\/\/arriendo.com\/co\/wp-json\/wp\/v2\/es_features?post=224767"},{"taxonomy":"es_amenity","embeddable":true,"href":"https:\/\/arriendo.com\/co\/wp-json\/wp\/v2\/es_amenities?post=224767"},{"taxonomy":"es_neighborhood","embeddable":true,"href":"https:\/\/arriendo.com\/co\/wp-json\/wp\/v2\/es_neighborhoods?post=224767"},{"taxonomy":"es_tag","embeddable":true,"href":"https:\/\/arriendo.com\/co\/wp-json\/wp\/v2\/es_tags?post=224767"}],"curies":[{"name":"wp","href":"https:\/\/api.w.org\/{rel}","templated":true}]}}

Local en Arriendo en Belén Los Alpes, Medellín

<p>Local en arriendo bien ubicado en calle principal, donde pasan gran flujo de personas constantemente, cuenta un tamaño 30 m² con 1 baño, poceta.<br />
Información interesar para el cliente , a 10 metros esta la Estación Metro Plus ,  6 o 7 cuadras de distancia  queda ubicado Universidad Medellín, a 2 cuadras Centro Comercial los molinos . Honestamente bien ubicados si buscan demanda o muchas personas vena tu negocio.</p>
