{"id":224307,"date":"2026-01-22T14:41:32","date_gmt":"2026-01-22T19:41:32","guid":{"rendered":"https:\/\/arriendo.com\/co\/%es_type%\/%address_city%\/%neighborhood%\/manizales-altos-del-capri-apartamento-en-arriendo-en-c2a7d6\/"},"modified":"2026-01-22T14:41:32","modified_gmt":"2026-01-22T19:41:32","slug":"ar-224307","status":"publish","type":"properties","link":"https:\/\/arriendo.com\/co\/apartamentos\/manizales\/altos-del-capri\/ar-224307\/","title":{"rendered":"Apartamento en Arriendo en Altos del capri, Manizales"},"content":{"rendered":"<p>En Manizales por el sector de palo negro, Apartamento en casa, primer piso en Altos de Capri, con terminados actuales de 1 alcoba y estudio, iluminado y ventilado, cocina integral, gas domiciliario, un ba\u00f1o con divisi\u00f3n, pisos en porcelanato, pintura blanca para dar mayor iluminaci\u00f3n y sensaci\u00f3n de amplitud. Excelente transporte p\u00fablico, a tan solo 10 minutos del centro de la ciudad.<\/p>\n","protected":false},"excerpt":{"rendered":"En Manizales por el sector de palo negro, Apartamento en...","protected":false},"author":6368,"featured_media":224310,"template":"","es_locations":[2699,84,340],"es_categories":[124],"es_types":[114],"es_rent_periods":[],"es_labels":[],"es_statuses":[],"es_parkings":[],"es_roofs":[],"es_exterior_materials":[],"es_basements":[],"es_floor_coverings":[],"es_features":[2145,2146,2148,145,2132,2272,2150,2136,2152],"es_amenities":[2153,2155,2157,2160,2140,2273,2161,2143,2162],"es_neighborhoods":[],"es_tags":[],"class_list":["post-224307","properties","type-properties","status-publish","has-post-thumbnail","hentry","es_location-altos-del-capri","es_location-caldas","es_location-manizales","es_category-arriendo","es_type-apartamentos","es_feature-calentador","es_feature-cocina-integral","es_feature-colegios-universidades","es_feature-instalacion-de-gas","es_feature-parques-cercanos","es_feature-piso-en-baldosa-marmol","es_feature-supermercados-c-comerciales","es_feature-trans-publico-cercano","es_feature-zona-residencial","es_amenity-calentador","es_amenity-cocina-integral","es_amenity-colegios-universidades","es_amenity-instalacion-de-gas","es_amenity-parques-cercanos","es_amenity-piso-en-baldosa-marmol","es_amenity-supermercados-c-comerciales","es_amenity-trans-publico-cercano","es_amenity-zona-residencial","es-post-entity"],"_links":{"self":[{"href":"https:\/\/arriendo.com\/co\/wp-json\/wp\/v2\/properties\/224307","targetHints":{"allow":["GET"]}}],"collection":[{"href":"https:\/\/arriendo.com\/co\/wp-json\/wp\/v2\/properties"}],"about":[{"href":"https:\/\/arriendo.com\/co\/wp-json\/wp\/v2\/types\/properties"}],"author":[{"embeddable":true,"href":"https:\/\/arriendo.com\/co\/wp-json\/wp\/v2\/users\/6368"}],"version-history":[{"count":0,"href":"https:\/\/arriendo.com\/co\/wp-json\/wp\/v2\/properties\/224307\/revisions"}],"wp:featuredmedia":[{"embeddable":true,"href":"https:\/\/arriendo.com\/co\/wp-json\/wp\/v2\/media\/224310"}],"wp:attachment":[{"href":"https:\/\/arriendo.com\/co\/wp-json\/wp\/v2\/media?parent=224307"}],"wp:term":[{"taxonomy":"es_location","embeddable":true,"href":"https:\/\/arriendo.com\/co\/wp-json\/wp\/v2\/es_locations?post=224307"},{"taxonomy":"es_category","embeddable":true,"href":"https:\/\/arriendo.com\/co\/wp-json\/wp\/v2\/es_categories?post=224307"},{"taxonomy":"es_type","embeddable":true,"href":"https:\/\/arriendo.com\/co\/wp-json\/wp\/v2\/es_types?post=224307"},{"taxonomy":"es_rent_period","embeddable":true,"href":"https:\/\/arriendo.com\/co\/wp-json\/wp\/v2\/es_rent_periods?post=224307"},{"taxonomy":"es_label","embeddable":true,"href":"https:\/\/arriendo.com\/co\/wp-json\/wp\/v2\/es_labels?post=224307"},{"taxonomy":"es_status","embeddable":true,"href":"https:\/\/arriendo.com\/co\/wp-json\/wp\/v2\/es_statuses?post=224307"},{"taxonomy":"es_parking","embeddable":true,"href":"https:\/\/arriendo.com\/co\/wp-json\/wp\/v2\/es_parkings?post=224307"},{"taxonomy":"es_roof","embeddable":true,"href":"https:\/\/arriendo.com\/co\/wp-json\/wp\/v2\/es_roofs?post=224307"},{"taxonomy":"es_exterior_material","embeddable":true,"href":"https:\/\/arriendo.com\/co\/wp-json\/wp\/v2\/es_exterior_materials?post=224307"},{"taxonomy":"es_basement","embeddable":true,"href":"https:\/\/arriendo.com\/co\/wp-json\/wp\/v2\/es_basements?post=224307"},{"taxonomy":"es_floor_covering","embeddable":true,"href":"https:\/\/arriendo.com\/co\/wp-json\/wp\/v2\/es_floor_coverings?post=224307"},{"taxonomy":"es_feature","embeddable":true,"href":"https:\/\/arriendo.com\/co\/wp-json\/wp\/v2\/es_features?post=224307"},{"taxonomy":"es_amenity","embeddable":true,"href":"https:\/\/arriendo.com\/co\/wp-json\/wp\/v2\/es_amenities?post=224307"},{"taxonomy":"es_neighborhood","embeddable":true,"href":"https:\/\/arriendo.com\/co\/wp-json\/wp\/v2\/es_neighborhoods?post=224307"},{"taxonomy":"es_tag","embeddable":true,"href":"https:\/\/arriendo.com\/co\/wp-json\/wp\/v2\/es_tags?post=224307"}],"curies":[{"name":"wp","href":"https:\/\/api.w.org\/{rel}","templated":true}]}}

<p>En Manizales por el sector de palo negro, Apartamento en casa, primer piso en Altos de Capri, con terminados actuales de 1 alcoba y estudio, iluminado y ventilado, cocina integral, gas domiciliario, un baño con división, pisos en porcelanato, pintura blanca para dar mayor iluminación y sensación de amplitud. Excelente transporte público, a tan solo 10 minutos del centro de la ciudad.</p>
