{"id":224293,"date":"2026-01-22T14:39:30","date_gmt":"2026-01-22T19:39:30","guid":{"rendered":"https:\/\/arriendo.com\/co\/%es_type%\/%address_city%\/%neighborhood%\/bogota-chapinero-norte-oficina-en-arriendo-en-2a4565\/"},"modified":"2026-01-22T14:39:30","modified_gmt":"2026-01-22T19:39:30","slug":"ar-224293","status":"publish","type":"properties","link":"https:\/\/arriendo.com\/co\/oficinas\/bogota\/chapinero-norte\/ar-224293\/","title":{"rendered":"Oficina en Arriendo en Chapinero norte, Bogot\u00e1"},"content":{"rendered":"<p>Arriendo o vendo oficina de 48 m, con espacios ideales para oficinas o consultorios. Cuenta con cocineta, dos ba\u00f1os y excelente iluminaci\u00f3n natural. Ubicada en una exclusiva zona de Bogot\u00e1, cerca de centros comerciales, universidades y con f\u00e1cil acceso por la Carrera 15, la Autopista Norte y estaciones de TransMilenio. Inmueble con valorizaci\u00f3n asegurada, ideal para inversi\u00f3n o para establecer tu negocio en una zona estrat\u00e9gica. 203-194<\/p>\n","protected":false},"excerpt":{"rendered":"Arriendo o vendo oficina de 48 m, con espacios ideales...","protected":false},"author":7675,"featured_media":224296,"template":"","es_locations":[110,77,2698],"es_categories":[124],"es_types":[116],"es_rent_periods":[],"es_labels":[],"es_statuses":[],"es_parkings":[],"es_roofs":[],"es_exterior_materials":[],"es_basements":[],"es_floor_coverings":[],"es_features":[131,2130,2328,133,2302,2213,2226,2178,2216,2272,2133,2134,2135,2239,2136,2137],"es_amenities":[152,2138,2330,2154,2303,2218,2251,2193,156,2273,158,2141,2142,2256,2143,2144],"es_neighborhoods":[],"es_tags":[],"class_list":["post-224293","properties","type-properties","status-publish","has-post-thumbnail","hentry","es_location-bogota","es_location-bogota-d-c","es_location-chapinero-norte","es_category-arriendo","es_type-oficinas","es_feature-ascensor","es_feature-banos-comunales","es_feature-banos-mixtos","es_feature-citofono","es_feature-cocineta","es_feature-comedor","es_feature-escalera-de-emergencia","es_feature-garaje-cubierto","es_feature-parqueadero-visitantes","es_feature-piso-en-baldosa-marmol","es_feature-porteria-recepcion","es_feature-servicios-publicos","es_feature-sobre-via-principal","es_feature-sobre-via-secundaria","es_feature-trans-publico-cercano","es_feature-zona-comercial","es_amenity-ascensor-privado","es_amenity-banos-comunales","es_amenity-banos-mixtos","es_amenity-citofono","es_amenity-cocineta","es_amenity-comedor","es_amenity-escalera-de-emergencia","es_amenity-garaje-cubierto","es_amenity-parqueadero-visitantes","es_amenity-piso-en-baldosa-marmol","es_amenity-porteria-recepcion","es_amenity-servicios-publicos","es_amenity-sobre-via-principal","es_amenity-sobre-via-secundaria","es_amenity-trans-publico-cercano","es_amenity-zona-comercial","es-post-entity"],"_links":{"self":[{"href":"https:\/\/arriendo.com\/co\/wp-json\/wp\/v2\/properties\/224293","targetHints":{"allow":["GET"]}}],"collection":[{"href":"https:\/\/arriendo.com\/co\/wp-json\/wp\/v2\/properties"}],"about":[{"href":"https:\/\/arriendo.com\/co\/wp-json\/wp\/v2\/types\/properties"}],"author":[{"embeddable":true,"href":"https:\/\/arriendo.com\/co\/wp-json\/wp\/v2\/users\/7675"}],"version-history":[{"count":0,"href":"https:\/\/arriendo.com\/co\/wp-json\/wp\/v2\/properties\/224293\/revisions"}],"wp:featuredmedia":[{"embeddable":true,"href":"https:\/\/arriendo.com\/co\/wp-json\/wp\/v2\/media\/224296"}],"wp:attachment":[{"href":"https:\/\/arriendo.com\/co\/wp-json\/wp\/v2\/media?parent=224293"}],"wp:term":[{"taxonomy":"es_location","embeddable":true,"href":"https:\/\/arriendo.com\/co\/wp-json\/wp\/v2\/es_locations?post=224293"},{"taxonomy":"es_category","embeddable":true,"href":"https:\/\/arriendo.com\/co\/wp-json\/wp\/v2\/es_categories?post=224293"},{"taxonomy":"es_type","embeddable":true,"href":"https:\/\/arriendo.com\/co\/wp-json\/wp\/v2\/es_types?post=224293"},{"taxonomy":"es_rent_period","embeddable":true,"href":"https:\/\/arriendo.com\/co\/wp-json\/wp\/v2\/es_rent_periods?post=224293"},{"taxonomy":"es_label","embeddable":true,"href":"https:\/\/arriendo.com\/co\/wp-json\/wp\/v2\/es_labels?post=224293"},{"taxonomy":"es_status","embeddable":true,"href":"https:\/\/arriendo.com\/co\/wp-json\/wp\/v2\/es_statuses?post=224293"},{"taxonomy":"es_parking","embeddable":true,"href":"https:\/\/arriendo.com\/co\/wp-json\/wp\/v2\/es_parkings?post=224293"},{"taxonomy":"es_roof","embeddable":true,"href":"https:\/\/arriendo.com\/co\/wp-json\/wp\/v2\/es_roofs?post=224293"},{"taxonomy":"es_exterior_material","embeddable":true,"href":"https:\/\/arriendo.com\/co\/wp-json\/wp\/v2\/es_exterior_materials?post=224293"},{"taxonomy":"es_basement","embeddable":true,"href":"https:\/\/arriendo.com\/co\/wp-json\/wp\/v2\/es_basements?post=224293"},{"taxonomy":"es_floor_covering","embeddable":true,"href":"https:\/\/arriendo.com\/co\/wp-json\/wp\/v2\/es_floor_coverings?post=224293"},{"taxonomy":"es_feature","embeddable":true,"href":"https:\/\/arriendo.com\/co\/wp-json\/wp\/v2\/es_features?post=224293"},{"taxonomy":"es_amenity","embeddable":true,"href":"https:\/\/arriendo.com\/co\/wp-json\/wp\/v2\/es_amenities?post=224293"},{"taxonomy":"es_neighborhood","embeddable":true,"href":"https:\/\/arriendo.com\/co\/wp-json\/wp\/v2\/es_neighborhoods?post=224293"},{"taxonomy":"es_tag","embeddable":true,"href":"https:\/\/arriendo.com\/co\/wp-json\/wp\/v2\/es_tags?post=224293"}],"curies":[{"name":"wp","href":"https:\/\/api.w.org\/{rel}","templated":true}]}}

Oficina en Arriendo en Chapinero norte, Bogotá

<p>Arriendo o vendo oficina de 48 m, con espacios ideales para oficinas o consultorios. Cuenta con cocineta, dos baños y excelente iluminación natural. Ubicada en una exclusiva zona de Bogotá, cerca de centros comerciales, universidades y con fácil acceso por la Carrera 15, la Autopista Norte y estaciones de TransMilenio. Inmueble con valorización asegurada, ideal para inversión o para establecer tu negocio en una zona estratégica. 203-194</p>
