{"id":224260,"date":"2026-01-22T14:36:24","date_gmt":"2026-01-22T19:36:24","guid":{"rendered":"https:\/\/arriendo.com\/co\/%es_type%\/%address_city%\/%neighborhood%\/bogota-el-charco-apartamento-en-arriendo-en-8468d6\/"},"modified":"2026-01-22T14:36:24","modified_gmt":"2026-01-22T19:36:24","slug":"ar-224260","status":"publish","type":"properties","link":"https:\/\/arriendo.com\/co\/apartamentos\/bogota\/el-charco\/ar-224260\/","title":{"rendered":"Apartamento en Arriendo en El charco, Bogot\u00e1"},"content":{"rendered":"<p>Se arrienda apartamento que consta de 2 habitaciones, 1 ba\u00f1o, sala comedor, zona de lavander\u00eda, cocina integral y balc\u00f3n con vista panor\u00e1mica.El apartamento cuenta con excelentes acabados, lo que garantiza una experiencia de confort y calidad.Ubicado en la direcci\u00f3n Carrera 116A 15C-70, Conjunto Reserva de Fontib\u00f3n, Piso 17.El conjunto residencial ofrece ascensores, cancha de f\u00fatbol, gimnasio y seguridad 24 horas. Adem\u00e1s, se encuentra estrat\u00e9gicamente cerca del transporte p\u00fablico, facilitando su movilidad. 203-235<\/p>\n","protected":false},"excerpt":{"rendered":"Se arrienda apartamento que consta de 2 habitaciones, 1 ba\u00f1o,...","protected":false},"author":7675,"featured_media":224263,"template":"","es_locations":[110,77,2326],"es_categories":[124],"es_types":[114],"es_rent_periods":[],"es_labels":[],"es_statuses":[],"es_parkings":[],"es_roofs":[],"es_exterior_materials":[],"es_basements":[],"es_floor_coverings":[],"es_features":[131,132,2263,2145,2131,133,2146,2149,2179,145,2272,2133,2181,2182,144,2151,2185,2152],"es_amenities":[152,2186,2269,2153,2139,2154,2155,2159,154,2160,2273,158,159,161,2289,162,2173,2162],"es_neighborhoods":[],"es_tags":[],"class_list":["post-224260","properties","type-properties","status-publish","has-post-thumbnail","hentry","es_location-bogota","es_location-bogota-d-c","es_location-el-charco","es_category-arriendo","es_type-apartamentos","es_feature-ascensor","es_feature-balcon","es_feature-barra-estilo-americano","es_feature-calentador","es_feature-circuito-cerrado-de-tv","es_feature-citofono","es_feature-cocina-integral","es_feature-garajes","es_feature-gimnasio","es_feature-instalacion-de-gas","es_feature-piso-en-baldosa-marmol","es_feature-porteria-recepcion","es_feature-porteria-vigilancia","es_feature-salon-comunal","es_feature-vista-panoramica","es_feature-zona-de-lavanderia","es_feature-zona-infantil","es_feature-zona-residencial","es_amenity-ascensor-privado","es_amenity-balcon","es_amenity-barra-estilo-americano","es_amenity-calentador","es_amenity-circuito-cerrado-de-tv","es_amenity-citofono","es_amenity-cocina-integral","es_amenity-garajes","es_amenity-gimnasio","es_amenity-instalacion-de-gas","es_amenity-piso-en-baldosa-marmol","es_amenity-porteria-recepcion","es_amenity-salon-comunal","es_amenity-vigilancia-24-7","es_amenity-vista-panoramica","es_amenity-zona-de-lavanderia","es_amenity-zona-infantil","es_amenity-zona-residencial","es-post-entity"],"_links":{"self":[{"href":"https:\/\/arriendo.com\/co\/wp-json\/wp\/v2\/properties\/224260","targetHints":{"allow":["GET"]}}],"collection":[{"href":"https:\/\/arriendo.com\/co\/wp-json\/wp\/v2\/properties"}],"about":[{"href":"https:\/\/arriendo.com\/co\/wp-json\/wp\/v2\/types\/properties"}],"author":[{"embeddable":true,"href":"https:\/\/arriendo.com\/co\/wp-json\/wp\/v2\/users\/7675"}],"version-history":[{"count":0,"href":"https:\/\/arriendo.com\/co\/wp-json\/wp\/v2\/properties\/224260\/revisions"}],"wp:featuredmedia":[{"embeddable":true,"href":"https:\/\/arriendo.com\/co\/wp-json\/wp\/v2\/media\/224263"}],"wp:attachment":[{"href":"https:\/\/arriendo.com\/co\/wp-json\/wp\/v2\/media?parent=224260"}],"wp:term":[{"taxonomy":"es_location","embeddable":true,"href":"https:\/\/arriendo.com\/co\/wp-json\/wp\/v2\/es_locations?post=224260"},{"taxonomy":"es_category","embeddable":true,"href":"https:\/\/arriendo.com\/co\/wp-json\/wp\/v2\/es_categories?post=224260"},{"taxonomy":"es_type","embeddable":true,"href":"https:\/\/arriendo.com\/co\/wp-json\/wp\/v2\/es_types?post=224260"},{"taxonomy":"es_rent_period","embeddable":true,"href":"https:\/\/arriendo.com\/co\/wp-json\/wp\/v2\/es_rent_periods?post=224260"},{"taxonomy":"es_label","embeddable":true,"href":"https:\/\/arriendo.com\/co\/wp-json\/wp\/v2\/es_labels?post=224260"},{"taxonomy":"es_status","embeddable":true,"href":"https:\/\/arriendo.com\/co\/wp-json\/wp\/v2\/es_statuses?post=224260"},{"taxonomy":"es_parking","embeddable":true,"href":"https:\/\/arriendo.com\/co\/wp-json\/wp\/v2\/es_parkings?post=224260"},{"taxonomy":"es_roof","embeddable":true,"href":"https:\/\/arriendo.com\/co\/wp-json\/wp\/v2\/es_roofs?post=224260"},{"taxonomy":"es_exterior_material","embeddable":true,"href":"https:\/\/arriendo.com\/co\/wp-json\/wp\/v2\/es_exterior_materials?post=224260"},{"taxonomy":"es_basement","embeddable":true,"href":"https:\/\/arriendo.com\/co\/wp-json\/wp\/v2\/es_basements?post=224260"},{"taxonomy":"es_floor_covering","embeddable":true,"href":"https:\/\/arriendo.com\/co\/wp-json\/wp\/v2\/es_floor_coverings?post=224260"},{"taxonomy":"es_feature","embeddable":true,"href":"https:\/\/arriendo.com\/co\/wp-json\/wp\/v2\/es_features?post=224260"},{"taxonomy":"es_amenity","embeddable":true,"href":"https:\/\/arriendo.com\/co\/wp-json\/wp\/v2\/es_amenities?post=224260"},{"taxonomy":"es_neighborhood","embeddable":true,"href":"https:\/\/arriendo.com\/co\/wp-json\/wp\/v2\/es_neighborhoods?post=224260"},{"taxonomy":"es_tag","embeddable":true,"href":"https:\/\/arriendo.com\/co\/wp-json\/wp\/v2\/es_tags?post=224260"}],"curies":[{"name":"wp","href":"https:\/\/api.w.org\/{rel}","templated":true}]}}

Apartamento en Arriendo en El charco, Bogotá

<p>Se arrienda apartamento que consta de 2 habitaciones, 1 baño, sala comedor, zona de lavandería, cocina integral y balcón con vista panorámica.El apartamento cuenta con excelentes acabados, lo que garantiza una experiencia de confort y calidad.Ubicado en la dirección Carrera 116A 15C-70, Conjunto Reserva de Fontibón, Piso 17.El conjunto residencial ofrece ascensores, cancha de fútbol, gimnasio y seguridad 24 horas. Además, se encuentra estratégicamente cerca del transporte público, facilitando su movilidad. 203-235</p>

Se arrienda apartamento que consta de 2 habitaciones, 1 baño,...
