{"id":223668,"date":"2026-01-22T13:31:24","date_gmt":"2026-01-22T18:31:24","guid":{"rendered":"https:\/\/arriendo.com\/co\/%es_type%\/%address_city%\/%neighborhood%\/cali-san-antonio-local-en-arriendo-en-c50c76\/"},"modified":"2026-01-22T13:31:24","modified_gmt":"2026-01-22T18:31:24","slug":"ar-223668","status":"publish","type":"properties","link":"https:\/\/arriendo.com\/co\/locales\/cali\/san-antonio\/ar-223668\/","title":{"rendered":"Local en Arriendo en San antonio, Cali"},"content":{"rendered":"<p>Excepcional local\/oficina en alquiler, estrat\u00e9gicamente ubicado sobre v\u00eda principal en la codiciada zona oeste de la ciudad. Este espacio de 225 m\u00b2 distribuidos en dos niveles ofrece una oportunidad inigualable para su negocio. Cuenta con dos amplios espacios abiertos, ideales para adaptar a sus necesidades espec\u00edficas, y dos oficinas privadas que brindan privacidad y funcionalidad. La propiedad dispone de aire acondicionado central para un confort \u00f3ptimo y un garaje con capacidad para dos veh\u00edculos, garantizando comodidad y seguridad. Su entrada independiente asegura exclusividad y f\u00e1cil acceso, consolidando esta propiedad como la elecci\u00f3n perfecta para establecer o expandir su empresa en una ubicaci\u00f3n de prestigio.<\/p>\n","protected":false},"excerpt":{"rendered":"Excepcional local\/oficina en alquiler, estrat\u00e9gicamente ubicado sobre v\u00eda principal en...","protected":false},"author":3924,"featured_media":223671,"template":"","es_locations":[179,818],"es_categories":[124],"es_types":[117],"es_rent_periods":[],"es_labels":[],"es_statuses":[],"es_parkings":[],"es_roofs":[],"es_exterior_materials":[],"es_basements":[],"es_floor_coverings":[],"es_features":[149,2131,2302,151,2296,2132,2272,2365,2181,2135,2228,2241,2242,2137,2152],"es_amenities":[2329,2139,2303,2270,2298,2140,2273,2366,2142,2258,161,2259,2260,2144,2162],"es_neighborhoods":[],"es_tags":[],"class_list":["post-223668","properties","type-properties","status-publish","has-post-thumbnail","hentry","es_location-cali","es_location-san-antonio","es_category-arriendo","es_type-locales","es_feature-aire-acondicionado","es_feature-circuito-cerrado-de-tv","es_feature-cocineta","es_feature-deposito-bodega","es_feature-en-edificio","es_feature-parques-cercanos","es_feature-piso-en-baldosa-marmol","es_feature-planta-electrica","es_feature-porteria-vigilancia","es_feature-sobre-via-principal","es_feature-ventilacion-natural","es_feature-vigilancia-24x7","es_feature-vigilancia-privada-247","es_feature-zona-comercial","es_feature-zona-residencial","es_amenity-aire-acondicionado","es_amenity-circuito-cerrado-de-tv","es_amenity-cocineta","es_amenity-deposito-bodega","es_amenity-en-edificio","es_amenity-parques-cercanos","es_amenity-piso-en-baldosa-marmol","es_amenity-planta-electrica","es_amenity-sobre-via-principal","es_amenity-ventilacion-natural","es_amenity-vigilancia-24-7","es_amenity-vigilancia-24x7","es_amenity-vigilancia-privada-247","es_amenity-zona-comercial","es_amenity-zona-residencial","es-post-entity"],"_links":{"self":[{"href":"https:\/\/arriendo.com\/co\/wp-json\/wp\/v2\/properties\/223668","targetHints":{"allow":["GET"]}}],"collection":[{"href":"https:\/\/arriendo.com\/co\/wp-json\/wp\/v2\/properties"}],"about":[{"href":"https:\/\/arriendo.com\/co\/wp-json\/wp\/v2\/types\/properties"}],"author":[{"embeddable":true,"href":"https:\/\/arriendo.com\/co\/wp-json\/wp\/v2\/users\/3924"}],"version-history":[{"count":0,"href":"https:\/\/arriendo.com\/co\/wp-json\/wp\/v2\/properties\/223668\/revisions"}],"wp:featuredmedia":[{"embeddable":true,"href":"https:\/\/arriendo.com\/co\/wp-json\/wp\/v2\/media\/223671"}],"wp:attachment":[{"href":"https:\/\/arriendo.com\/co\/wp-json\/wp\/v2\/media?parent=223668"}],"wp:term":[{"taxonomy":"es_location","embeddable":true,"href":"https:\/\/arriendo.com\/co\/wp-json\/wp\/v2\/es_locations?post=223668"},{"taxonomy":"es_category","embeddable":true,"href":"https:\/\/arriendo.com\/co\/wp-json\/wp\/v2\/es_categories?post=223668"},{"taxonomy":"es_type","embeddable":true,"href":"https:\/\/arriendo.com\/co\/wp-json\/wp\/v2\/es_types?post=223668"},{"taxonomy":"es_rent_period","embeddable":true,"href":"https:\/\/arriendo.com\/co\/wp-json\/wp\/v2\/es_rent_periods?post=223668"},{"taxonomy":"es_label","embeddable":true,"href":"https:\/\/arriendo.com\/co\/wp-json\/wp\/v2\/es_labels?post=223668"},{"taxonomy":"es_status","embeddable":true,"href":"https:\/\/arriendo.com\/co\/wp-json\/wp\/v2\/es_statuses?post=223668"},{"taxonomy":"es_parking","embeddable":true,"href":"https:\/\/arriendo.com\/co\/wp-json\/wp\/v2\/es_parkings?post=223668"},{"taxonomy":"es_roof","embeddable":true,"href":"https:\/\/arriendo.com\/co\/wp-json\/wp\/v2\/es_roofs?post=223668"},{"taxonomy":"es_exterior_material","embeddable":true,"href":"https:\/\/arriendo.com\/co\/wp-json\/wp\/v2\/es_exterior_materials?post=223668"},{"taxonomy":"es_basement","embeddable":true,"href":"https:\/\/arriendo.com\/co\/wp-json\/wp\/v2\/es_basements?post=223668"},{"taxonomy":"es_floor_covering","embeddable":true,"href":"https:\/\/arriendo.com\/co\/wp-json\/wp\/v2\/es_floor_coverings?post=223668"},{"taxonomy":"es_feature","embeddable":true,"href":"https:\/\/arriendo.com\/co\/wp-json\/wp\/v2\/es_features?post=223668"},{"taxonomy":"es_amenity","embeddable":true,"href":"https:\/\/arriendo.com\/co\/wp-json\/wp\/v2\/es_amenities?post=223668"},{"taxonomy":"es_neighborhood","embeddable":true,"href":"https:\/\/arriendo.com\/co\/wp-json\/wp\/v2\/es_neighborhoods?post=223668"},{"taxonomy":"es_tag","embeddable":true,"href":"https:\/\/arriendo.com\/co\/wp-json\/wp\/v2\/es_tags?post=223668"}],"curies":[{"name":"wp","href":"https:\/\/api.w.org\/{rel}","templated":true}]}}

<p>Excepcional local/oficina en alquiler, estratégicamente ubicado sobre vía principal en la codiciada zona oeste de la ciudad. Este espacio de 225 m² distribuidos en dos niveles ofrece una oportunidad inigualable para su negocio. Cuenta con dos amplios espacios abiertos, ideales para adaptar a sus necesidades específicas, y dos oficinas privadas que brindan privacidad y funcionalidad. La propiedad dispone de aire acondicionado central para un confort óptimo y un garaje con capacidad para dos vehículos, garantizando comodidad y seguridad. Su entrada independiente asegura exclusividad y fácil acceso, consolidando esta propiedad como la elección perfecta para establecer o expandir su empresa en una ubicación de prestigio.</p>

Excepcional local/oficina en alquiler, estratégicamente ubicado sobre vía principal en...
