{"id":223088,"date":"2026-01-22T12:38:40","date_gmt":"2026-01-22T17:38:40","guid":{"rendered":"https:\/\/arriendo.com\/co\/%es_type%\/%address_city%\/%neighborhood%\/ibague-picalena-y-mirolindo-apartamento-en-arriendo-en-052ac5\/"},"modified":"2026-01-22T12:38:40","modified_gmt":"2026-01-22T17:38:40","slug":"ar-223088","status":"publish","type":"properties","link":"https:\/\/arriendo.com\/co\/apartamentos\/ibague\/picalena-y-mirolindo\/ar-223088\/","title":{"rendered":"Apartamento en Arriendo en Picale\u00f1a y Mirolindo, Ibagu\u00e9"},"content":{"rendered":"<p>HERMOSO Y AMPLIO APARTAMENTO CONJUNTO IBAGU\u00c9 EN ARRIENDO. \u00c1REA TOTAL: 90 m2 (Ascensor doble &#8211; parqueadero privado + deposito grande Ambos Subterr\u00e1neos). Apartamento con buenos acabados y excelente distribuci\u00f3n, cuenta en total con tres (3) Habitaciones grandes con closet, sala con Puerta balc\u00f3n estilo franc\u00e9s y comedor, cocina semi-integral, zona de lavander\u00eda anexa, espacio para condicionar Estudio-Oficina Abierto, dos (2) ba\u00f1os con ducha, puerta y cuenta con amplios y luminosos espacios. El conjunto cuenta con ascensor doble, espectaculares piscinas adultos y ni\u00f1os, sal\u00f3n de eventos, sala de cine, sal\u00f3n de negocios, sal\u00f3n de juegos para ni\u00f1os, muro de escalar, parque infantil, Abundante vegetaci\u00f3n (senderos caminables techados con zonas verdes y \u00e1rboles), Zonas BBQ, dep\u00f3sito para basuras, parqueadero privado cubierto y para visitantes, dep\u00f3sitos, porter\u00eda tipo lobby hotel y vigilancia privada las 24 horas con v\u00eddeo-c\u00e1maras de seguridad, Porter\u00eda secundaria con bah\u00edas de parqueo, Estrato 4, Administraci\u00f3n $270.000; Excelente inversi\u00f3n y zona Alta Valorizaci\u00f3n. PRECIO ARRIENDO: $2&#8217;500.000 M (INCLUIDA ADMINISTRACI\u00d3N). Contactar directamente Mediante Llamadas y\/o Mensajes de WhatsApp.<\/p>\n","protected":false},"excerpt":{"rendered":"HERMOSO Y AMPLIO APARTAMENTO CONJUNTO IBAGU\u00c9 EN ARRIENDO. \u00c1REA TOTAL:...","protected":false},"author":7317,"featured_media":223091,"template":"","es_locations":[337,2686,106],"es_categories":[124],"es_types":[114],"es_rent_periods":[],"es_labels":[],"es_statuses":[],"es_parkings":[],"es_roofs":[],"es_exterior_materials":[],"es_basements":[],"es_floor_coverings":[],"es_features":[150,2262,131,2212,2263,2145,2211,2131,133,2146,2148,2312,2490,2331,151,2196,136,2149,2282,145,2203,2368,2370,2216,2132,2180,2272,2365,2133,2181,2380,2182,2183,2135,2150,143,2136,144,2437,2376,2306,2137,2151,2300,2185,2152,2204],"es_amenities":[2387,2267,152,2217,2269,2153,2210,2139,2154,2155,2157,2314,2491,2332,2270,2197,2158,2159,2287,2160,2208,2369,2371,156,2140,157,2273,2366,158,2383,159,2170,2142,2161,2290,2143,161,2289,2438,2377,2308,2144,162,2301,2173,2162,2209],"es_neighborhoods":[],"es_tags":[],"class_list":["post-223088","properties","type-properties","status-publish","has-post-thumbnail","hentry","es_location-ibague","es_location-picalena-y-mirolindo","es_location-tolima","es_category-arriendo","es_type-apartamentos","es_feature-alarma","es_feature-amoblado","es_feature-ascensor","es_feature-bano-auxiliar","es_feature-barra-estilo-americano","es_feature-calentador","es_feature-canchas-deportivas","es_feature-circuito-cerrado-de-tv","es_feature-citofono","es_feature-cocina-integral","es_feature-colegios-universidades","es_feature-comedor-auxiliar","es_feature-cuarto-de-escoltas","es_feature-cuarto-de-servicio","es_feature-deposito-bodega","es_feature-en-conjunto-cerrado","es_feature-estudio","es_feature-garajes","es_feature-hall-de-alcobas","es_feature-instalacion-de-gas","es_feature-jardines-exteriores","es_feature-loft","es_feature-oficina-de-negocios","es_feature-parqueadero-visitantes","es_feature-parques-cercanos","es_feature-piscina","es_feature-piso-en-baldosa-marmol","es_feature-planta-electrica","es_feature-porteria-recepcion","es_feature-porteria-vigilancia","es_feature-sala-de-internet","es_feature-salon-comunal","es_feature-salon-de-juegos","es_feature-sobre-via-principal","es_feature-supermercados-c-comerciales","es_feature-terraza","es_feature-trans-publico-cercano","es_feature-vista-panoramica","es_feature-vivienda-bifamiliar","es_feature-vivienda-multifamiliar","es_feature-zona-campestre","es_feature-zona-comercial","es_feature-zona-de-lavanderia","es_feature-zona-industrial","es_feature-zona-infantil","es_feature-zona-residencial","es_feature-zonas-verdes","es_amenity-alarma","es_amenity-amoblado","es_amenity-ascensor-privado","es_amenity-bano-auxiliar","es_amenity-barra-estilo-americano","es_amenity-calentador","es_amenity-canchas-deportivas","es_amenity-circuito-cerrado-de-tv","es_amenity-citofono","es_amenity-cocina-integral","es_amenity-colegios-universidades","es_amenity-comedor-auxiliar","es_amenity-cuarto-de-escoltas","es_amenity-cuarto-de-servicio","es_amenity-deposito-bodega","es_amenity-en-conjunto-cerrado","es_amenity-estudio","es_amenity-garajes","es_amenity-hall-de-alcobas","es_amenity-instalacion-de-gas","es_amenity-jardines-exteriores","es_amenity-loft","es_amenity-oficina-de-negocios","es_amenity-parqueadero-visitantes","es_amenity-parques-cercanos","es_amenity-piscina","es_amenity-piso-en-baldosa-marmol","es_amenity-planta-electrica","es_amenity-porteria-recepcion","es_amenity-sala-de-internet","es_amenity-salon-comunal","es_amenity-salon-de-juegos","es_amenity-sobre-via-principal","es_amenity-supermercados-c-comerciales","es_amenity-terraza","es_amenity-trans-publico-cercano","es_amenity-vigilancia-24-7","es_amenity-vista-panoramica","es_amenity-vivienda-bifamiliar","es_amenity-vivienda-multifamiliar","es_amenity-zona-campestre","es_amenity-zona-comercial","es_amenity-zona-de-lavanderia","es_amenity-zona-industrial","es_amenity-zona-infantil","es_amenity-zona-residencial","es_amenity-zonas-verdes","es-post-entity"],"_links":{"self":[{"href":"https:\/\/arriendo.com\/co\/wp-json\/wp\/v2\/properties\/223088","targetHints":{"allow":["GET"]}}],"collection":[{"href":"https:\/\/arriendo.com\/co\/wp-json\/wp\/v2\/properties"}],"about":[{"href":"https:\/\/arriendo.com\/co\/wp-json\/wp\/v2\/types\/properties"}],"author":[{"embeddable":true,"href":"https:\/\/arriendo.com\/co\/wp-json\/wp\/v2\/users\/7317"}],"version-history":[{"count":0,"href":"https:\/\/arriendo.com\/co\/wp-json\/wp\/v2\/properties\/223088\/revisions"}],"wp:featuredmedia":[{"embeddable":true,"href":"https:\/\/arriendo.com\/co\/wp-json\/wp\/v2\/media\/223091"}],"wp:attachment":[{"href":"https:\/\/arriendo.com\/co\/wp-json\/wp\/v2\/media?parent=223088"}],"wp:term":[{"taxonomy":"es_location","embeddable":true,"href":"https:\/\/arriendo.com\/co\/wp-json\/wp\/v2\/es_locations?post=223088"},{"taxonomy":"es_category","embeddable":true,"href":"https:\/\/arriendo.com\/co\/wp-json\/wp\/v2\/es_categories?post=223088"},{"taxonomy":"es_type","embeddable":true,"href":"https:\/\/arriendo.com\/co\/wp-json\/wp\/v2\/es_types?post=223088"},{"taxonomy":"es_rent_period","embeddable":true,"href":"https:\/\/arriendo.com\/co\/wp-json\/wp\/v2\/es_rent_periods?post=223088"},{"taxonomy":"es_label","embeddable":true,"href":"https:\/\/arriendo.com\/co\/wp-json\/wp\/v2\/es_labels?post=223088"},{"taxonomy":"es_status","embeddable":true,"href":"https:\/\/arriendo.com\/co\/wp-json\/wp\/v2\/es_statuses?post=223088"},{"taxonomy":"es_parking","embeddable":true,"href":"https:\/\/arriendo.com\/co\/wp-json\/wp\/v2\/es_parkings?post=223088"},{"taxonomy":"es_roof","embeddable":true,"href":"https:\/\/arriendo.com\/co\/wp-json\/wp\/v2\/es_roofs?post=223088"},{"taxonomy":"es_exterior_material","embeddable":true,"href":"https:\/\/arriendo.com\/co\/wp-json\/wp\/v2\/es_exterior_materials?post=223088"},{"taxonomy":"es_basement","embeddable":true,"href":"https:\/\/arriendo.com\/co\/wp-json\/wp\/v2\/es_basements?post=223088"},{"taxonomy":"es_floor_covering","embeddable":true,"href":"https:\/\/arriendo.com\/co\/wp-json\/wp\/v2\/es_floor_coverings?post=223088"},{"taxonomy":"es_feature","embeddable":true,"href":"https:\/\/arriendo.com\/co\/wp-json\/wp\/v2\/es_features?post=223088"},{"taxonomy":"es_amenity","embeddable":true,"href":"https:\/\/arriendo.com\/co\/wp-json\/wp\/v2\/es_amenities?post=223088"},{"taxonomy":"es_neighborhood","embeddable":true,"href":"https:\/\/arriendo.com\/co\/wp-json\/wp\/v2\/es_neighborhoods?post=223088"},{"taxonomy":"es_tag","embeddable":true,"href":"https:\/\/arriendo.com\/co\/wp-json\/wp\/v2\/es_tags?post=223088"}],"curies":[{"name":"wp","href":"https:\/\/api.w.org\/{rel}","templated":true}]}}

Apartamento en Arriendo en Picaleña y Mirolindo, Ibagué

<p>HERMOSO Y AMPLIO APARTAMENTO CONJUNTO IBAGUÉ EN ARRIENDO. ÁREA TOTAL: 90 m2 (Ascensor doble &#8211; parqueadero privado + deposito grande Ambos Subterráneos). Apartamento con buenos acabados y excelente distribución, cuenta en total con tres (3) Habitaciones grandes con closet, sala con Puerta balcón estilo francés y comedor, cocina semi-integral, zona de lavandería anexa, espacio para condicionar Estudio-Oficina Abierto, dos (2) baños con ducha, puerta y cuenta con amplios y luminosos espacios. El conjunto cuenta con ascensor doble, espectaculares piscinas adultos y niños, salón de eventos, sala de cine, salón de negocios, salón de juegos para niños, muro de escalar, parque infantil, Abundante vegetación (senderos caminables techados con zonas verdes y árboles), Zonas BBQ, depósito para basuras, parqueadero privado cubierto y para visitantes, depósitos, portería tipo lobby hotel y vigilancia privada las 24 horas con vídeo-cámaras de seguridad, Portería secundaria con bahías de parqueo, Estrato 4, Administración $270.000; Excelente inversión y zona Alta Valorización. PRECIO ARRIENDO: $2&#8217;500.000 M (INCLUIDA ADMINISTRACIÓN). Contactar directamente Mediante Llamadas y/o Mensajes de WhatsApp.</p>

HERMOSO Y AMPLIO APARTAMENTO CONJUNTO IBAGUÉ EN ARRIENDO. ÁREA TOTAL:...
