{"id":223053,"date":"2026-01-22T12:34:47","date_gmt":"2026-01-22T17:34:47","guid":{"rendered":"https:\/\/arriendo.com\/co\/%es_type%\/%address_city%\/%neighborhood%\/ibague-prados-del-norte-apartaestudio-en-arriendo-en-7e58e1\/"},"modified":"2026-01-22T12:34:48","modified_gmt":"2026-01-22T17:34:48","slug":"ar-223053","status":"publish","type":"properties","link":"https:\/\/arriendo.com\/co\/apartaestudios\/ibague\/prados-del-norte\/ar-223053\/","title":{"rendered":"Apartaestudio en Arriendo en Prados del norte, Ibagu\u00e9"},"content":{"rendered":"<p>HERMOSO Y AMPLIO APARTA-ESTUDIO &#8220;AMOBLADO&#8221; CONJUNTO IBAGU\u00c9 EN ARRIENDO &#8211; M\u00cdNIMO UN MES EN ADELANTE (TEMPORADA DE DICIEMBRE). \u00c1REA TOTAL: 60 m2 (Ascensor doble &#8211; Parqueadero Privado Subterr\u00e1neo + Deposito). Aparta-Estudio con buenos acabados y excelente distribuci\u00f3n, cuenta (1) Habitaci\u00f3n grande con ba\u00f1o privado y closet, sala-comedor con balc\u00f3n amplio, cocina semi-integral, zona de lavander\u00eda anexa con lavadora-secadora, y cuenta con amplios y luminosos espacios. El conjunto cuenta con ascensor doble, sal\u00f3n de eventos, sal\u00f3n de negocios, sal\u00f3n de juegos para ni\u00f1os, parque infantil, dep\u00f3sito para basuras, parqueadero privado cubierto y para visitantes, dep\u00f3sitos, porter\u00eda tipo lobby hotel y vigilancia privada las 24 horas con v\u00eddeo-c\u00e1maras de seguridad. Estrato 4, Administraci\u00f3n $300.000; Excelente inversi\u00f3n y zona Alta Valorizaci\u00f3n. PRECIO ARRIENDO (AMOBLADO): $2&#8217;300.000 M (INCLUIDA ADMINISTRACI\u00d3N). NOTA: El Apto se Arrienda Minimo un mes (Temporada de Diciembre) y de ah\u00ed en adelante&#8230;El canon incluye Administraci\u00f3n y los servicios p\u00fablicos de agua, gas y luz&#8230;y se pide un dep\u00f3sito-dinero que se devuelve inmediatamente a la entrega del Apto. CONTACTAR DIRECTAMENTE LLAMADA y\/o WHATSAPP.<\/p>\n","protected":false},"excerpt":{"rendered":"HERMOSO Y AMPLIO APARTA-ESTUDIO &#8220;AMOBLADO&#8221; CONJUNTO IBAGU\u00c9 EN ARRIENDO &#8211;...","protected":false},"author":7317,"featured_media":223056,"template":"","es_locations":[337,358,106],"es_categories":[124],"es_types":[299],"es_rent_periods":[],"es_labels":[],"es_statuses":[],"es_parkings":[],"es_roofs":[],"es_exterior_materials":[],"es_basements":[],"es_floor_coverings":[],"es_features":[2262,131,132,2263,2145,2211,2131,133,2146,2147,2148,151,2196,2149,2179,145,2203,2370,2216,2132,2272,2365,2133,2181,2380,2182,2183,2135,2150,2136,144,2437,2306,2137,2151,2185,2152],"es_amenities":[2267,152,2186,2269,2153,2210,2139,2154,2155,2156,2157,2270,2197,2159,154,2160,2208,2371,156,2140,2273,2366,158,2383,159,2170,2142,2161,2143,161,2289,2438,2308,2144,162,2173,2162],"es_neighborhoods":[],"es_tags":[],"class_list":["post-223053","properties","type-properties","status-publish","has-post-thumbnail","hentry","es_location-ibague","es_location-prados-del-norte","es_location-tolima","es_category-arriendo","es_type-apartaestudios","es_feature-amoblado","es_feature-ascensor","es_feature-balcon","es_feature-barra-estilo-americano","es_feature-calentador","es_feature-canchas-deportivas","es_feature-circuito-cerrado-de-tv","es_feature-citofono","es_feature-cocina-integral","es_feature-cocina-tipo-americano","es_feature-colegios-universidades","es_feature-deposito-bodega","es_feature-en-conjunto-cerrado","es_feature-garajes","es_feature-gimnasio","es_feature-instalacion-de-gas","es_feature-jardines-exteriores","es_feature-oficina-de-negocios","es_feature-parqueadero-visitantes","es_feature-parques-cercanos","es_feature-piso-en-baldosa-marmol","es_feature-planta-electrica","es_feature-porteria-recepcion","es_feature-porteria-vigilancia","es_feature-sala-de-internet","es_feature-salon-comunal","es_feature-salon-de-juegos","es_feature-sobre-via-principal","es_feature-supermercados-c-comerciales","es_feature-trans-publico-cercano","es_feature-vista-panoramica","es_feature-vivienda-bifamiliar","es_feature-zona-campestre","es_feature-zona-comercial","es_feature-zona-de-lavanderia","es_feature-zona-infantil","es_feature-zona-residencial","es_amenity-amoblado","es_amenity-ascensor-privado","es_amenity-balcon","es_amenity-barra-estilo-americano","es_amenity-calentador","es_amenity-canchas-deportivas","es_amenity-circuito-cerrado-de-tv","es_amenity-citofono","es_amenity-cocina-integral","es_amenity-cocina-tipo-americano","es_amenity-colegios-universidades","es_amenity-deposito-bodega","es_amenity-en-conjunto-cerrado","es_amenity-garajes","es_amenity-gimnasio","es_amenity-instalacion-de-gas","es_amenity-jardines-exteriores","es_amenity-oficina-de-negocios","es_amenity-parqueadero-visitantes","es_amenity-parques-cercanos","es_amenity-piso-en-baldosa-marmol","es_amenity-planta-electrica","es_amenity-porteria-recepcion","es_amenity-sala-de-internet","es_amenity-salon-comunal","es_amenity-salon-de-juegos","es_amenity-sobre-via-principal","es_amenity-supermercados-c-comerciales","es_amenity-trans-publico-cercano","es_amenity-vigilancia-24-7","es_amenity-vista-panoramica","es_amenity-vivienda-bifamiliar","es_amenity-zona-campestre","es_amenity-zona-comercial","es_amenity-zona-de-lavanderia","es_amenity-zona-infantil","es_amenity-zona-residencial","es-post-entity"],"_links":{"self":[{"href":"https:\/\/arriendo.com\/co\/wp-json\/wp\/v2\/properties\/223053","targetHints":{"allow":["GET"]}}],"collection":[{"href":"https:\/\/arriendo.com\/co\/wp-json\/wp\/v2\/properties"}],"about":[{"href":"https:\/\/arriendo.com\/co\/wp-json\/wp\/v2\/types\/properties"}],"author":[{"embeddable":true,"href":"https:\/\/arriendo.com\/co\/wp-json\/wp\/v2\/users\/7317"}],"version-history":[{"count":0,"href":"https:\/\/arriendo.com\/co\/wp-json\/wp\/v2\/properties\/223053\/revisions"}],"wp:featuredmedia":[{"embeddable":true,"href":"https:\/\/arriendo.com\/co\/wp-json\/wp\/v2\/media\/223056"}],"wp:attachment":[{"href":"https:\/\/arriendo.com\/co\/wp-json\/wp\/v2\/media?parent=223053"}],"wp:term":[{"taxonomy":"es_location","embeddable":true,"href":"https:\/\/arriendo.com\/co\/wp-json\/wp\/v2\/es_locations?post=223053"},{"taxonomy":"es_category","embeddable":true,"href":"https:\/\/arriendo.com\/co\/wp-json\/wp\/v2\/es_categories?post=223053"},{"taxonomy":"es_type","embeddable":true,"href":"https:\/\/arriendo.com\/co\/wp-json\/wp\/v2\/es_types?post=223053"},{"taxonomy":"es_rent_period","embeddable":true,"href":"https:\/\/arriendo.com\/co\/wp-json\/wp\/v2\/es_rent_periods?post=223053"},{"taxonomy":"es_label","embeddable":true,"href":"https:\/\/arriendo.com\/co\/wp-json\/wp\/v2\/es_labels?post=223053"},{"taxonomy":"es_status","embeddable":true,"href":"https:\/\/arriendo.com\/co\/wp-json\/wp\/v2\/es_statuses?post=223053"},{"taxonomy":"es_parking","embeddable":true,"href":"https:\/\/arriendo.com\/co\/wp-json\/wp\/v2\/es_parkings?post=223053"},{"taxonomy":"es_roof","embeddable":true,"href":"https:\/\/arriendo.com\/co\/wp-json\/wp\/v2\/es_roofs?post=223053"},{"taxonomy":"es_exterior_material","embeddable":true,"href":"https:\/\/arriendo.com\/co\/wp-json\/wp\/v2\/es_exterior_materials?post=223053"},{"taxonomy":"es_basement","embeddable":true,"href":"https:\/\/arriendo.com\/co\/wp-json\/wp\/v2\/es_basements?post=223053"},{"taxonomy":"es_floor_covering","embeddable":true,"href":"https:\/\/arriendo.com\/co\/wp-json\/wp\/v2\/es_floor_coverings?post=223053"},{"taxonomy":"es_feature","embeddable":true,"href":"https:\/\/arriendo.com\/co\/wp-json\/wp\/v2\/es_features?post=223053"},{"taxonomy":"es_amenity","embeddable":true,"href":"https:\/\/arriendo.com\/co\/wp-json\/wp\/v2\/es_amenities?post=223053"},{"taxonomy":"es_neighborhood","embeddable":true,"href":"https:\/\/arriendo.com\/co\/wp-json\/wp\/v2\/es_neighborhoods?post=223053"},{"taxonomy":"es_tag","embeddable":true,"href":"https:\/\/arriendo.com\/co\/wp-json\/wp\/v2\/es_tags?post=223053"}],"curies":[{"name":"wp","href":"https:\/\/api.w.org\/{rel}","templated":true}]}}

Apartaestudio en Arriendo en Prados del norte, Ibagué

<p>HERMOSO Y AMPLIO APARTA-ESTUDIO &#8220;AMOBLADO&#8221; CONJUNTO IBAGUÉ EN ARRIENDO &#8211; MÍNIMO UN MES EN ADELANTE (TEMPORADA DE DICIEMBRE). ÁREA TOTAL: 60 m2 (Ascensor doble &#8211; Parqueadero Privado Subterráneo + Deposito). Aparta-Estudio con buenos acabados y excelente distribución, cuenta (1) Habitación grande con baño privado y closet, sala-comedor con balcón amplio, cocina semi-integral, zona de lavandería anexa con lavadora-secadora, y cuenta con amplios y luminosos espacios. El conjunto cuenta con ascensor doble, salón de eventos, salón de negocios, salón de juegos para niños, parque infantil, depósito para basuras, parqueadero privado cubierto y para visitantes, depósitos, portería tipo lobby hotel y vigilancia privada las 24 horas con vídeo-cámaras de seguridad. Estrato 4, Administración $300.000; Excelente inversión y zona Alta Valorización. PRECIO ARRIENDO (AMOBLADO): $2&#8217;300.000 M (INCLUIDA ADMINISTRACIÓN). NOTA: El Apto se Arrienda Minimo un mes (Temporada de Diciembre) y de ahí en adelante&#8230;El canon incluye Administración y los servicios públicos de agua, gas y luz&#8230;y se pide un depósito-dinero que se devuelve inmediatamente a la entrega del Apto. CONTACTAR DIRECTAMENTE LLAMADA y/o WHATSAPP.</p>

HERMOSO Y AMPLIO APARTA-ESTUDIO &#8220;AMOBLADO&#8221; CONJUNTO IBAGUÉ EN ARRIENDO &#8211;...
