{"id":222613,"date":"2026-01-22T11:55:24","date_gmt":"2026-01-22T16:55:24","guid":{"rendered":"https:\/\/arriendo.com\/co\/%es_type%\/%address_city%\/%neighborhood%\/bogota-chico-navarra-local-en-arriendo-en-cef6e0\/"},"modified":"2026-01-22T11:55:25","modified_gmt":"2026-01-22T16:55:25","slug":"ar-222613","status":"publish","type":"properties","link":"https:\/\/arriendo.com\/co\/locales\/bogota\/chico-navarra\/ar-222613\/","title":{"rendered":"Local en Arriendo en Chic\u00f3 Navarra, Bogot\u00e1"},"content":{"rendered":"<p>Ofrecemos espectacular local comercial ubicado sobre uno de los corredores comerciales m\u00e1s importantes del norte de la ciudad la Av. CARRERA 19, ideal como vitrina concesionario vehicular, vitrina comercial, gimnasio, almacen y afines. \u00c1rea local 815 M2, \u00c1rea mezanine oficinas 160 M2, \u00c1rea vitrina 300 M2, Semis\u00f3tano. 12 parqueaderos independientes. F\u00e1cil acceso por la calle 100 y la  autopista norte. No pierda esta magn\u00edfica oportunidad, cons\u00faltenos, programemos una visita y negociemos.<\/p>\n","protected":false},"excerpt":{"rendered":"Ofrecemos espectacular local comercial ubicado sobre uno de los corredores...","protected":false},"author":7123,"featured_media":222616,"template":"","es_locations":[110,77,1087],"es_categories":[124],"es_types":[117],"es_rent_periods":[],"es_labels":[],"es_statuses":[],"es_parkings":[],"es_roofs":[],"es_exterior_materials":[],"es_basements":[],"es_floor_coverings":[],"es_features":[2302,2201,2385,2216,2272,2418,2135,2228,2137],"es_amenities":[2303,2206,2386,156,2273,2419,2142,2258,2144],"es_neighborhoods":[],"es_tags":[],"class_list":["post-222613","properties","type-properties","status-publish","has-post-thumbnail","hentry","es_location-bogota","es_location-bogota-d-c","es_location-chico-navarra","es_category-arriendo","es_type-locales","es_feature-cocineta","es_feature-en-zona-comercial","es_feature-local-exterior","es_feature-parqueadero-visitantes","es_feature-piso-en-baldosa-marmol","es_feature-piso-en-madera","es_feature-sobre-via-principal","es_feature-ventilacion-natural","es_feature-zona-comercial","es_amenity-cocineta","es_amenity-en-zona-comercial","es_amenity-local-exterior","es_amenity-parqueadero-visitantes","es_amenity-piso-en-baldosa-marmol","es_amenity-piso-en-madera","es_amenity-sobre-via-principal","es_amenity-ventilacion-natural","es_amenity-zona-comercial","es-post-entity"],"_links":{"self":[{"href":"https:\/\/arriendo.com\/co\/wp-json\/wp\/v2\/properties\/222613","targetHints":{"allow":["GET"]}}],"collection":[{"href":"https:\/\/arriendo.com\/co\/wp-json\/wp\/v2\/properties"}],"about":[{"href":"https:\/\/arriendo.com\/co\/wp-json\/wp\/v2\/types\/properties"}],"author":[{"embeddable":true,"href":"https:\/\/arriendo.com\/co\/wp-json\/wp\/v2\/users\/7123"}],"version-history":[{"count":0,"href":"https:\/\/arriendo.com\/co\/wp-json\/wp\/v2\/properties\/222613\/revisions"}],"wp:featuredmedia":[{"embeddable":true,"href":"https:\/\/arriendo.com\/co\/wp-json\/wp\/v2\/media\/222616"}],"wp:attachment":[{"href":"https:\/\/arriendo.com\/co\/wp-json\/wp\/v2\/media?parent=222613"}],"wp:term":[{"taxonomy":"es_location","embeddable":true,"href":"https:\/\/arriendo.com\/co\/wp-json\/wp\/v2\/es_locations?post=222613"},{"taxonomy":"es_category","embeddable":true,"href":"https:\/\/arriendo.com\/co\/wp-json\/wp\/v2\/es_categories?post=222613"},{"taxonomy":"es_type","embeddable":true,"href":"https:\/\/arriendo.com\/co\/wp-json\/wp\/v2\/es_types?post=222613"},{"taxonomy":"es_rent_period","embeddable":true,"href":"https:\/\/arriendo.com\/co\/wp-json\/wp\/v2\/es_rent_periods?post=222613"},{"taxonomy":"es_label","embeddable":true,"href":"https:\/\/arriendo.com\/co\/wp-json\/wp\/v2\/es_labels?post=222613"},{"taxonomy":"es_status","embeddable":true,"href":"https:\/\/arriendo.com\/co\/wp-json\/wp\/v2\/es_statuses?post=222613"},{"taxonomy":"es_parking","embeddable":true,"href":"https:\/\/arriendo.com\/co\/wp-json\/wp\/v2\/es_parkings?post=222613"},{"taxonomy":"es_roof","embeddable":true,"href":"https:\/\/arriendo.com\/co\/wp-json\/wp\/v2\/es_roofs?post=222613"},{"taxonomy":"es_exterior_material","embeddable":true,"href":"https:\/\/arriendo.com\/co\/wp-json\/wp\/v2\/es_exterior_materials?post=222613"},{"taxonomy":"es_basement","embeddable":true,"href":"https:\/\/arriendo.com\/co\/wp-json\/wp\/v2\/es_basements?post=222613"},{"taxonomy":"es_floor_covering","embeddable":true,"href":"https:\/\/arriendo.com\/co\/wp-json\/wp\/v2\/es_floor_coverings?post=222613"},{"taxonomy":"es_feature","embeddable":true,"href":"https:\/\/arriendo.com\/co\/wp-json\/wp\/v2\/es_features?post=222613"},{"taxonomy":"es_amenity","embeddable":true,"href":"https:\/\/arriendo.com\/co\/wp-json\/wp\/v2\/es_amenities?post=222613"},{"taxonomy":"es_neighborhood","embeddable":true,"href":"https:\/\/arriendo.com\/co\/wp-json\/wp\/v2\/es_neighborhoods?post=222613"},{"taxonomy":"es_tag","embeddable":true,"href":"https:\/\/arriendo.com\/co\/wp-json\/wp\/v2\/es_tags?post=222613"}],"curies":[{"name":"wp","href":"https:\/\/api.w.org\/{rel}","templated":true}]}}

Local en Arriendo en Chicó Navarra, Bogotá

<p>Ofrecemos espectacular local comercial ubicado sobre uno de los corredores comerciales más importantes del norte de la ciudad la Av. CARRERA 19, ideal como vitrina concesionario vehicular, vitrina comercial, gimnasio, almacen y afines. Área local 815 M2, Área mezanine oficinas 160 M2, Área vitrina 300 M2, Semisótano. 12 parqueaderos independientes. Fácil acceso por la calle 100 y la  autopista norte. No pierda esta magnífica oportunidad, consúltenos, programemos una visita y negociemos.</p>
