{"id":222442,"date":"2026-01-22T11:35:23","date_gmt":"2026-01-22T16:35:23","guid":{"rendered":"https:\/\/arriendo.com\/co\/%es_type%\/%address_city%\/%neighborhood%\/bucaramanga-cabecera-del-llano-apartamento-en-arriendo-en-bcfd46\/"},"modified":"2026-01-22T11:35:23","modified_gmt":"2026-01-22T16:35:23","slug":"ar-222442","status":"publish","type":"properties","link":"https:\/\/arriendo.com\/co\/apartamentos\/bucaramanga\/cabecera-del-llano\/ar-222442\/","title":{"rendered":"Apartamento en Arriendo en Cabecera del llano, Bucaramanga"},"content":{"rendered":"<p>Descubre este espectacular apartamento en la prestigiosa zona de Cabecera del Llano, Bucaramanga. Con sus 129 m\u00b2 construidos, 3 ba\u00f1os y 2 garajes, este inmueble se presenta como la opci\u00f3n ideal para quienes buscan amplitud y confort, en una de las ubicaciones m\u00e1s deseadas de la ciudad.  El apartamento destaca por su dise\u00f1o moderno y luminoso, La cocina integral tipo americano, equipada con barra y horno integrado, se fusiona perfectamente con amplios espacios abiertos, generando un ambiente sofisticado y socialmente integrado. Es una propiedad que combina est\u00e9tica y funcionalidad, ideal para quienes valoran la vida urbana y un dise\u00f1o interior excepcional.<\/p>\n","protected":false},"excerpt":{"rendered":"Descubre este espectacular apartamento en la prestigiosa zona de Cabecera...","protected":false},"author":7007,"featured_media":216808,"template":"","es_locations":[175,176,104],"es_categories":[124],"es_types":[114],"es_rent_periods":[],"es_labels":[],"es_statuses":[],"es_parkings":[],"es_roofs":[],"es_exterior_materials":[],"es_basements":[],"es_floor_coverings":[],"es_features":[149,131,132,2212,2263,2145,133,2146,2147,2148,2196,2179,2370,2132,2180,2272,2365,2133,2181,2182,2167,2150,2136,2185,2152],"es_amenities":[2329,152,2186,2217,2269,2153,2154,2155,2156,2157,2197,154,2371,2140,157,2273,2366,158,159,2171,2161,2143,161,2173,2162],"es_neighborhoods":[],"es_tags":[],"class_list":["post-222442","properties","type-properties","status-publish","has-post-thumbnail","hentry","es_location-bucaramanga","es_location-cabecera-del-llano","es_location-santander","es_category-arriendo","es_type-apartamentos","es_feature-aire-acondicionado","es_feature-ascensor","es_feature-balcon","es_feature-bano-auxiliar","es_feature-barra-estilo-americano","es_feature-calentador","es_feature-citofono","es_feature-cocina-integral","es_feature-cocina-tipo-americano","es_feature-colegios-universidades","es_feature-en-conjunto-cerrado","es_feature-gimnasio","es_feature-oficina-de-negocios","es_feature-parques-cercanos","es_feature-piscina","es_feature-piso-en-baldosa-marmol","es_feature-planta-electrica","es_feature-porteria-recepcion","es_feature-porteria-vigilancia","es_feature-salon-comunal","es_feature-sauna-turco-jacuzzi","es_feature-supermercados-c-comerciales","es_feature-trans-publico-cercano","es_feature-zona-infantil","es_feature-zona-residencial","es_amenity-aire-acondicionado","es_amenity-ascensor-privado","es_amenity-balcon","es_amenity-bano-auxiliar","es_amenity-barra-estilo-americano","es_amenity-calentador","es_amenity-citofono","es_amenity-cocina-integral","es_amenity-cocina-tipo-americano","es_amenity-colegios-universidades","es_amenity-en-conjunto-cerrado","es_amenity-gimnasio","es_amenity-oficina-de-negocios","es_amenity-parques-cercanos","es_amenity-piscina","es_amenity-piso-en-baldosa-marmol","es_amenity-planta-electrica","es_amenity-porteria-recepcion","es_amenity-salon-comunal","es_amenity-sauna-turco-jacuzzi","es_amenity-supermercados-c-comerciales","es_amenity-trans-publico-cercano","es_amenity-vigilancia-24-7","es_amenity-zona-infantil","es_amenity-zona-residencial","es-post-entity"],"_links":{"self":[{"href":"https:\/\/arriendo.com\/co\/wp-json\/wp\/v2\/properties\/222442","targetHints":{"allow":["GET"]}}],"collection":[{"href":"https:\/\/arriendo.com\/co\/wp-json\/wp\/v2\/properties"}],"about":[{"href":"https:\/\/arriendo.com\/co\/wp-json\/wp\/v2\/types\/properties"}],"author":[{"embeddable":true,"href":"https:\/\/arriendo.com\/co\/wp-json\/wp\/v2\/users\/7007"}],"version-history":[{"count":0,"href":"https:\/\/arriendo.com\/co\/wp-json\/wp\/v2\/properties\/222442\/revisions"}],"wp:featuredmedia":[{"embeddable":true,"href":"https:\/\/arriendo.com\/co\/wp-json\/wp\/v2\/media\/216808"}],"wp:attachment":[{"href":"https:\/\/arriendo.com\/co\/wp-json\/wp\/v2\/media?parent=222442"}],"wp:term":[{"taxonomy":"es_location","embeddable":true,"href":"https:\/\/arriendo.com\/co\/wp-json\/wp\/v2\/es_locations?post=222442"},{"taxonomy":"es_category","embeddable":true,"href":"https:\/\/arriendo.com\/co\/wp-json\/wp\/v2\/es_categories?post=222442"},{"taxonomy":"es_type","embeddable":true,"href":"https:\/\/arriendo.com\/co\/wp-json\/wp\/v2\/es_types?post=222442"},{"taxonomy":"es_rent_period","embeddable":true,"href":"https:\/\/arriendo.com\/co\/wp-json\/wp\/v2\/es_rent_periods?post=222442"},{"taxonomy":"es_label","embeddable":true,"href":"https:\/\/arriendo.com\/co\/wp-json\/wp\/v2\/es_labels?post=222442"},{"taxonomy":"es_status","embeddable":true,"href":"https:\/\/arriendo.com\/co\/wp-json\/wp\/v2\/es_statuses?post=222442"},{"taxonomy":"es_parking","embeddable":true,"href":"https:\/\/arriendo.com\/co\/wp-json\/wp\/v2\/es_parkings?post=222442"},{"taxonomy":"es_roof","embeddable":true,"href":"https:\/\/arriendo.com\/co\/wp-json\/wp\/v2\/es_roofs?post=222442"},{"taxonomy":"es_exterior_material","embeddable":true,"href":"https:\/\/arriendo.com\/co\/wp-json\/wp\/v2\/es_exterior_materials?post=222442"},{"taxonomy":"es_basement","embeddable":true,"href":"https:\/\/arriendo.com\/co\/wp-json\/wp\/v2\/es_basements?post=222442"},{"taxonomy":"es_floor_covering","embeddable":true,"href":"https:\/\/arriendo.com\/co\/wp-json\/wp\/v2\/es_floor_coverings?post=222442"},{"taxonomy":"es_feature","embeddable":true,"href":"https:\/\/arriendo.com\/co\/wp-json\/wp\/v2\/es_features?post=222442"},{"taxonomy":"es_amenity","embeddable":true,"href":"https:\/\/arriendo.com\/co\/wp-json\/wp\/v2\/es_amenities?post=222442"},{"taxonomy":"es_neighborhood","embeddable":true,"href":"https:\/\/arriendo.com\/co\/wp-json\/wp\/v2\/es_neighborhoods?post=222442"},{"taxonomy":"es_tag","embeddable":true,"href":"https:\/\/arriendo.com\/co\/wp-json\/wp\/v2\/es_tags?post=222442"}],"curies":[{"name":"wp","href":"https:\/\/api.w.org\/{rel}","templated":true}]}}

<p>Descubre este espectacular apartamento en la prestigiosa zona de Cabecera del Llano, Bucaramanga. Con sus 129 m² construidos, 3 baños y 2 garajes, este inmueble se presenta como la opción ideal para quienes buscan amplitud y confort, en una de las ubicaciones más deseadas de la ciudad.  El apartamento destaca por su diseño moderno y luminoso, La cocina integral tipo americano, equipada con barra y horno integrado, se fusiona perfectamente con amplios espacios abiertos, generando un ambiente sofisticado y socialmente integrado. Es una propiedad que combina estética y funcionalidad, ideal para quienes valoran la vida urbana y un diseño interior excepcional.</p>
