{"id":222370,"date":"2026-01-22T11:03:24","date_gmt":"2026-01-22T16:03:24","guid":{"rendered":"https:\/\/arriendo.com\/co\/%es_type%\/%address_city%\/%neighborhood%\/bogota-santa-paula-oficina-en-arriendo-en-c447a8\/"},"modified":"2026-01-22T11:03:24","modified_gmt":"2026-01-22T16:03:24","slug":"ar-222370","status":"publish","type":"properties","link":"https:\/\/arriendo.com\/co\/oficinas\/bogota\/santa-paula\/ar-222370\/","title":{"rendered":"Oficina en Arriendo en Santa Paula, Bogot\u00e1"},"content":{"rendered":"<p>ARRIENDO magn\u00edfica oficina CON MOBILIARIO en SANTA PAULA, interior con muy buena iluminaci\u00f3n. Piso 3 <\/p>\n<p>ARRIENDO: $3.370.000 con admin incluida<\/p>\n<p>* 52 metros<br \/>\n* \u2060Espacio abierto de trabajo para 5 puestos<br \/>\n* \u2060Oficina privada<br \/>\n* \u2060Sala de juntas<br \/>\n* \u2060Espacio de cafeter\u00eda<br \/>\n* \u20601 parqueadero<br \/>\n* \u2060Dep\u00f3sito<br \/>\n* \u206016 a\u00f1os de construido<br \/>\nEl edificio cuenta con vigilancia 24\/7, ba\u00f1os en cada piso, parqueaderos de visitantes, Sala de juntasy planta el\u00e9ctrica. Muy bien ubicada cerca a la calle 100 y a la Cra 15.<\/p>\n","protected":false},"excerpt":{"rendered":"ARRIENDO magn\u00edfica oficina CON MOBILIARIO en SANTA PAULA, interior con...","protected":false},"author":5722,"featured_media":216247,"template":"","es_locations":[110,77,917],"es_categories":[124],"es_types":[116],"es_rent_periods":[],"es_labels":[],"es_statuses":[],"es_parkings":[],"es_roofs":[],"es_exterior_materials":[],"es_basements":[],"es_floor_coverings":[],"es_features":[2427,131,2130,2224,2131,133,2388,2226,2178,2216,2132,2272,2133,2389,143,2136,2297,2137,2152],"es_amenities":[2431,152,2138,2247,2139,2154,2395,2251,2193,156,2140,2273,158,2397,2290,2143,2299,2144,2162],"es_neighborhoods":[],"es_tags":[],"class_list":["post-222370","properties","type-properties","status-publish","has-post-thumbnail","hentry","es_location-bogota","es_location-bogota-d-c","es_location-santa-paula","es_category-arriendo","es_type-oficinas","es_feature-alarma-contra-incendio","es_feature-ascensor","es_feature-banos-comunales","es_feature-cableado-de-red","es_feature-circuito-cerrado-de-tv","es_feature-citofono","es_feature-control-de-acceso-digital","es_feature-escalera-de-emergencia","es_feature-garaje-cubierto","es_feature-parqueadero-visitantes","es_feature-parques-cercanos","es_feature-piso-en-baldosa-marmol","es_feature-porteria-recepcion","es_feature-salon-de-videoconferencias","es_feature-terraza","es_feature-trans-publico-cercano","es_feature-ubicada-en-edificio","es_feature-zona-comercial","es_feature-zona-residencial","es_amenity-alarma-contra-incendio","es_amenity-ascensor-privado","es_amenity-banos-comunales","es_amenity-cableado-de-red","es_amenity-circuito-cerrado-de-tv","es_amenity-citofono","es_amenity-control-de-acceso-digital","es_amenity-escalera-de-emergencia","es_amenity-garaje-cubierto","es_amenity-parqueadero-visitantes","es_amenity-parques-cercanos","es_amenity-piso-en-baldosa-marmol","es_amenity-porteria-recepcion","es_amenity-salon-de-videoconferencias","es_amenity-terraza","es_amenity-trans-publico-cercano","es_amenity-ubicada-en-edificio","es_amenity-zona-comercial","es_amenity-zona-residencial","es-post-entity"],"_links":{"self":[{"href":"https:\/\/arriendo.com\/co\/wp-json\/wp\/v2\/properties\/222370","targetHints":{"allow":["GET"]}}],"collection":[{"href":"https:\/\/arriendo.com\/co\/wp-json\/wp\/v2\/properties"}],"about":[{"href":"https:\/\/arriendo.com\/co\/wp-json\/wp\/v2\/types\/properties"}],"author":[{"embeddable":true,"href":"https:\/\/arriendo.com\/co\/wp-json\/wp\/v2\/users\/5722"}],"version-history":[{"count":0,"href":"https:\/\/arriendo.com\/co\/wp-json\/wp\/v2\/properties\/222370\/revisions"}],"wp:featuredmedia":[{"embeddable":true,"href":"https:\/\/arriendo.com\/co\/wp-json\/wp\/v2\/media\/216247"}],"wp:attachment":[{"href":"https:\/\/arriendo.com\/co\/wp-json\/wp\/v2\/media?parent=222370"}],"wp:term":[{"taxonomy":"es_location","embeddable":true,"href":"https:\/\/arriendo.com\/co\/wp-json\/wp\/v2\/es_locations?post=222370"},{"taxonomy":"es_category","embeddable":true,"href":"https:\/\/arriendo.com\/co\/wp-json\/wp\/v2\/es_categories?post=222370"},{"taxonomy":"es_type","embeddable":true,"href":"https:\/\/arriendo.com\/co\/wp-json\/wp\/v2\/es_types?post=222370"},{"taxonomy":"es_rent_period","embeddable":true,"href":"https:\/\/arriendo.com\/co\/wp-json\/wp\/v2\/es_rent_periods?post=222370"},{"taxonomy":"es_label","embeddable":true,"href":"https:\/\/arriendo.com\/co\/wp-json\/wp\/v2\/es_labels?post=222370"},{"taxonomy":"es_status","embeddable":true,"href":"https:\/\/arriendo.com\/co\/wp-json\/wp\/v2\/es_statuses?post=222370"},{"taxonomy":"es_parking","embeddable":true,"href":"https:\/\/arriendo.com\/co\/wp-json\/wp\/v2\/es_parkings?post=222370"},{"taxonomy":"es_roof","embeddable":true,"href":"https:\/\/arriendo.com\/co\/wp-json\/wp\/v2\/es_roofs?post=222370"},{"taxonomy":"es_exterior_material","embeddable":true,"href":"https:\/\/arriendo.com\/co\/wp-json\/wp\/v2\/es_exterior_materials?post=222370"},{"taxonomy":"es_basement","embeddable":true,"href":"https:\/\/arriendo.com\/co\/wp-json\/wp\/v2\/es_basements?post=222370"},{"taxonomy":"es_floor_covering","embeddable":true,"href":"https:\/\/arriendo.com\/co\/wp-json\/wp\/v2\/es_floor_coverings?post=222370"},{"taxonomy":"es_feature","embeddable":true,"href":"https:\/\/arriendo.com\/co\/wp-json\/wp\/v2\/es_features?post=222370"},{"taxonomy":"es_amenity","embeddable":true,"href":"https:\/\/arriendo.com\/co\/wp-json\/wp\/v2\/es_amenities?post=222370"},{"taxonomy":"es_neighborhood","embeddable":true,"href":"https:\/\/arriendo.com\/co\/wp-json\/wp\/v2\/es_neighborhoods?post=222370"},{"taxonomy":"es_tag","embeddable":true,"href":"https:\/\/arriendo.com\/co\/wp-json\/wp\/v2\/es_tags?post=222370"}],"curies":[{"name":"wp","href":"https:\/\/api.w.org\/{rel}","templated":true}]}}

Oficina en Arriendo en Santa Paula, Bogotá

<p>ARRIENDO magnífica oficina CON MOBILIARIO en SANTA PAULA, interior con muy buena iluminación. Piso 3 </p>
<p>ARRIENDO: $3.370.000 con admin incluida</p>
<p>* 52 metros<br />
* ⁠Espacio abierto de trabajo para 5 puestos<br />
* ⁠Oficina privada<br />
* ⁠Sala de juntas<br />
* ⁠Espacio de cafetería<br />
* ⁠1 parqueadero<br />
* ⁠Depósito<br />
* ⁠16 años de construido<br />
El edificio cuenta con vigilancia 24/7, baños en cada piso, parqueaderos de visitantes, Sala de juntasy planta eléctrica. Muy bien ubicada cerca a la calle 100 y a la Cra 15.</p>

ARRIENDO magnífica oficina CON MOBILIARIO en SANTA PAULA, interior con...
