{"id":222169,"date":"2026-01-22T09:41:51","date_gmt":"2026-01-22T14:41:51","guid":{"rendered":"https:\/\/arriendo.com\/co\/%es_type%\/%address_city%\/%neighborhood%\/bello-niquia-local-en-arriendo-en-f43634\/"},"modified":"2026-01-22T09:41:51","modified_gmt":"2026-01-22T14:41:51","slug":"ar-222169","status":"publish","type":"properties","link":"https:\/\/arriendo.com\/co\/locales\/bello\/niquia\/ar-222169\/","title":{"rendered":"Local en Arriendo en Niquia, Bello"},"content":{"rendered":"<p>Excepcional oportunidad para emprendedores gastron\u00f3micos: local estrat\u00e9gicamente ubicado en el coraz\u00f3n de la vibrante plaza central de una consolidada unidad residencial. Este espacio privilegiado garantiza un flujo constante de clientes potenciales, ofreciendo una visibilidad inigualable y un acceso directo a una comunidad activa. Ideal para establecer un concepto culinario exitoso, capitalizando su excelente ubicaci\u00f3n y el ambiente din\u00e1mico del entorno.<\/p>\n","protected":false},"excerpt":{"rendered":"Excepcional oportunidad para emprendedores gastron\u00f3micos: local estrat\u00e9gicamente ubicado en el...","protected":false},"author":4102,"featured_media":214703,"template":"","es_locations":[79,538,763],"es_categories":[124],"es_types":[117],"es_rent_periods":[],"es_labels":[],"es_statuses":[],"es_parkings":[],"es_roofs":[],"es_exterior_materials":[],"es_basements":[],"es_floor_coverings":[],"es_features":[131,2201,2176,2216,2132,2488,2228,2241,2242,2137,2152],"es_amenities":[152,2206,2191,156,2140,2489,2258,2259,2260,2144,2162],"es_neighborhoods":[],"es_tags":[],"class_list":["post-222169","properties","type-properties","status-publish","has-post-thumbnail","hentry","es_location-antioquia","es_location-bello","es_location-niquia","es_category-arriendo","es_type-locales","es_feature-ascensor","es_feature-en-zona-comercial","es_feature-en-zona-residencial","es_feature-parqueadero-visitantes","es_feature-parques-cercanos","es_feature-pasaje-comercial","es_feature-ventilacion-natural","es_feature-vigilancia-24x7","es_feature-vigilancia-privada-247","es_feature-zona-comercial","es_feature-zona-residencial","es_amenity-ascensor-privado","es_amenity-en-zona-comercial","es_amenity-en-zona-residencial","es_amenity-parqueadero-visitantes","es_amenity-parques-cercanos","es_amenity-pasaje-comercial","es_amenity-ventilacion-natural","es_amenity-vigilancia-24x7","es_amenity-vigilancia-privada-247","es_amenity-zona-comercial","es_amenity-zona-residencial","es-post-entity"],"_links":{"self":[{"href":"https:\/\/arriendo.com\/co\/wp-json\/wp\/v2\/properties\/222169","targetHints":{"allow":["GET"]}}],"collection":[{"href":"https:\/\/arriendo.com\/co\/wp-json\/wp\/v2\/properties"}],"about":[{"href":"https:\/\/arriendo.com\/co\/wp-json\/wp\/v2\/types\/properties"}],"author":[{"embeddable":true,"href":"https:\/\/arriendo.com\/co\/wp-json\/wp\/v2\/users\/4102"}],"version-history":[{"count":0,"href":"https:\/\/arriendo.com\/co\/wp-json\/wp\/v2\/properties\/222169\/revisions"}],"wp:featuredmedia":[{"embeddable":true,"href":"https:\/\/arriendo.com\/co\/wp-json\/wp\/v2\/media\/214703"}],"wp:attachment":[{"href":"https:\/\/arriendo.com\/co\/wp-json\/wp\/v2\/media?parent=222169"}],"wp:term":[{"taxonomy":"es_location","embeddable":true,"href":"https:\/\/arriendo.com\/co\/wp-json\/wp\/v2\/es_locations?post=222169"},{"taxonomy":"es_category","embeddable":true,"href":"https:\/\/arriendo.com\/co\/wp-json\/wp\/v2\/es_categories?post=222169"},{"taxonomy":"es_type","embeddable":true,"href":"https:\/\/arriendo.com\/co\/wp-json\/wp\/v2\/es_types?post=222169"},{"taxonomy":"es_rent_period","embeddable":true,"href":"https:\/\/arriendo.com\/co\/wp-json\/wp\/v2\/es_rent_periods?post=222169"},{"taxonomy":"es_label","embeddable":true,"href":"https:\/\/arriendo.com\/co\/wp-json\/wp\/v2\/es_labels?post=222169"},{"taxonomy":"es_status","embeddable":true,"href":"https:\/\/arriendo.com\/co\/wp-json\/wp\/v2\/es_statuses?post=222169"},{"taxonomy":"es_parking","embeddable":true,"href":"https:\/\/arriendo.com\/co\/wp-json\/wp\/v2\/es_parkings?post=222169"},{"taxonomy":"es_roof","embeddable":true,"href":"https:\/\/arriendo.com\/co\/wp-json\/wp\/v2\/es_roofs?post=222169"},{"taxonomy":"es_exterior_material","embeddable":true,"href":"https:\/\/arriendo.com\/co\/wp-json\/wp\/v2\/es_exterior_materials?post=222169"},{"taxonomy":"es_basement","embeddable":true,"href":"https:\/\/arriendo.com\/co\/wp-json\/wp\/v2\/es_basements?post=222169"},{"taxonomy":"es_floor_covering","embeddable":true,"href":"https:\/\/arriendo.com\/co\/wp-json\/wp\/v2\/es_floor_coverings?post=222169"},{"taxonomy":"es_feature","embeddable":true,"href":"https:\/\/arriendo.com\/co\/wp-json\/wp\/v2\/es_features?post=222169"},{"taxonomy":"es_amenity","embeddable":true,"href":"https:\/\/arriendo.com\/co\/wp-json\/wp\/v2\/es_amenities?post=222169"},{"taxonomy":"es_neighborhood","embeddable":true,"href":"https:\/\/arriendo.com\/co\/wp-json\/wp\/v2\/es_neighborhoods?post=222169"},{"taxonomy":"es_tag","embeddable":true,"href":"https:\/\/arriendo.com\/co\/wp-json\/wp\/v2\/es_tags?post=222169"}],"curies":[{"name":"wp","href":"https:\/\/api.w.org\/{rel}","templated":true}]}}

<p>Excepcional oportunidad para emprendedores gastronómicos: local estratégicamente ubicado en el corazón de la vibrante plaza central de una consolidada unidad residencial. Este espacio privilegiado garantiza un flujo constante de clientes potenciales, ofreciendo una visibilidad inigualable y un acceso directo a una comunidad activa. Ideal para establecer un concepto culinario exitoso, capitalizando su excelente ubicación y el ambiente dinámico del entorno.</p>

Excepcional oportunidad para emprendedores gastronómicos: local estratégicamente ubicado en el...
