{"id":222056,"date":"2026-01-22T08:35:36","date_gmt":"2026-01-22T13:35:36","guid":{"rendered":"https:\/\/arriendo.com\/co\/%es_type%\/%address_city%\/%neighborhood%\/bogota-fontibon-edificio-en-arriendo-en-87e002\/"},"modified":"2026-01-22T08:35:36","modified_gmt":"2026-01-22T13:35:36","slug":"ar-222056","status":"publish","type":"properties","link":"https:\/\/arriendo.com\/co\/edificios\/bogota\/fontibon\/ar-222056\/","title":{"rendered":"Edificio en Arriendo en Fontibon, Bogot\u00e1"},"content":{"rendered":"<p>Se Arrienda\/ Vende   edificio con Bodega y oficinas con \u00e1rea total de 2, 300 metros cuadrados  a tres cuadras del centro comercial Hayuelos; cerca a la Cali con 13 ,   CINCO NIVELES ,  con malacate,  b\u00f3veda de seguridad,  auditorio PARA 200 PERSONAS ,  Cafeter\u00eda,  parqueaderos internos recepci\u00f3n,  cuarto de sistemas,  para 140 puestos de trabajo,  cableado estructurado,   eps, entidad educativa,   excelente oportunidad,  uso del suelo MULTIPROP\u00d3SITO,  INDUSTRIA , DOTACIONAL EN SALUD Y\/O EDUCACI\u00d3N..O BODEGAS POR NIVES CON ASCENSOR,<\/p>\n","protected":false},"excerpt":{"rendered":"Se Arrienda\/ Vende edificio con Bodega y oficinas con \u00e1rea...","protected":false},"author":8137,"featured_media":213885,"template":"","es_locations":[110,77,218],"es_categories":[124],"es_types":[122],"es_rent_periods":[],"es_labels":[],"es_statuses":[],"es_parkings":[],"es_roofs":[],"es_exterior_materials":[],"es_basements":[],"es_floor_coverings":[],"es_features":[2130,2293,133,2302,2213,2428,2178,2501,2216,2272,2133,2502,2649,2389,2134,2239,2463,2391,2137,2300,2152],"es_amenities":[2138,2295,2154,2303,2218,2432,2193,2503,156,2273,158,2504,2650,2397,2141,2256,2465,2399,2144,2301,2162],"es_neighborhoods":[],"es_tags":[],"class_list":["post-222056","properties","type-properties","status-publish","has-post-thumbnail","hentry","es_location-bogota","es_location-bogota-d-c","es_location-fontibon","es_category-arriendo","es_type-edificios","es_feature-banos-comunales","es_feature-cerca-centro-comercial","es_feature-citofono","es_feature-cocineta","es_feature-comedor","es_feature-control-de-acustica","es_feature-garaje-cubierto","es_feature-parqueadero-a-nivel","es_feature-parqueadero-visitantes","es_feature-piso-en-baldosa-marmol","es_feature-porteria-recepcion","es_feature-puerta-de-seguridad","es_feature-reja-de-seguridad","es_feature-salon-de-videoconferencias","es_feature-servicios-publicos","es_feature-sobre-via-secundaria","es_feature-tanques-de-agua","es_feature-tarjetas-magneticas","es_feature-zona-comercial","es_feature-zona-industrial","es_feature-zona-residencial","es_amenity-banos-comunales","es_amenity-cerca-centro-comercial","es_amenity-citofono","es_amenity-cocineta","es_amenity-comedor","es_amenity-control-de-acustica","es_amenity-garaje-cubierto","es_amenity-parqueadero-a-nivel","es_amenity-parqueadero-visitantes","es_amenity-piso-en-baldosa-marmol","es_amenity-porteria-recepcion","es_amenity-puerta-de-seguridad","es_amenity-reja-de-seguridad","es_amenity-salon-de-videoconferencias","es_amenity-servicios-publicos","es_amenity-sobre-via-secundaria","es_amenity-tanques-de-agua","es_amenity-tarjetas-magneticas","es_amenity-zona-comercial","es_amenity-zona-industrial","es_amenity-zona-residencial","es-post-entity"],"_links":{"self":[{"href":"https:\/\/arriendo.com\/co\/wp-json\/wp\/v2\/properties\/222056","targetHints":{"allow":["GET"]}}],"collection":[{"href":"https:\/\/arriendo.com\/co\/wp-json\/wp\/v2\/properties"}],"about":[{"href":"https:\/\/arriendo.com\/co\/wp-json\/wp\/v2\/types\/properties"}],"author":[{"embeddable":true,"href":"https:\/\/arriendo.com\/co\/wp-json\/wp\/v2\/users\/8137"}],"version-history":[{"count":0,"href":"https:\/\/arriendo.com\/co\/wp-json\/wp\/v2\/properties\/222056\/revisions"}],"wp:featuredmedia":[{"embeddable":true,"href":"https:\/\/arriendo.com\/co\/wp-json\/wp\/v2\/media\/213885"}],"wp:attachment":[{"href":"https:\/\/arriendo.com\/co\/wp-json\/wp\/v2\/media?parent=222056"}],"wp:term":[{"taxonomy":"es_location","embeddable":true,"href":"https:\/\/arriendo.com\/co\/wp-json\/wp\/v2\/es_locations?post=222056"},{"taxonomy":"es_category","embeddable":true,"href":"https:\/\/arriendo.com\/co\/wp-json\/wp\/v2\/es_categories?post=222056"},{"taxonomy":"es_type","embeddable":true,"href":"https:\/\/arriendo.com\/co\/wp-json\/wp\/v2\/es_types?post=222056"},{"taxonomy":"es_rent_period","embeddable":true,"href":"https:\/\/arriendo.com\/co\/wp-json\/wp\/v2\/es_rent_periods?post=222056"},{"taxonomy":"es_label","embeddable":true,"href":"https:\/\/arriendo.com\/co\/wp-json\/wp\/v2\/es_labels?post=222056"},{"taxonomy":"es_status","embeddable":true,"href":"https:\/\/arriendo.com\/co\/wp-json\/wp\/v2\/es_statuses?post=222056"},{"taxonomy":"es_parking","embeddable":true,"href":"https:\/\/arriendo.com\/co\/wp-json\/wp\/v2\/es_parkings?post=222056"},{"taxonomy":"es_roof","embeddable":true,"href":"https:\/\/arriendo.com\/co\/wp-json\/wp\/v2\/es_roofs?post=222056"},{"taxonomy":"es_exterior_material","embeddable":true,"href":"https:\/\/arriendo.com\/co\/wp-json\/wp\/v2\/es_exterior_materials?post=222056"},{"taxonomy":"es_basement","embeddable":true,"href":"https:\/\/arriendo.com\/co\/wp-json\/wp\/v2\/es_basements?post=222056"},{"taxonomy":"es_floor_covering","embeddable":true,"href":"https:\/\/arriendo.com\/co\/wp-json\/wp\/v2\/es_floor_coverings?post=222056"},{"taxonomy":"es_feature","embeddable":true,"href":"https:\/\/arriendo.com\/co\/wp-json\/wp\/v2\/es_features?post=222056"},{"taxonomy":"es_amenity","embeddable":true,"href":"https:\/\/arriendo.com\/co\/wp-json\/wp\/v2\/es_amenities?post=222056"},{"taxonomy":"es_neighborhood","embeddable":true,"href":"https:\/\/arriendo.com\/co\/wp-json\/wp\/v2\/es_neighborhoods?post=222056"},{"taxonomy":"es_tag","embeddable":true,"href":"https:\/\/arriendo.com\/co\/wp-json\/wp\/v2\/es_tags?post=222056"}],"curies":[{"name":"wp","href":"https:\/\/api.w.org\/{rel}","templated":true}]}}

Edificio en Arriendo en Fontibon, Bogotá

<p>Se Arrienda/ Vende   edificio con Bodega y oficinas con área total de 2, 300 metros cuadrados  a tres cuadras del centro comercial Hayuelos; cerca a la Cali con 13 ,   CINCO NIVELES ,  con malacate,  bóveda de seguridad,  auditorio PARA 200 PERSONAS ,  Cafetería,  parqueaderos internos recepción,  cuarto de sistemas,  para 140 puestos de trabajo,  cableado estructurado,   eps, entidad educativa,   excelente oportunidad,  uso del suelo MULTIPROPÓSITO,  INDUSTRIA , DOTACIONAL EN SALUD Y/O EDUCACIÓN..O BODEGAS POR NIVES CON ASCENSOR,</p>

Se Arrienda/ Vende edificio con Bodega y oficinas con área...
