{"id":221808,"date":"2026-01-21T10:57:14","date_gmt":"2026-01-21T15:57:14","guid":{"rendered":"https:\/\/arriendo.com\/co\/%es_type%\/%address_city%\/%neighborhood%\/medellin-el-poblado-apartamento-en-arriendo-en-abed6e\/"},"modified":"2026-01-21T10:57:14","modified_gmt":"2026-01-21T15:57:14","slug":"ar-221808","status":"publish","type":"properties","link":"https:\/\/arriendo.com\/co\/apartamentos\/medellin\/el-poblado\/ar-221808\/","title":{"rendered":"Apartamento en Arriendo en El Poblado, Medell\u00edn"},"content":{"rendered":"<p>Descubra este excepcional apartamento d\u00faplex con altillo, estrat\u00e9gicamente ubicado en El Poblado, a pasos de Vizcaya. Con una generosa \u00e1rea construida de 188 m\u00b2 y un impresionante espacio libre de 114.68 m\u00b2, esta propiedad de 232 m\u00b2 totales ofrece amplitud y versatilidad.<\/p>\n<p>En el primer nivel, disfrute de un elegante ba\u00f1o social, una acogedora zona de televisi\u00f3n con chimenea, una espaciosa sala y comedor, y una cocina integral cerrada, perfecta para los amantes de la gastronom\u00eda. Adem\u00e1s, cuenta con una pr\u00e1ctica zona de ropas y una habitaci\u00f3n de servicio con ba\u00f1o completo. Este nivel se complementa con un dep\u00f3sito, una encantadora terraza semicubierta y un patio descubierto, ideales para el entretenimiento y la relajaci\u00f3n. Los acabados en madera y la excelente altura de los techos realzan la sofisticaci\u00f3n de cada espacio.<\/p>\n<p>El segundo nivel alberga una sala de estudio, un ba\u00f1o social adicional y dos confortables habitaciones, incluyendo la principal con ba\u00f1o privado y vestier, ofreciendo un santuario de privacidad y confort.<\/p>\n<p>La propiedad incluye dos parqueaderos privados y un cuarto \u00fatil compartido. Con un predial anual de $5.500.000 y un estrato 5, la administraci\u00f3n se paga cuatrimestralmente por un valor aproximado de $800.000. Una caracter\u00edstica destacada es su potencial para alquiler amoblado a trav\u00e9s de plataformas como Airbnb, lo que lo convierte en una excelente oportunidad de inversi\u00f3n.<\/p>\n<p>Para m\u00e1s informaci\u00f3n, contacte a Yensy Gait\u00e1n al 31021865<\/p>\n","protected":false},"excerpt":{"rendered":"Descubra este excepcional apartamento d\u00faplex con altillo, estrat\u00e9gicamente ubicado en...","protected":false},"author":7788,"featured_media":212898,"template":"","es_locations":[79,308,305],"es_categories":[124],"es_types":[114],"es_rent_periods":[],"es_labels":[],"es_statuses":[],"es_parkings":[],"es_roofs":[],"es_exterior_materials":[],"es_basements":[],"es_floor_coverings":[],"es_features":[132,2212,2145,134,133,2146,2148,2312,2331,151,2378,136,2149,2282,145,2203,2132,2220,2272,2150,2136,2437,2151,2152,2204],"es_amenities":[2186,2217,2153,2313,2154,2155,2157,2314,2332,2270,2381,2158,2159,2287,2160,2208,2140,2221,2273,2161,2143,2438,162,2162,2209],"es_neighborhoods":[],"es_tags":[],"class_list":["post-221808","properties","type-properties","status-publish","has-post-thumbnail","hentry","es_location-antioquia","es_location-el-poblado","es_location-medellin","es_category-arriendo","es_type-apartamentos","es_feature-balcon","es_feature-bano-auxiliar","es_feature-calentador","es_feature-chimenea","es_feature-citofono","es_feature-cocina-integral","es_feature-colegios-universidades","es_feature-comedor-auxiliar","es_feature-cuarto-de-servicio","es_feature-deposito-bodega","es_feature-duplex","es_feature-estudio","es_feature-garajes","es_feature-hall-de-alcobas","es_feature-instalacion-de-gas","es_feature-jardines-exteriores","es_feature-parques-cercanos","es_feature-patio","es_feature-piso-en-baldosa-marmol","es_feature-supermercados-c-comerciales","es_feature-trans-publico-cercano","es_feature-vivienda-bifamiliar","es_feature-zona-de-lavanderia","es_feature-zona-residencial","es_feature-zonas-verdes","es_amenity-balcon","es_amenity-bano-auxiliar","es_amenity-calentador","es_amenity-chimenea","es_amenity-citofono","es_amenity-cocina-integral","es_amenity-colegios-universidades","es_amenity-comedor-auxiliar","es_amenity-cuarto-de-servicio","es_amenity-deposito-bodega","es_amenity-duplex","es_amenity-estudio","es_amenity-garajes","es_amenity-hall-de-alcobas","es_amenity-instalacion-de-gas","es_amenity-jardines-exteriores","es_amenity-parques-cercanos","es_amenity-patio","es_amenity-piso-en-baldosa-marmol","es_amenity-supermercados-c-comerciales","es_amenity-trans-publico-cercano","es_amenity-vivienda-bifamiliar","es_amenity-zona-de-lavanderia","es_amenity-zona-residencial","es_amenity-zonas-verdes","es-post-entity"],"_links":{"self":[{"href":"https:\/\/arriendo.com\/co\/wp-json\/wp\/v2\/properties\/221808","targetHints":{"allow":["GET"]}}],"collection":[{"href":"https:\/\/arriendo.com\/co\/wp-json\/wp\/v2\/properties"}],"about":[{"href":"https:\/\/arriendo.com\/co\/wp-json\/wp\/v2\/types\/properties"}],"author":[{"embeddable":true,"href":"https:\/\/arriendo.com\/co\/wp-json\/wp\/v2\/users\/7788"}],"version-history":[{"count":0,"href":"https:\/\/arriendo.com\/co\/wp-json\/wp\/v2\/properties\/221808\/revisions"}],"wp:featuredmedia":[{"embeddable":true,"href":"https:\/\/arriendo.com\/co\/wp-json\/wp\/v2\/media\/212898"}],"wp:attachment":[{"href":"https:\/\/arriendo.com\/co\/wp-json\/wp\/v2\/media?parent=221808"}],"wp:term":[{"taxonomy":"es_location","embeddable":true,"href":"https:\/\/arriendo.com\/co\/wp-json\/wp\/v2\/es_locations?post=221808"},{"taxonomy":"es_category","embeddable":true,"href":"https:\/\/arriendo.com\/co\/wp-json\/wp\/v2\/es_categories?post=221808"},{"taxonomy":"es_type","embeddable":true,"href":"https:\/\/arriendo.com\/co\/wp-json\/wp\/v2\/es_types?post=221808"},{"taxonomy":"es_rent_period","embeddable":true,"href":"https:\/\/arriendo.com\/co\/wp-json\/wp\/v2\/es_rent_periods?post=221808"},{"taxonomy":"es_label","embeddable":true,"href":"https:\/\/arriendo.com\/co\/wp-json\/wp\/v2\/es_labels?post=221808"},{"taxonomy":"es_status","embeddable":true,"href":"https:\/\/arriendo.com\/co\/wp-json\/wp\/v2\/es_statuses?post=221808"},{"taxonomy":"es_parking","embeddable":true,"href":"https:\/\/arriendo.com\/co\/wp-json\/wp\/v2\/es_parkings?post=221808"},{"taxonomy":"es_roof","embeddable":true,"href":"https:\/\/arriendo.com\/co\/wp-json\/wp\/v2\/es_roofs?post=221808"},{"taxonomy":"es_exterior_material","embeddable":true,"href":"https:\/\/arriendo.com\/co\/wp-json\/wp\/v2\/es_exterior_materials?post=221808"},{"taxonomy":"es_basement","embeddable":true,"href":"https:\/\/arriendo.com\/co\/wp-json\/wp\/v2\/es_basements?post=221808"},{"taxonomy":"es_floor_covering","embeddable":true,"href":"https:\/\/arriendo.com\/co\/wp-json\/wp\/v2\/es_floor_coverings?post=221808"},{"taxonomy":"es_feature","embeddable":true,"href":"https:\/\/arriendo.com\/co\/wp-json\/wp\/v2\/es_features?post=221808"},{"taxonomy":"es_amenity","embeddable":true,"href":"https:\/\/arriendo.com\/co\/wp-json\/wp\/v2\/es_amenities?post=221808"},{"taxonomy":"es_neighborhood","embeddable":true,"href":"https:\/\/arriendo.com\/co\/wp-json\/wp\/v2\/es_neighborhoods?post=221808"},{"taxonomy":"es_tag","embeddable":true,"href":"https:\/\/arriendo.com\/co\/wp-json\/wp\/v2\/es_tags?post=221808"}],"curies":[{"name":"wp","href":"https:\/\/api.w.org\/{rel}","templated":true}]}}

Apartamento en Arriendo en El Poblado, Medellín

<p>Descubra este excepcional apartamento dúplex con altillo, estratégicamente ubicado en El Poblado, a pasos de Vizcaya. Con una generosa área construida de 188 m² y un impresionante espacio libre de 114.68 m², esta propiedad de 232 m² totales ofrece amplitud y versatilidad.</p>
<p>En el primer nivel, disfrute de un elegante baño social, una acogedora zona de televisión con chimenea, una espaciosa sala y comedor, y una cocina integral cerrada, perfecta para los amantes de la gastronomía. Además, cuenta con una práctica zona de ropas y una habitación de servicio con baño completo. Este nivel se complementa con un depósito, una encantadora terraza semicubierta y un patio descubierto, ideales para el entretenimiento y la relajación. Los acabados en madera y la excelente altura de los techos realzan la sofisticación de cada espacio.</p>
<p>El segundo nivel alberga una sala de estudio, un baño social adicional y dos confortables habitaciones, incluyendo la principal con baño privado y vestier, ofreciendo un santuario de privacidad y confort.</p>
<p>La propiedad incluye dos parqueaderos privados y un cuarto útil compartido. Con un predial anual de $5.500.000 y un estrato 5, la administración se paga cuatrimestralmente por un valor aproximado de $800.000. Una característica destacada es su potencial para alquiler amoblado a través de plataformas como Airbnb, lo que lo convierte en una excelente oportunidad de inversión.</p>
<p>Para más información, contacte a Yensy Gaitán al 31021865</p>

Descubra este excepcional apartamento dúplex con altillo, estratégicamente ubicado en...
