{"id":221765,"date":"2026-01-21T10:45:39","date_gmt":"2026-01-21T15:45:39","guid":{"rendered":"https:\/\/arriendo.com\/co\/%es_type%\/%address_city%\/%neighborhood%\/cali-ciudad-jardin-apartamento-en-arriendo-en-3a3320\/"},"modified":"2026-01-21T10:45:39","modified_gmt":"2026-01-21T15:45:39","slug":"ar-221765","status":"publish","type":"properties","link":"https:\/\/arriendo.com\/co\/apartamentos\/cali\/ciudad-jardin\/ar-221765\/","title":{"rendered":"Apartamento en Arriendo en Ciudad jardin, Cali"},"content":{"rendered":"<p>Se alquila apartamento en conjunto residencial en Ciudad Jardin, segundo piso con ascensor. Dotado de sala comedor, balc\u00f3n amplio con vista a zona verde, cocina integral, ba\u00f1o social, cuarto de la empleada, zona de oficios, tres alcobas con closets, la principal con ba\u00f1o y vestier, ba\u00f1o de alcobas, dos parqueaderos lineal y la unidad tiene piscinas, gimnasio, juegos infantiles, sauna y vigilancia las 24\/7.<\/p>\n","protected":false},"excerpt":{"rendered":"Se alquila apartamento en conjunto residencial en Ciudad Jardin, segundo...","protected":false},"author":7716,"featured_media":212625,"template":"","es_locations":[179,335],"es_categories":[124],"es_types":[114],"es_rent_periods":[],"es_labels":[],"es_statuses":[],"es_parkings":[],"es_roofs":[],"es_exterior_materials":[],"es_basements":[],"es_floor_coverings":[],"es_features":[149,132,2145,133,2146,145,2272],"es_amenities":[2329,2186,2153,2154,2155,2160,2273],"es_neighborhoods":[],"es_tags":[],"class_list":["post-221765","properties","type-properties","status-publish","has-post-thumbnail","hentry","es_location-cali","es_location-ciudad-jardin","es_category-arriendo","es_type-apartamentos","es_feature-aire-acondicionado","es_feature-balcon","es_feature-calentador","es_feature-citofono","es_feature-cocina-integral","es_feature-instalacion-de-gas","es_feature-piso-en-baldosa-marmol","es_amenity-aire-acondicionado","es_amenity-balcon","es_amenity-calentador","es_amenity-citofono","es_amenity-cocina-integral","es_amenity-instalacion-de-gas","es_amenity-piso-en-baldosa-marmol","es-post-entity"],"_links":{"self":[{"href":"https:\/\/arriendo.com\/co\/wp-json\/wp\/v2\/properties\/221765","targetHints":{"allow":["GET"]}}],"collection":[{"href":"https:\/\/arriendo.com\/co\/wp-json\/wp\/v2\/properties"}],"about":[{"href":"https:\/\/arriendo.com\/co\/wp-json\/wp\/v2\/types\/properties"}],"author":[{"embeddable":true,"href":"https:\/\/arriendo.com\/co\/wp-json\/wp\/v2\/users\/7716"}],"version-history":[{"count":0,"href":"https:\/\/arriendo.com\/co\/wp-json\/wp\/v2\/properties\/221765\/revisions"}],"wp:featuredmedia":[{"embeddable":true,"href":"https:\/\/arriendo.com\/co\/wp-json\/wp\/v2\/media\/212625"}],"wp:attachment":[{"href":"https:\/\/arriendo.com\/co\/wp-json\/wp\/v2\/media?parent=221765"}],"wp:term":[{"taxonomy":"es_location","embeddable":true,"href":"https:\/\/arriendo.com\/co\/wp-json\/wp\/v2\/es_locations?post=221765"},{"taxonomy":"es_category","embeddable":true,"href":"https:\/\/arriendo.com\/co\/wp-json\/wp\/v2\/es_categories?post=221765"},{"taxonomy":"es_type","embeddable":true,"href":"https:\/\/arriendo.com\/co\/wp-json\/wp\/v2\/es_types?post=221765"},{"taxonomy":"es_rent_period","embeddable":true,"href":"https:\/\/arriendo.com\/co\/wp-json\/wp\/v2\/es_rent_periods?post=221765"},{"taxonomy":"es_label","embeddable":true,"href":"https:\/\/arriendo.com\/co\/wp-json\/wp\/v2\/es_labels?post=221765"},{"taxonomy":"es_status","embeddable":true,"href":"https:\/\/arriendo.com\/co\/wp-json\/wp\/v2\/es_statuses?post=221765"},{"taxonomy":"es_parking","embeddable":true,"href":"https:\/\/arriendo.com\/co\/wp-json\/wp\/v2\/es_parkings?post=221765"},{"taxonomy":"es_roof","embeddable":true,"href":"https:\/\/arriendo.com\/co\/wp-json\/wp\/v2\/es_roofs?post=221765"},{"taxonomy":"es_exterior_material","embeddable":true,"href":"https:\/\/arriendo.com\/co\/wp-json\/wp\/v2\/es_exterior_materials?post=221765"},{"taxonomy":"es_basement","embeddable":true,"href":"https:\/\/arriendo.com\/co\/wp-json\/wp\/v2\/es_basements?post=221765"},{"taxonomy":"es_floor_covering","embeddable":true,"href":"https:\/\/arriendo.com\/co\/wp-json\/wp\/v2\/es_floor_coverings?post=221765"},{"taxonomy":"es_feature","embeddable":true,"href":"https:\/\/arriendo.com\/co\/wp-json\/wp\/v2\/es_features?post=221765"},{"taxonomy":"es_amenity","embeddable":true,"href":"https:\/\/arriendo.com\/co\/wp-json\/wp\/v2\/es_amenities?post=221765"},{"taxonomy":"es_neighborhood","embeddable":true,"href":"https:\/\/arriendo.com\/co\/wp-json\/wp\/v2\/es_neighborhoods?post=221765"},{"taxonomy":"es_tag","embeddable":true,"href":"https:\/\/arriendo.com\/co\/wp-json\/wp\/v2\/es_tags?post=221765"}],"curies":[{"name":"wp","href":"https:\/\/api.w.org\/{rel}","templated":true}]}}

<p>Se alquila apartamento en conjunto residencial en Ciudad Jardin, segundo piso con ascensor. Dotado de sala comedor, balcón amplio con vista a zona verde, cocina integral, baño social, cuarto de la empleada, zona de oficios, tres alcobas con closets, la principal con baño y vestier, baño de alcobas, dos parqueaderos lineal y la unidad tiene piscinas, gimnasio, juegos infantiles, sauna y vigilancia las 24/7.</p>
