{"id":221735,"date":"2026-01-21T10:36:53","date_gmt":"2026-01-21T15:36:53","guid":{"rendered":"https:\/\/arriendo.com\/co\/%es_type%\/%address_city%\/%neighborhood%\/soledad-soledad-local-en-arriendo-560397\/"},"modified":"2026-01-21T10:36:53","modified_gmt":"2026-01-21T15:36:53","slug":"ar-221735","status":"publish","type":"properties","link":"https:\/\/arriendo.com\/co\/locales\/soledad\/soledad\/ar-221735\/","title":{"rendered":"Local en  Arriendo en Soledad"},"content":{"rendered":"<p>\u00a1Impulsa tu negocio en Bulevar Portocastello en Soledad! <\/p>\n<p>Locales comerciales de 73.78 m\u00b2, con doble altura, vitrina de vidrio y 19 bah\u00edas de parqueo p\u00fablico, en una ubicaci\u00f3n estrat\u00e9gica frente a zonas deportivas y dentro de una vibrante comunidad residencial con m\u00e1s de 6,000 posibles clientes.<\/p>\n<p>\u00a1Entrega inmediata!<\/p>\n<p>Cont\u00e1ctanos: 320 842 9914 &#8211; 310 218 9551<\/p>\n","protected":false},"excerpt":{"rendered":"\u00a1Impulsa tu negocio en Bulevar Portocastello en Soledad! Locales comerciales...","protected":false},"author":7624,"featured_media":212410,"template":"","es_locations":[81,325],"es_categories":[124],"es_types":[117],"es_rent_periods":[],"es_labels":[],"es_statuses":[],"es_parkings":[],"es_roofs":[],"es_exterior_materials":[],"es_basements":[],"es_floor_coverings":[],"es_features":[2265,2201,2176,2203,2385,2216,2132,2488,2337,2135,2239,2137,2152],"es_amenities":[2268,2206,2191,2208,2386,156,2140,2489,2340,2142,2256,2144,2162],"es_neighborhoods":[],"es_tags":[],"class_list":["post-221735","properties","type-properties","status-publish","has-post-thumbnail","hentry","es_location-atlantico","es_location-soledad","es_category-arriendo","es_type-locales","es_feature-bahia-exterior-de-parqueo","es_feature-en-zona-comercial","es_feature-en-zona-residencial","es_feature-jardines-exteriores","es_feature-local-exterior","es_feature-parqueadero-visitantes","es_feature-parques-cercanos","es_feature-pasaje-comercial","es_feature-piso-en-cemento","es_feature-sobre-via-principal","es_feature-sobre-via-secundaria","es_feature-zona-comercial","es_feature-zona-residencial","es_amenity-bahia-exterior-de-parqueo","es_amenity-en-zona-comercial","es_amenity-en-zona-residencial","es_amenity-jardines-exteriores","es_amenity-local-exterior","es_amenity-parqueadero-visitantes","es_amenity-parques-cercanos","es_amenity-pasaje-comercial","es_amenity-piso-en-cemento","es_amenity-sobre-via-principal","es_amenity-sobre-via-secundaria","es_amenity-zona-comercial","es_amenity-zona-residencial","es-post-entity"],"_links":{"self":[{"href":"https:\/\/arriendo.com\/co\/wp-json\/wp\/v2\/properties\/221735","targetHints":{"allow":["GET"]}}],"collection":[{"href":"https:\/\/arriendo.com\/co\/wp-json\/wp\/v2\/properties"}],"about":[{"href":"https:\/\/arriendo.com\/co\/wp-json\/wp\/v2\/types\/properties"}],"author":[{"embeddable":true,"href":"https:\/\/arriendo.com\/co\/wp-json\/wp\/v2\/users\/7624"}],"version-history":[{"count":0,"href":"https:\/\/arriendo.com\/co\/wp-json\/wp\/v2\/properties\/221735\/revisions"}],"wp:featuredmedia":[{"embeddable":true,"href":"https:\/\/arriendo.com\/co\/wp-json\/wp\/v2\/media\/212410"}],"wp:attachment":[{"href":"https:\/\/arriendo.com\/co\/wp-json\/wp\/v2\/media?parent=221735"}],"wp:term":[{"taxonomy":"es_location","embeddable":true,"href":"https:\/\/arriendo.com\/co\/wp-json\/wp\/v2\/es_locations?post=221735"},{"taxonomy":"es_category","embeddable":true,"href":"https:\/\/arriendo.com\/co\/wp-json\/wp\/v2\/es_categories?post=221735"},{"taxonomy":"es_type","embeddable":true,"href":"https:\/\/arriendo.com\/co\/wp-json\/wp\/v2\/es_types?post=221735"},{"taxonomy":"es_rent_period","embeddable":true,"href":"https:\/\/arriendo.com\/co\/wp-json\/wp\/v2\/es_rent_periods?post=221735"},{"taxonomy":"es_label","embeddable":true,"href":"https:\/\/arriendo.com\/co\/wp-json\/wp\/v2\/es_labels?post=221735"},{"taxonomy":"es_status","embeddable":true,"href":"https:\/\/arriendo.com\/co\/wp-json\/wp\/v2\/es_statuses?post=221735"},{"taxonomy":"es_parking","embeddable":true,"href":"https:\/\/arriendo.com\/co\/wp-json\/wp\/v2\/es_parkings?post=221735"},{"taxonomy":"es_roof","embeddable":true,"href":"https:\/\/arriendo.com\/co\/wp-json\/wp\/v2\/es_roofs?post=221735"},{"taxonomy":"es_exterior_material","embeddable":true,"href":"https:\/\/arriendo.com\/co\/wp-json\/wp\/v2\/es_exterior_materials?post=221735"},{"taxonomy":"es_basement","embeddable":true,"href":"https:\/\/arriendo.com\/co\/wp-json\/wp\/v2\/es_basements?post=221735"},{"taxonomy":"es_floor_covering","embeddable":true,"href":"https:\/\/arriendo.com\/co\/wp-json\/wp\/v2\/es_floor_coverings?post=221735"},{"taxonomy":"es_feature","embeddable":true,"href":"https:\/\/arriendo.com\/co\/wp-json\/wp\/v2\/es_features?post=221735"},{"taxonomy":"es_amenity","embeddable":true,"href":"https:\/\/arriendo.com\/co\/wp-json\/wp\/v2\/es_amenities?post=221735"},{"taxonomy":"es_neighborhood","embeddable":true,"href":"https:\/\/arriendo.com\/co\/wp-json\/wp\/v2\/es_neighborhoods?post=221735"},{"taxonomy":"es_tag","embeddable":true,"href":"https:\/\/arriendo.com\/co\/wp-json\/wp\/v2\/es_tags?post=221735"}],"curies":[{"name":"wp","href":"https:\/\/api.w.org\/{rel}","templated":true}]}}

<p>¡Impulsa tu negocio en Bulevar Portocastello en Soledad! </p>
<p>Locales comerciales de 73.78 m², con doble altura, vitrina de vidrio y 19 bahías de parqueo público, en una ubicación estratégica frente a zonas deportivas y dentro de una vibrante comunidad residencial con más de 6,000 posibles clientes.</p>
<p>¡Entrega inmediata!</p>
<p>Contáctanos: 320 842 9914 &#8211; 310 218 9551</p>
