{"id":221595,"date":"2026-01-21T09:35:18","date_gmt":"2026-01-21T14:35:18","guid":{"rendered":"https:\/\/arriendo.com\/co\/%es_type%\/%address_city%\/%neighborhood%\/cali-los-parques-barranquilla-edificio-en-arriendo-en-6c021c\/"},"modified":"2026-01-21T09:35:18","modified_gmt":"2026-01-21T14:35:18","slug":"ar-221595","status":"publish","type":"properties","link":"https:\/\/arriendo.com\/co\/edificios\/cali\/los-parques-barranquilla\/ar-221595\/","title":{"rendered":"Edificio en Arriendo en Los parques &#8211; barranquilla, Cali"},"content":{"rendered":"<p>En venta, se encuentra este amplio y atractivo edificio de cuatro pisos ubicado al norte\u00a0de Cali, en el departamento del Valle del Cauca, una de las ciudades m\u00e1s importantes de Colombia. Con una superficie de terreno de 106.25 metros cuadrados y una construcci\u00f3n de 322.50 metros cuadrados, esta propiedad es ideal para emprender nuevos negocios o invertir en el mercado inmobiliario. En el edificio funcionaba la sede de Talleres de un Colegio y se encuentra distribuido de la siguiente manera:_x000D_<br \/>\nPrimer piso: Aula1, Aula 2, Ba\u00f1o. Segundo Piso: Aula 3, Ba\u00f1o. Tercer Piso: Aula 4, Cuarto auxiliar. Cuarto Piso: Aula 5, Salon Auxiliar, 2 Ba\u00f1os, Orinal. Entre las caracter\u00edsticas internas del inmueble, se destacan su sistema de alarma, ideal para garantizar la seguridad de los ocupantes y proteger los bienes en su interior. Tambi\u00e9n posee cuatro ba\u00f1os \u00a0y dep\u00f3sito, lo que brinda mayor comodidad y organizaci\u00f3n en el lugar de trabajo.<\/p>\n","protected":false},"excerpt":{"rendered":"En venta, se encuentra este amplio y atractivo edificio de...","protected":false},"author":7134,"featured_media":211375,"template":"","es_locations":[179,1825],"es_categories":[124],"es_types":[122],"es_rent_periods":[],"es_labels":[],"es_statuses":[],"es_parkings":[],"es_roofs":[],"es_exterior_materials":[],"es_basements":[],"es_floor_coverings":[],"es_features":[2230,2212,2293,2131,2430,136,2370,2181,2389,2237,143,2136,2228,144,2152],"es_amenities":[2243,2217,2295,2139,2434,2158,2371,2397,160,2290,2143,2258,161,2289,2162],"es_neighborhoods":[],"es_tags":[],"class_list":["post-221595","properties","type-properties","status-publish","has-post-thumbnail","hentry","es_location-cali","es_location-los-parques-barranquilla","es_category-arriendo","es_type-edificios","es_feature-alcantarillado","es_feature-bano-auxiliar","es_feature-cerca-centro-comercial","es_feature-circuito-cerrado-de-tv","es_feature-deteccion-de-humo","es_feature-estudio","es_feature-oficina-de-negocios","es_feature-porteria-vigilancia","es_feature-salon-de-videoconferencias","es_feature-seguridad","es_feature-terraza","es_feature-trans-publico-cercano","es_feature-ventilacion-natural","es_feature-vista-panoramica","es_feature-zona-residencial","es_amenity-alcantarillado","es_amenity-bano-auxiliar","es_amenity-cerca-centro-comercial","es_amenity-circuito-cerrado-de-tv","es_amenity-deteccion-de-humo","es_amenity-estudio","es_amenity-oficina-de-negocios","es_amenity-salon-de-videoconferencias","es_amenity-seguridad-cctv","es_amenity-terraza","es_amenity-trans-publico-cercano","es_amenity-ventilacion-natural","es_amenity-vigilancia-24-7","es_amenity-vista-panoramica","es_amenity-zona-residencial","es-post-entity"],"_links":{"self":[{"href":"https:\/\/arriendo.com\/co\/wp-json\/wp\/v2\/properties\/221595","targetHints":{"allow":["GET"]}}],"collection":[{"href":"https:\/\/arriendo.com\/co\/wp-json\/wp\/v2\/properties"}],"about":[{"href":"https:\/\/arriendo.com\/co\/wp-json\/wp\/v2\/types\/properties"}],"author":[{"embeddable":true,"href":"https:\/\/arriendo.com\/co\/wp-json\/wp\/v2\/users\/7134"}],"version-history":[{"count":0,"href":"https:\/\/arriendo.com\/co\/wp-json\/wp\/v2\/properties\/221595\/revisions"}],"wp:featuredmedia":[{"embeddable":true,"href":"https:\/\/arriendo.com\/co\/wp-json\/wp\/v2\/media\/211375"}],"wp:attachment":[{"href":"https:\/\/arriendo.com\/co\/wp-json\/wp\/v2\/media?parent=221595"}],"wp:term":[{"taxonomy":"es_location","embeddable":true,"href":"https:\/\/arriendo.com\/co\/wp-json\/wp\/v2\/es_locations?post=221595"},{"taxonomy":"es_category","embeddable":true,"href":"https:\/\/arriendo.com\/co\/wp-json\/wp\/v2\/es_categories?post=221595"},{"taxonomy":"es_type","embeddable":true,"href":"https:\/\/arriendo.com\/co\/wp-json\/wp\/v2\/es_types?post=221595"},{"taxonomy":"es_rent_period","embeddable":true,"href":"https:\/\/arriendo.com\/co\/wp-json\/wp\/v2\/es_rent_periods?post=221595"},{"taxonomy":"es_label","embeddable":true,"href":"https:\/\/arriendo.com\/co\/wp-json\/wp\/v2\/es_labels?post=221595"},{"taxonomy":"es_status","embeddable":true,"href":"https:\/\/arriendo.com\/co\/wp-json\/wp\/v2\/es_statuses?post=221595"},{"taxonomy":"es_parking","embeddable":true,"href":"https:\/\/arriendo.com\/co\/wp-json\/wp\/v2\/es_parkings?post=221595"},{"taxonomy":"es_roof","embeddable":true,"href":"https:\/\/arriendo.com\/co\/wp-json\/wp\/v2\/es_roofs?post=221595"},{"taxonomy":"es_exterior_material","embeddable":true,"href":"https:\/\/arriendo.com\/co\/wp-json\/wp\/v2\/es_exterior_materials?post=221595"},{"taxonomy":"es_basement","embeddable":true,"href":"https:\/\/arriendo.com\/co\/wp-json\/wp\/v2\/es_basements?post=221595"},{"taxonomy":"es_floor_covering","embeddable":true,"href":"https:\/\/arriendo.com\/co\/wp-json\/wp\/v2\/es_floor_coverings?post=221595"},{"taxonomy":"es_feature","embeddable":true,"href":"https:\/\/arriendo.com\/co\/wp-json\/wp\/v2\/es_features?post=221595"},{"taxonomy":"es_amenity","embeddable":true,"href":"https:\/\/arriendo.com\/co\/wp-json\/wp\/v2\/es_amenities?post=221595"},{"taxonomy":"es_neighborhood","embeddable":true,"href":"https:\/\/arriendo.com\/co\/wp-json\/wp\/v2\/es_neighborhoods?post=221595"},{"taxonomy":"es_tag","embeddable":true,"href":"https:\/\/arriendo.com\/co\/wp-json\/wp\/v2\/es_tags?post=221595"}],"curies":[{"name":"wp","href":"https:\/\/api.w.org\/{rel}","templated":true}]}}

<p>En venta, se encuentra este amplio y atractivo edificio de cuatro pisos ubicado al norte de Cali, en el departamento del Valle del Cauca, una de las ciudades más importantes de Colombia. Con una superficie de terreno de 106.25 metros cuadrados y una construcción de 322.50 metros cuadrados, esta propiedad es ideal para emprender nuevos negocios o invertir en el mercado inmobiliario. En el edificio funcionaba la sede de Talleres de un Colegio y se encuentra distribuido de la siguiente manera:_x000D_<br />
Primer piso: Aula1, Aula 2, Baño. Segundo Piso: Aula 3, Baño. Tercer Piso: Aula 4, Cuarto auxiliar. Cuarto Piso: Aula 5, Salon Auxiliar, 2 Baños, Orinal. Entre las características internas del inmueble, se destacan su sistema de alarma, ideal para garantizar la seguridad de los ocupantes y proteger los bienes en su interior. También posee cuatro baños  y depósito, lo que brinda mayor comodidad y organización en el lugar de trabajo.</p>
