{"id":219081,"date":"2026-01-19T07:11:05","date_gmt":"2026-01-19T12:11:05","guid":{"rendered":"https:\/\/arriendo.com\/co\/%es_type%\/%address_city%\/%neighborhood%\/\/"},"modified":"2026-01-19T07:11:05","modified_gmt":"2026-01-19T12:11:05","slug":"ar-219081","status":"publish","type":"properties","link":"https:\/\/arriendo.com\/co\/apartamentos\/cali\/villa-del-sol\/ar-219081\/","title":{"rendered":"Arrendo apartamento norte"},"content":{"rendered":"<p>Arrendo apartamento con excelente ubicaci\u00f3n en el norte de Cali, cerca a Alkosto y 14 de Calima. Estaci\u00f3n del MIO. Amplio, iluminado. Sala comedor, cocina, 3 alcobas, 2 ba\u00f1os. Parqueadero propio en s\u00f3tano. Conjunto residencial con seguridad privada, piscina, zonas verdes, juegos infantiles.<\/p>\n","protected":false},"excerpt":{"rendered":"Arrendo apartamento con excelente ubicaci\u00f3n en el norte de Cali,...","protected":false},"author":5272,"featured_media":219072,"template":"","es_locations":[179,418,2677],"es_categories":[124],"es_types":[114],"es_rent_periods":[],"es_labels":[1951],"es_statuses":[126],"es_parkings":[],"es_roofs":[],"es_exterior_materials":[],"es_basements":[],"es_floor_coverings":[],"es_features":[],"es_amenities":[],"es_neighborhoods":[],"es_tags":[],"class_list":["post-219081","properties","type-properties","status-publish","has-post-thumbnail","hentry","es_location-cali","es_location-colombia","es_location-villa-del-sol","es_category-arriendo","es_type-apartamentos","es_label-destacado","es_status-usado","es-post-entity"],"_links":{"self":[{"href":"https:\/\/arriendo.com\/co\/wp-json\/wp\/v2\/properties\/219081","targetHints":{"allow":["GET"]}}],"collection":[{"href":"https:\/\/arriendo.com\/co\/wp-json\/wp\/v2\/properties"}],"about":[{"href":"https:\/\/arriendo.com\/co\/wp-json\/wp\/v2\/types\/properties"}],"author":[{"embeddable":true,"href":"https:\/\/arriendo.com\/co\/wp-json\/wp\/v2\/users\/5272"}],"version-history":[{"count":0,"href":"https:\/\/arriendo.com\/co\/wp-json\/wp\/v2\/properties\/219081\/revisions"}],"wp:featuredmedia":[{"embeddable":true,"href":"https:\/\/arriendo.com\/co\/wp-json\/wp\/v2\/media\/219072"}],"wp:attachment":[{"href":"https:\/\/arriendo.com\/co\/wp-json\/wp\/v2\/media?parent=219081"}],"wp:term":[{"taxonomy":"es_location","embeddable":true,"href":"https:\/\/arriendo.com\/co\/wp-json\/wp\/v2\/es_locations?post=219081"},{"taxonomy":"es_category","embeddable":true,"href":"https:\/\/arriendo.com\/co\/wp-json\/wp\/v2\/es_categories?post=219081"},{"taxonomy":"es_type","embeddable":true,"href":"https:\/\/arriendo.com\/co\/wp-json\/wp\/v2\/es_types?post=219081"},{"taxonomy":"es_rent_period","embeddable":true,"href":"https:\/\/arriendo.com\/co\/wp-json\/wp\/v2\/es_rent_periods?post=219081"},{"taxonomy":"es_label","embeddable":true,"href":"https:\/\/arriendo.com\/co\/wp-json\/wp\/v2\/es_labels?post=219081"},{"taxonomy":"es_status","embeddable":true,"href":"https:\/\/arriendo.com\/co\/wp-json\/wp\/v2\/es_statuses?post=219081"},{"taxonomy":"es_parking","embeddable":true,"href":"https:\/\/arriendo.com\/co\/wp-json\/wp\/v2\/es_parkings?post=219081"},{"taxonomy":"es_roof","embeddable":true,"href":"https:\/\/arriendo.com\/co\/wp-json\/wp\/v2\/es_roofs?post=219081"},{"taxonomy":"es_exterior_material","embeddable":true,"href":"https:\/\/arriendo.com\/co\/wp-json\/wp\/v2\/es_exterior_materials?post=219081"},{"taxonomy":"es_basement","embeddable":true,"href":"https:\/\/arriendo.com\/co\/wp-json\/wp\/v2\/es_basements?post=219081"},{"taxonomy":"es_floor_covering","embeddable":true,"href":"https:\/\/arriendo.com\/co\/wp-json\/wp\/v2\/es_floor_coverings?post=219081"},{"taxonomy":"es_feature","embeddable":true,"href":"https:\/\/arriendo.com\/co\/wp-json\/wp\/v2\/es_features?post=219081"},{"taxonomy":"es_amenity","embeddable":true,"href":"https:\/\/arriendo.com\/co\/wp-json\/wp\/v2\/es_amenities?post=219081"},{"taxonomy":"es_neighborhood","embeddable":true,"href":"https:\/\/arriendo.com\/co\/wp-json\/wp\/v2\/es_neighborhoods?post=219081"},{"taxonomy":"es_tag","embeddable":true,"href":"https:\/\/arriendo.com\/co\/wp-json\/wp\/v2\/es_tags?post=219081"}],"curies":[{"name":"wp","href":"https:\/\/api.w.org\/{rel}","templated":true}]}}

<p>Arrendo apartamento con excelente ubicación en el norte de Cali, cerca a Alkosto y 14 de Calima. Estación del MIO. Amplio, iluminado. Sala comedor, cocina, 3 alcobas, 2 baños. Parqueadero propio en sótano. Conjunto residencial con seguridad privada, piscina, zonas verdes, juegos infantiles.</p>

Arrendo apartamento con excelente ubicación en el norte de Cali,...
