{"id":215564,"date":"2026-01-14T14:06:43","date_gmt":"2026-01-14T19:06:43","guid":{"rendered":"https:\/\/arriendo.com\/co\/%es_type%\/\/%neighborhood%\/AR-0\/"},"modified":"2026-01-14T14:06:43","modified_gmt":"2026-01-14T19:06:43","slug":"ar-215564","status":"publish","type":"properties","link":"https:\/\/arriendo.com\/co\/habitaciones\/bogota\/el-chico\/ar-215564\/","title":{"rendered":"Habitaci\u00f3n en Arriendo en El chico, Bogot\u00e1"},"content":{"rendered":"<p>Se arrienda una espaciosa habitaci\u00f3n ubicada en un amplio apartamento en el exclusivo sector de La Cabrera.<\/p>\n","protected":false},"excerpt":{"rendered":"Se arrienda una espaciosa habitaci\u00f3n ubicada en un amplio apartamento...","protected":false},"author":4102,"featured_media":215566,"template":"","es_locations":[110,77,257],"es_categories":[124],"es_types":[123],"es_rent_periods":[],"es_labels":[],"es_statuses":[126],"es_parkings":[],"es_roofs":[],"es_exterior_materials":[],"es_basements":[],"es_floor_coverings":[],"es_features":[2262,131,132,2145,133,2146],"es_amenities":[2267,152,2186,2153,2154,2155],"es_neighborhoods":[],"es_tags":[],"class_list":["post-215564","properties","type-properties","status-publish","has-post-thumbnail","hentry","es_location-bogota","es_location-bogota-d-c","es_location-el-chico","es_category-arriendo","es_type-habitaciones","es_status-usado","es_feature-amoblado","es_feature-ascensor","es_feature-balcon","es_feature-calentador","es_feature-citofono","es_feature-cocina-integral","es_amenity-amoblado","es_amenity-ascensor-privado","es_amenity-balcon","es_amenity-calentador","es_amenity-citofono","es_amenity-cocina-integral","es-post-entity"],"_links":{"self":[{"href":"https:\/\/arriendo.com\/co\/wp-json\/wp\/v2\/properties\/215564","targetHints":{"allow":["GET"]}}],"collection":[{"href":"https:\/\/arriendo.com\/co\/wp-json\/wp\/v2\/properties"}],"about":[{"href":"https:\/\/arriendo.com\/co\/wp-json\/wp\/v2\/types\/properties"}],"author":[{"embeddable":true,"href":"https:\/\/arriendo.com\/co\/wp-json\/wp\/v2\/users\/4102"}],"version-history":[{"count":0,"href":"https:\/\/arriendo.com\/co\/wp-json\/wp\/v2\/properties\/215564\/revisions"}],"wp:featuredmedia":[{"embeddable":true,"href":"https:\/\/arriendo.com\/co\/wp-json\/wp\/v2\/media\/215566"}],"wp:attachment":[{"href":"https:\/\/arriendo.com\/co\/wp-json\/wp\/v2\/media?parent=215564"}],"wp:term":[{"taxonomy":"es_location","embeddable":true,"href":"https:\/\/arriendo.com\/co\/wp-json\/wp\/v2\/es_locations?post=215564"},{"taxonomy":"es_category","embeddable":true,"href":"https:\/\/arriendo.com\/co\/wp-json\/wp\/v2\/es_categories?post=215564"},{"taxonomy":"es_type","embeddable":true,"href":"https:\/\/arriendo.com\/co\/wp-json\/wp\/v2\/es_types?post=215564"},{"taxonomy":"es_rent_period","embeddable":true,"href":"https:\/\/arriendo.com\/co\/wp-json\/wp\/v2\/es_rent_periods?post=215564"},{"taxonomy":"es_label","embeddable":true,"href":"https:\/\/arriendo.com\/co\/wp-json\/wp\/v2\/es_labels?post=215564"},{"taxonomy":"es_status","embeddable":true,"href":"https:\/\/arriendo.com\/co\/wp-json\/wp\/v2\/es_statuses?post=215564"},{"taxonomy":"es_parking","embeddable":true,"href":"https:\/\/arriendo.com\/co\/wp-json\/wp\/v2\/es_parkings?post=215564"},{"taxonomy":"es_roof","embeddable":true,"href":"https:\/\/arriendo.com\/co\/wp-json\/wp\/v2\/es_roofs?post=215564"},{"taxonomy":"es_exterior_material","embeddable":true,"href":"https:\/\/arriendo.com\/co\/wp-json\/wp\/v2\/es_exterior_materials?post=215564"},{"taxonomy":"es_basement","embeddable":true,"href":"https:\/\/arriendo.com\/co\/wp-json\/wp\/v2\/es_basements?post=215564"},{"taxonomy":"es_floor_covering","embeddable":true,"href":"https:\/\/arriendo.com\/co\/wp-json\/wp\/v2\/es_floor_coverings?post=215564"},{"taxonomy":"es_feature","embeddable":true,"href":"https:\/\/arriendo.com\/co\/wp-json\/wp\/v2\/es_features?post=215564"},{"taxonomy":"es_amenity","embeddable":true,"href":"https:\/\/arriendo.com\/co\/wp-json\/wp\/v2\/es_amenities?post=215564"},{"taxonomy":"es_neighborhood","embeddable":true,"href":"https:\/\/arriendo.com\/co\/wp-json\/wp\/v2\/es_neighborhoods?post=215564"},{"taxonomy":"es_tag","embeddable":true,"href":"https:\/\/arriendo.com\/co\/wp-json\/wp\/v2\/es_tags?post=215564"}],"curies":[{"name":"wp","href":"https:\/\/api.w.org\/{rel}","templated":true}]}}

Habitación en Arriendo en El chico, Bogotá

<p>Se arrienda una espaciosa habitación ubicada en un amplio apartamento en el exclusivo sector de La Cabrera.</p>

Se arrienda una espaciosa habitación ubicada en un amplio apartamento...
