{"id":215041,"date":"2026-01-14T13:23:52","date_gmt":"2026-01-14T18:23:52","guid":{"rendered":"https:\/\/arriendo.com\/co\/%es_type%\/\/%neighborhood%\/AR-0\/"},"modified":"2026-01-14T13:23:53","modified_gmt":"2026-01-14T18:23:53","slug":"ar-215041","status":"publish","type":"properties","link":"https:\/\/arriendo.com\/co\/locales\/itagui\/la-union\/ar-215041\/","title":{"rendered":"Local en Arriendo en La union, Itagu\u00ed"},"content":{"rendered":"<p>Este local, completamente nuevo y dise\u00f1ado con los m\u00e1s altos est\u00e1ndares de seguridad, ofrece un espacio amplio y una iluminaci\u00f3n excepcional, creando el ambiente perfecto para el \u00e9xito de su pr\u00f3ximo emprendimiento. Su versatilidad lo convierte en la opci\u00f3n ideal para una vasta gama de negocios,  La distribuci\u00f3n abierta permite una personalizaci\u00f3n completa para adaptarse a sus necesidades espec\u00edficas, mientras que los acabados modernos y de alta calidad garantizan una imagen profesional y atractiva para sus clientes. Ubicado estrat\u00e9gicamente, este espacio no solo promete visibilidad, sino tambi\u00e9n un entorno seguro y confortable para el desarrollo de sus actividades comerciales.<\/p>\n","protected":false},"excerpt":{"rendered":"Este local, completamente nuevo y dise\u00f1ado con los m\u00e1s altos...","protected":false},"author":4102,"featured_media":215043,"template":"","es_locations":[79,475,2660],"es_categories":[124],"es_types":[117],"es_rent_periods":[],"es_labels":[],"es_statuses":[126],"es_parkings":[],"es_roofs":[],"es_exterior_materials":[],"es_basements":[],"es_floor_coverings":[],"es_features":[2302,2296,2201,2176,2203,2385,2132,2272,2135,2137,2152],"es_amenities":[2303,2298,2206,2191,2208,2386,2140,2273,2142,2144,2162],"es_neighborhoods":[],"es_tags":[],"class_list":["post-215041","properties","type-properties","status-publish","has-post-thumbnail","hentry","es_location-antioquia","es_location-itagui","es_location-la-union","es_category-arriendo","es_type-locales","es_status-usado","es_feature-cocineta","es_feature-en-edificio","es_feature-en-zona-comercial","es_feature-en-zona-residencial","es_feature-jardines-exteriores","es_feature-local-exterior","es_feature-parques-cercanos","es_feature-piso-en-baldosa-marmol","es_feature-sobre-via-principal","es_feature-zona-comercial","es_feature-zona-residencial","es_amenity-cocineta","es_amenity-en-edificio","es_amenity-en-zona-comercial","es_amenity-en-zona-residencial","es_amenity-jardines-exteriores","es_amenity-local-exterior","es_amenity-parques-cercanos","es_amenity-piso-en-baldosa-marmol","es_amenity-sobre-via-principal","es_amenity-zona-comercial","es_amenity-zona-residencial","es-post-entity"],"_links":{"self":[{"href":"https:\/\/arriendo.com\/co\/wp-json\/wp\/v2\/properties\/215041","targetHints":{"allow":["GET"]}}],"collection":[{"href":"https:\/\/arriendo.com\/co\/wp-json\/wp\/v2\/properties"}],"about":[{"href":"https:\/\/arriendo.com\/co\/wp-json\/wp\/v2\/types\/properties"}],"author":[{"embeddable":true,"href":"https:\/\/arriendo.com\/co\/wp-json\/wp\/v2\/users\/4102"}],"version-history":[{"count":0,"href":"https:\/\/arriendo.com\/co\/wp-json\/wp\/v2\/properties\/215041\/revisions"}],"wp:featuredmedia":[{"embeddable":true,"href":"https:\/\/arriendo.com\/co\/wp-json\/wp\/v2\/media\/215043"}],"wp:attachment":[{"href":"https:\/\/arriendo.com\/co\/wp-json\/wp\/v2\/media?parent=215041"}],"wp:term":[{"taxonomy":"es_location","embeddable":true,"href":"https:\/\/arriendo.com\/co\/wp-json\/wp\/v2\/es_locations?post=215041"},{"taxonomy":"es_category","embeddable":true,"href":"https:\/\/arriendo.com\/co\/wp-json\/wp\/v2\/es_categories?post=215041"},{"taxonomy":"es_type","embeddable":true,"href":"https:\/\/arriendo.com\/co\/wp-json\/wp\/v2\/es_types?post=215041"},{"taxonomy":"es_rent_period","embeddable":true,"href":"https:\/\/arriendo.com\/co\/wp-json\/wp\/v2\/es_rent_periods?post=215041"},{"taxonomy":"es_label","embeddable":true,"href":"https:\/\/arriendo.com\/co\/wp-json\/wp\/v2\/es_labels?post=215041"},{"taxonomy":"es_status","embeddable":true,"href":"https:\/\/arriendo.com\/co\/wp-json\/wp\/v2\/es_statuses?post=215041"},{"taxonomy":"es_parking","embeddable":true,"href":"https:\/\/arriendo.com\/co\/wp-json\/wp\/v2\/es_parkings?post=215041"},{"taxonomy":"es_roof","embeddable":true,"href":"https:\/\/arriendo.com\/co\/wp-json\/wp\/v2\/es_roofs?post=215041"},{"taxonomy":"es_exterior_material","embeddable":true,"href":"https:\/\/arriendo.com\/co\/wp-json\/wp\/v2\/es_exterior_materials?post=215041"},{"taxonomy":"es_basement","embeddable":true,"href":"https:\/\/arriendo.com\/co\/wp-json\/wp\/v2\/es_basements?post=215041"},{"taxonomy":"es_floor_covering","embeddable":true,"href":"https:\/\/arriendo.com\/co\/wp-json\/wp\/v2\/es_floor_coverings?post=215041"},{"taxonomy":"es_feature","embeddable":true,"href":"https:\/\/arriendo.com\/co\/wp-json\/wp\/v2\/es_features?post=215041"},{"taxonomy":"es_amenity","embeddable":true,"href":"https:\/\/arriendo.com\/co\/wp-json\/wp\/v2\/es_amenities?post=215041"},{"taxonomy":"es_neighborhood","embeddable":true,"href":"https:\/\/arriendo.com\/co\/wp-json\/wp\/v2\/es_neighborhoods?post=215041"},{"taxonomy":"es_tag","embeddable":true,"href":"https:\/\/arriendo.com\/co\/wp-json\/wp\/v2\/es_tags?post=215041"}],"curies":[{"name":"wp","href":"https:\/\/api.w.org\/{rel}","templated":true}]}}

Local en Arriendo en La union, Itaguí

<p>Este local, completamente nuevo y diseñado con los más altos estándares de seguridad, ofrece un espacio amplio y una iluminación excepcional, creando el ambiente perfecto para el éxito de su próximo emprendimiento. Su versatilidad lo convierte en la opción ideal para una vasta gama de negocios,  La distribución abierta permite una personalización completa para adaptarse a sus necesidades específicas, mientras que los acabados modernos y de alta calidad garantizan una imagen profesional y atractiva para sus clientes. Ubicado estratégicamente, este espacio no solo promete visibilidad, sino también un entorno seguro y confortable para el desarrollo de sus actividades comerciales.</p>

Este local, completamente nuevo y diseñado con los más altos...
