{"id":214631,"date":"2026-01-14T12:52:08","date_gmt":"2026-01-14T17:52:08","guid":{"rendered":"https:\/\/arriendo.com\/co\/%es_type%\/\/%neighborhood%\/AR-0\/"},"modified":"2026-01-14T12:52:08","modified_gmt":"2026-01-14T17:52:08","slug":"ar-214631","status":"publish","type":"properties","link":"https:\/\/arriendo.com\/co\/habitaciones\/bogota\/galerias\/ar-214631\/","title":{"rendered":"Habitaci\u00f3n en Arriendo en Galerias, Bogot\u00e1"},"content":{"rendered":"<p>Arrendamos habitaci\u00f3n en punto muy central de la ciudad, a tres cuadras de la estaci\u00f3n del Campin de la NQS. Completa y bonita, casa adaptada para universitarios. Todos los servicios incluidos. Se arrienda solo a universitarios o trabajadores con contrato indefinido menores de 35 a\u00f1os. Arriendo amoblado con closet, cama y colch\u00f3n. Se entregan llaves, circuito de c\u00e1maras de seguridad. Dep\u00f3sito 100.000 y se arrienda m\u00ednimo por 4 meses. Desde 480.000 mensual con todos los servicios incluidos.<\/p>\n","protected":false},"excerpt":{"rendered":"Arrendamos habitaci\u00f3n en punto muy central de la ciudad, a...","protected":false},"author":4102,"featured_media":214633,"template":"","es_locations":[110,77,753],"es_categories":[124],"es_types":[123],"es_rent_periods":[],"es_labels":[],"es_statuses":[126],"es_parkings":[],"es_roofs":[],"es_exterior_materials":[],"es_basements":[],"es_floor_coverings":[],"es_features":[2262,2146,2148,145,2132,2150,2136,2137,2151,2152],"es_amenities":[2267,2155,2157,2160,2140,2161,2143,2144,162,2162],"es_neighborhoods":[],"es_tags":[],"class_list":["post-214631","properties","type-properties","status-publish","has-post-thumbnail","hentry","es_location-bogota","es_location-bogota-d-c","es_location-galerias","es_category-arriendo","es_type-habitaciones","es_status-usado","es_feature-amoblado","es_feature-cocina-integral","es_feature-colegios-universidades","es_feature-instalacion-de-gas","es_feature-parques-cercanos","es_feature-supermercados-c-comerciales","es_feature-trans-publico-cercano","es_feature-zona-comercial","es_feature-zona-de-lavanderia","es_feature-zona-residencial","es_amenity-amoblado","es_amenity-cocina-integral","es_amenity-colegios-universidades","es_amenity-instalacion-de-gas","es_amenity-parques-cercanos","es_amenity-supermercados-c-comerciales","es_amenity-trans-publico-cercano","es_amenity-zona-comercial","es_amenity-zona-de-lavanderia","es_amenity-zona-residencial","es-post-entity"],"_links":{"self":[{"href":"https:\/\/arriendo.com\/co\/wp-json\/wp\/v2\/properties\/214631","targetHints":{"allow":["GET"]}}],"collection":[{"href":"https:\/\/arriendo.com\/co\/wp-json\/wp\/v2\/properties"}],"about":[{"href":"https:\/\/arriendo.com\/co\/wp-json\/wp\/v2\/types\/properties"}],"author":[{"embeddable":true,"href":"https:\/\/arriendo.com\/co\/wp-json\/wp\/v2\/users\/4102"}],"version-history":[{"count":0,"href":"https:\/\/arriendo.com\/co\/wp-json\/wp\/v2\/properties\/214631\/revisions"}],"wp:featuredmedia":[{"embeddable":true,"href":"https:\/\/arriendo.com\/co\/wp-json\/wp\/v2\/media\/214633"}],"wp:attachment":[{"href":"https:\/\/arriendo.com\/co\/wp-json\/wp\/v2\/media?parent=214631"}],"wp:term":[{"taxonomy":"es_location","embeddable":true,"href":"https:\/\/arriendo.com\/co\/wp-json\/wp\/v2\/es_locations?post=214631"},{"taxonomy":"es_category","embeddable":true,"href":"https:\/\/arriendo.com\/co\/wp-json\/wp\/v2\/es_categories?post=214631"},{"taxonomy":"es_type","embeddable":true,"href":"https:\/\/arriendo.com\/co\/wp-json\/wp\/v2\/es_types?post=214631"},{"taxonomy":"es_rent_period","embeddable":true,"href":"https:\/\/arriendo.com\/co\/wp-json\/wp\/v2\/es_rent_periods?post=214631"},{"taxonomy":"es_label","embeddable":true,"href":"https:\/\/arriendo.com\/co\/wp-json\/wp\/v2\/es_labels?post=214631"},{"taxonomy":"es_status","embeddable":true,"href":"https:\/\/arriendo.com\/co\/wp-json\/wp\/v2\/es_statuses?post=214631"},{"taxonomy":"es_parking","embeddable":true,"href":"https:\/\/arriendo.com\/co\/wp-json\/wp\/v2\/es_parkings?post=214631"},{"taxonomy":"es_roof","embeddable":true,"href":"https:\/\/arriendo.com\/co\/wp-json\/wp\/v2\/es_roofs?post=214631"},{"taxonomy":"es_exterior_material","embeddable":true,"href":"https:\/\/arriendo.com\/co\/wp-json\/wp\/v2\/es_exterior_materials?post=214631"},{"taxonomy":"es_basement","embeddable":true,"href":"https:\/\/arriendo.com\/co\/wp-json\/wp\/v2\/es_basements?post=214631"},{"taxonomy":"es_floor_covering","embeddable":true,"href":"https:\/\/arriendo.com\/co\/wp-json\/wp\/v2\/es_floor_coverings?post=214631"},{"taxonomy":"es_feature","embeddable":true,"href":"https:\/\/arriendo.com\/co\/wp-json\/wp\/v2\/es_features?post=214631"},{"taxonomy":"es_amenity","embeddable":true,"href":"https:\/\/arriendo.com\/co\/wp-json\/wp\/v2\/es_amenities?post=214631"},{"taxonomy":"es_neighborhood","embeddable":true,"href":"https:\/\/arriendo.com\/co\/wp-json\/wp\/v2\/es_neighborhoods?post=214631"},{"taxonomy":"es_tag","embeddable":true,"href":"https:\/\/arriendo.com\/co\/wp-json\/wp\/v2\/es_tags?post=214631"}],"curies":[{"name":"wp","href":"https:\/\/api.w.org\/{rel}","templated":true}]}}

Habitación en Arriendo en Galerias, Bogotá

<p>Arrendamos habitación en punto muy central de la ciudad, a tres cuadras de la estación del Campin de la NQS. Completa y bonita, casa adaptada para universitarios. Todos los servicios incluidos. Se arrienda solo a universitarios o trabajadores con contrato indefinido menores de 35 años. Arriendo amoblado con closet, cama y colchón. Se entregan llaves, circuito de cámaras de seguridad. Depósito 100.000 y se arrienda mínimo por 4 meses. Desde 480.000 mensual con todos los servicios incluidos.</p>

Arrendamos habitación en punto muy central de la ciudad, a...
