{"id":214228,"date":"2026-01-14T12:21:36","date_gmt":"2026-01-14T17:21:36","guid":{"rendered":"https:\/\/arriendo.com\/co\/%es_type%\/\/%neighborhood%\/AR-0\/"},"modified":"2026-01-14T12:21:36","modified_gmt":"2026-01-14T17:21:36","slug":"ar-214228","status":"publish","type":"properties","link":"https:\/\/arriendo.com\/co\/oficinas\/cajica\/centro\/ar-214228\/","title":{"rendered":"Oficina en Arriendo en Centro, Cajic\u00e1"},"content":{"rendered":"<p>VENDO\/ARRIENDO OFICINA CAJIC\u00c1<br \/>\n40 Metros  Cuadrados m\u00e1s amplio balc\u00f3n<br \/>\nIluminada , pr\u00e1cticamente para estrenar<br \/>\n?Edificio con ascensor, vigilancia 24 hrs . Bater\u00edas de ba\u00f1o por cada piso!!!<br \/>\nOPCION DE COMPRAR O RENTAR PARQUEADEROS<br \/>\nVenta $280 mlls negociables<\/p>\n","protected":false},"excerpt":{"rendered":"VENDO\/ARRIENDO OFICINA CAJIC\u00c1 40 Metros Cuadrados m\u00e1s amplio balc\u00f3n Iluminada...","protected":false},"author":8261,"featured_media":214230,"template":"","es_locations":[243,505,91],"es_categories":[124],"es_types":[116],"es_rent_periods":[],"es_labels":[],"es_statuses":[126],"es_parkings":[],"es_roofs":[],"es_exterior_materials":[],"es_basements":[],"es_floor_coverings":[],"es_features":[131,2130,2131,2430,2132,2133,2134,2135,2136,2297,2137],"es_amenities":[152,2138,2139,2434,2140,158,2141,2142,2143,2299,2144],"es_neighborhoods":[],"es_tags":[],"class_list":["post-214228","properties","type-properties","status-publish","has-post-thumbnail","hentry","es_location-cajica","es_location-centro","es_location-cundinamarca","es_category-arriendo","es_type-oficinas","es_status-usado","es_feature-ascensor","es_feature-banos-comunales","es_feature-circuito-cerrado-de-tv","es_feature-deteccion-de-humo","es_feature-parques-cercanos","es_feature-porteria-recepcion","es_feature-servicios-publicos","es_feature-sobre-via-principal","es_feature-trans-publico-cercano","es_feature-ubicada-en-edificio","es_feature-zona-comercial","es_amenity-ascensor-privado","es_amenity-banos-comunales","es_amenity-circuito-cerrado-de-tv","es_amenity-deteccion-de-humo","es_amenity-parques-cercanos","es_amenity-porteria-recepcion","es_amenity-servicios-publicos","es_amenity-sobre-via-principal","es_amenity-trans-publico-cercano","es_amenity-ubicada-en-edificio","es_amenity-zona-comercial","es-post-entity"],"_links":{"self":[{"href":"https:\/\/arriendo.com\/co\/wp-json\/wp\/v2\/properties\/214228","targetHints":{"allow":["GET"]}}],"collection":[{"href":"https:\/\/arriendo.com\/co\/wp-json\/wp\/v2\/properties"}],"about":[{"href":"https:\/\/arriendo.com\/co\/wp-json\/wp\/v2\/types\/properties"}],"author":[{"embeddable":true,"href":"https:\/\/arriendo.com\/co\/wp-json\/wp\/v2\/users\/8261"}],"version-history":[{"count":0,"href":"https:\/\/arriendo.com\/co\/wp-json\/wp\/v2\/properties\/214228\/revisions"}],"wp:featuredmedia":[{"embeddable":true,"href":"https:\/\/arriendo.com\/co\/wp-json\/wp\/v2\/media\/214230"}],"wp:attachment":[{"href":"https:\/\/arriendo.com\/co\/wp-json\/wp\/v2\/media?parent=214228"}],"wp:term":[{"taxonomy":"es_location","embeddable":true,"href":"https:\/\/arriendo.com\/co\/wp-json\/wp\/v2\/es_locations?post=214228"},{"taxonomy":"es_category","embeddable":true,"href":"https:\/\/arriendo.com\/co\/wp-json\/wp\/v2\/es_categories?post=214228"},{"taxonomy":"es_type","embeddable":true,"href":"https:\/\/arriendo.com\/co\/wp-json\/wp\/v2\/es_types?post=214228"},{"taxonomy":"es_rent_period","embeddable":true,"href":"https:\/\/arriendo.com\/co\/wp-json\/wp\/v2\/es_rent_periods?post=214228"},{"taxonomy":"es_label","embeddable":true,"href":"https:\/\/arriendo.com\/co\/wp-json\/wp\/v2\/es_labels?post=214228"},{"taxonomy":"es_status","embeddable":true,"href":"https:\/\/arriendo.com\/co\/wp-json\/wp\/v2\/es_statuses?post=214228"},{"taxonomy":"es_parking","embeddable":true,"href":"https:\/\/arriendo.com\/co\/wp-json\/wp\/v2\/es_parkings?post=214228"},{"taxonomy":"es_roof","embeddable":true,"href":"https:\/\/arriendo.com\/co\/wp-json\/wp\/v2\/es_roofs?post=214228"},{"taxonomy":"es_exterior_material","embeddable":true,"href":"https:\/\/arriendo.com\/co\/wp-json\/wp\/v2\/es_exterior_materials?post=214228"},{"taxonomy":"es_basement","embeddable":true,"href":"https:\/\/arriendo.com\/co\/wp-json\/wp\/v2\/es_basements?post=214228"},{"taxonomy":"es_floor_covering","embeddable":true,"href":"https:\/\/arriendo.com\/co\/wp-json\/wp\/v2\/es_floor_coverings?post=214228"},{"taxonomy":"es_feature","embeddable":true,"href":"https:\/\/arriendo.com\/co\/wp-json\/wp\/v2\/es_features?post=214228"},{"taxonomy":"es_amenity","embeddable":true,"href":"https:\/\/arriendo.com\/co\/wp-json\/wp\/v2\/es_amenities?post=214228"},{"taxonomy":"es_neighborhood","embeddable":true,"href":"https:\/\/arriendo.com\/co\/wp-json\/wp\/v2\/es_neighborhoods?post=214228"},{"taxonomy":"es_tag","embeddable":true,"href":"https:\/\/arriendo.com\/co\/wp-json\/wp\/v2\/es_tags?post=214228"}],"curies":[{"name":"wp","href":"https:\/\/api.w.org\/{rel}","templated":true}]}}

Oficina en Arriendo en Centro, Cajicá

<p>VENDO/ARRIENDO OFICINA CAJICÁ<br />
40 Metros  Cuadrados más amplio balcón<br />
Iluminada , prácticamente para estrenar<br />
?Edificio con ascensor, vigilancia 24 hrs . Baterías de baño por cada piso!!!<br />
OPCION DE COMPRAR O RENTAR PARQUEADEROS<br />
Venta $280 mlls negociables</p>

VENDO/ARRIENDO OFICINA CAJICÁ 40 Metros Cuadrados más amplio balcón Iluminada...
