{"id":214202,"date":"2026-01-14T12:19:31","date_gmt":"2026-01-14T17:19:31","guid":{"rendered":"https:\/\/arriendo.com\/co\/%es_type%\/\/%neighborhood%\/AR-0\/"},"modified":"2026-01-14T12:19:31","modified_gmt":"2026-01-14T17:19:31","slug":"ar-214202","status":"publish","type":"properties","link":"https:\/\/arriendo.com\/co\/oficinas\/bogota\/bella-suiza\/ar-214202\/","title":{"rendered":"Oficina en  Arriendo en Bella suiza, Bogot\u00e1"},"content":{"rendered":"<p>OFICINA 301: 77,5 m2. Consta de un sal\u00f3n y ba\u00f1o privado. 1 parqueadero. $2.712.500 + IVA. Administraci\u00f3n no incluida de $674.000.<\/p>\n<p>OFICINA 302: 95 m2. Consta de 2 salones, oficina de gerencia y ba\u00f1o privado. 2 parqueaderos y dep\u00f3sito, $3.325.000 + IVA. Administraci\u00f3n no incluida de $816.500.<\/p>\n<p>OFICINA 303: 82 m2. Consta de un sal\u00f3n y ba\u00f1o privado. 2 parqueaderos y dep\u00f3sito, $2.870.000 + IVA. Administraci\u00f3n no incluida de $690.300.<\/p>\n","protected":false},"excerpt":{"rendered":"OFICINA 301: 77,5 m2. Consta de un sal\u00f3n y ba\u00f1o...","protected":false},"author":8251,"featured_media":214204,"template":"","es_locations":[197,110,77],"es_categories":[124],"es_types":[116],"es_rent_periods":[],"es_labels":[],"es_statuses":[126],"es_parkings":[],"es_roofs":[],"es_exterior_materials":[],"es_basements":[],"es_floor_coverings":[],"es_features":[131,2328,2131,133,2226,2178,2132,2272,2133,2135,2136,2297,2137,2152],"es_amenities":[152,2330,2139,2154,2251,2193,2140,2273,158,2142,2143,2299,2144,2162],"es_neighborhoods":[],"es_tags":[],"class_list":["post-214202","properties","type-properties","status-publish","has-post-thumbnail","hentry","es_location-bella-suiza","es_location-bogota","es_location-bogota-d-c","es_category-arriendo","es_type-oficinas","es_status-usado","es_feature-ascensor","es_feature-banos-mixtos","es_feature-circuito-cerrado-de-tv","es_feature-citofono","es_feature-escalera-de-emergencia","es_feature-garaje-cubierto","es_feature-parques-cercanos","es_feature-piso-en-baldosa-marmol","es_feature-porteria-recepcion","es_feature-sobre-via-principal","es_feature-trans-publico-cercano","es_feature-ubicada-en-edificio","es_feature-zona-comercial","es_feature-zona-residencial","es_amenity-ascensor-privado","es_amenity-banos-mixtos","es_amenity-circuito-cerrado-de-tv","es_amenity-citofono","es_amenity-escalera-de-emergencia","es_amenity-garaje-cubierto","es_amenity-parques-cercanos","es_amenity-piso-en-baldosa-marmol","es_amenity-porteria-recepcion","es_amenity-sobre-via-principal","es_amenity-trans-publico-cercano","es_amenity-ubicada-en-edificio","es_amenity-zona-comercial","es_amenity-zona-residencial","es-post-entity"],"_links":{"self":[{"href":"https:\/\/arriendo.com\/co\/wp-json\/wp\/v2\/properties\/214202","targetHints":{"allow":["GET"]}}],"collection":[{"href":"https:\/\/arriendo.com\/co\/wp-json\/wp\/v2\/properties"}],"about":[{"href":"https:\/\/arriendo.com\/co\/wp-json\/wp\/v2\/types\/properties"}],"author":[{"embeddable":true,"href":"https:\/\/arriendo.com\/co\/wp-json\/wp\/v2\/users\/8251"}],"version-history":[{"count":0,"href":"https:\/\/arriendo.com\/co\/wp-json\/wp\/v2\/properties\/214202\/revisions"}],"wp:featuredmedia":[{"embeddable":true,"href":"https:\/\/arriendo.com\/co\/wp-json\/wp\/v2\/media\/214204"}],"wp:attachment":[{"href":"https:\/\/arriendo.com\/co\/wp-json\/wp\/v2\/media?parent=214202"}],"wp:term":[{"taxonomy":"es_location","embeddable":true,"href":"https:\/\/arriendo.com\/co\/wp-json\/wp\/v2\/es_locations?post=214202"},{"taxonomy":"es_category","embeddable":true,"href":"https:\/\/arriendo.com\/co\/wp-json\/wp\/v2\/es_categories?post=214202"},{"taxonomy":"es_type","embeddable":true,"href":"https:\/\/arriendo.com\/co\/wp-json\/wp\/v2\/es_types?post=214202"},{"taxonomy":"es_rent_period","embeddable":true,"href":"https:\/\/arriendo.com\/co\/wp-json\/wp\/v2\/es_rent_periods?post=214202"},{"taxonomy":"es_label","embeddable":true,"href":"https:\/\/arriendo.com\/co\/wp-json\/wp\/v2\/es_labels?post=214202"},{"taxonomy":"es_status","embeddable":true,"href":"https:\/\/arriendo.com\/co\/wp-json\/wp\/v2\/es_statuses?post=214202"},{"taxonomy":"es_parking","embeddable":true,"href":"https:\/\/arriendo.com\/co\/wp-json\/wp\/v2\/es_parkings?post=214202"},{"taxonomy":"es_roof","embeddable":true,"href":"https:\/\/arriendo.com\/co\/wp-json\/wp\/v2\/es_roofs?post=214202"},{"taxonomy":"es_exterior_material","embeddable":true,"href":"https:\/\/arriendo.com\/co\/wp-json\/wp\/v2\/es_exterior_materials?post=214202"},{"taxonomy":"es_basement","embeddable":true,"href":"https:\/\/arriendo.com\/co\/wp-json\/wp\/v2\/es_basements?post=214202"},{"taxonomy":"es_floor_covering","embeddable":true,"href":"https:\/\/arriendo.com\/co\/wp-json\/wp\/v2\/es_floor_coverings?post=214202"},{"taxonomy":"es_feature","embeddable":true,"href":"https:\/\/arriendo.com\/co\/wp-json\/wp\/v2\/es_features?post=214202"},{"taxonomy":"es_amenity","embeddable":true,"href":"https:\/\/arriendo.com\/co\/wp-json\/wp\/v2\/es_amenities?post=214202"},{"taxonomy":"es_neighborhood","embeddable":true,"href":"https:\/\/arriendo.com\/co\/wp-json\/wp\/v2\/es_neighborhoods?post=214202"},{"taxonomy":"es_tag","embeddable":true,"href":"https:\/\/arriendo.com\/co\/wp-json\/wp\/v2\/es_tags?post=214202"}],"curies":[{"name":"wp","href":"https:\/\/api.w.org\/{rel}","templated":true}]}}

Oficina en  Arriendo en Bella suiza, Bogotá

<p>OFICINA 301: 77,5 m2. Consta de un salón y baño privado. 1 parqueadero. $2.712.500 + IVA. Administración no incluida de $674.000.</p>
<p>OFICINA 302: 95 m2. Consta de 2 salones, oficina de gerencia y baño privado. 2 parqueaderos y depósito, $3.325.000 + IVA. Administración no incluida de $816.500.</p>
<p>OFICINA 303: 82 m2. Consta de un salón y baño privado. 2 parqueaderos y depósito, $2.870.000 + IVA. Administración no incluida de $690.300.</p>

OFICINA 301: 77,5 m2. Consta de un salón y baño...
