{"id":214168,"date":"2026-01-14T12:16:53","date_gmt":"2026-01-14T17:16:53","guid":{"rendered":"https:\/\/arriendo.com\/co\/%es_type%\/\/%neighborhood%\/AR-0\/"},"modified":"2026-01-14T12:16:54","modified_gmt":"2026-01-14T17:16:54","slug":"ar-214168","status":"publish","type":"properties","link":"https:\/\/arriendo.com\/co\/apartamentos\/bogota\/boyaca-real\/ar-214168\/","title":{"rendered":"Apartamento en Arriendo en Boyaca Real, Bogot\u00e1"},"content":{"rendered":"<p>Descubra este funcional apartamento en arriendo, ideal para quienes trabajan o estudian en el occidente o norte. Esta propiedad ofrece la oportunidad perfecta para establecer su nuevo hogar, destacando por su eficiencia y adaptabilidad en cada uno de sus espacios. Es una excelente opci\u00f3n para quienes buscan un inmueble listo para personalizar sin complicaciones.  El inmueble destaca por su cocina con gabinetes altos y pisos decorativos, Incluye dos dormitorios  listos para amueblar, sala comedor, ventilaci\u00f3n natural .  Este apartamento de un solo piso, con entre 16 y 30 a\u00f1os de antig\u00fcedad, cuenta con un ba\u00f1o y ofrece detalles de calidad como la iluminaci\u00f3n empotrada y el piso en baldosa.<\/p>\n","protected":false},"excerpt":{"rendered":"Descubra este funcional apartamento en arriendo, ideal para quienes trabajan...","protected":false},"author":8249,"featured_media":214170,"template":"","es_locations":[110,77,1269],"es_categories":[124],"es_types":[114],"es_rent_periods":[],"es_labels":[],"es_statuses":[126],"es_parkings":[],"es_roofs":[],"es_exterior_materials":[],"es_basements":[],"es_floor_coverings":[],"es_features":[2148,145,2368,2132,2220,2272,2150,2136,2376,2151,2152],"es_amenities":[2157,2160,2369,2140,2221,2273,2161,2143,2377,162,2162],"es_neighborhoods":[],"es_tags":[],"class_list":["post-214168","properties","type-properties","status-publish","has-post-thumbnail","hentry","es_location-bogota","es_location-bogota-d-c","es_location-boyaca-real","es_category-arriendo","es_type-apartamentos","es_status-usado","es_feature-colegios-universidades","es_feature-instalacion-de-gas","es_feature-loft","es_feature-parques-cercanos","es_feature-patio","es_feature-piso-en-baldosa-marmol","es_feature-supermercados-c-comerciales","es_feature-trans-publico-cercano","es_feature-vivienda-multifamiliar","es_feature-zona-de-lavanderia","es_feature-zona-residencial","es_amenity-colegios-universidades","es_amenity-instalacion-de-gas","es_amenity-loft","es_amenity-parques-cercanos","es_amenity-patio","es_amenity-piso-en-baldosa-marmol","es_amenity-supermercados-c-comerciales","es_amenity-trans-publico-cercano","es_amenity-vivienda-multifamiliar","es_amenity-zona-de-lavanderia","es_amenity-zona-residencial","es-post-entity"],"_links":{"self":[{"href":"https:\/\/arriendo.com\/co\/wp-json\/wp\/v2\/properties\/214168","targetHints":{"allow":["GET"]}}],"collection":[{"href":"https:\/\/arriendo.com\/co\/wp-json\/wp\/v2\/properties"}],"about":[{"href":"https:\/\/arriendo.com\/co\/wp-json\/wp\/v2\/types\/properties"}],"author":[{"embeddable":true,"href":"https:\/\/arriendo.com\/co\/wp-json\/wp\/v2\/users\/8249"}],"version-history":[{"count":0,"href":"https:\/\/arriendo.com\/co\/wp-json\/wp\/v2\/properties\/214168\/revisions"}],"wp:featuredmedia":[{"embeddable":true,"href":"https:\/\/arriendo.com\/co\/wp-json\/wp\/v2\/media\/214170"}],"wp:attachment":[{"href":"https:\/\/arriendo.com\/co\/wp-json\/wp\/v2\/media?parent=214168"}],"wp:term":[{"taxonomy":"es_location","embeddable":true,"href":"https:\/\/arriendo.com\/co\/wp-json\/wp\/v2\/es_locations?post=214168"},{"taxonomy":"es_category","embeddable":true,"href":"https:\/\/arriendo.com\/co\/wp-json\/wp\/v2\/es_categories?post=214168"},{"taxonomy":"es_type","embeddable":true,"href":"https:\/\/arriendo.com\/co\/wp-json\/wp\/v2\/es_types?post=214168"},{"taxonomy":"es_rent_period","embeddable":true,"href":"https:\/\/arriendo.com\/co\/wp-json\/wp\/v2\/es_rent_periods?post=214168"},{"taxonomy":"es_label","embeddable":true,"href":"https:\/\/arriendo.com\/co\/wp-json\/wp\/v2\/es_labels?post=214168"},{"taxonomy":"es_status","embeddable":true,"href":"https:\/\/arriendo.com\/co\/wp-json\/wp\/v2\/es_statuses?post=214168"},{"taxonomy":"es_parking","embeddable":true,"href":"https:\/\/arriendo.com\/co\/wp-json\/wp\/v2\/es_parkings?post=214168"},{"taxonomy":"es_roof","embeddable":true,"href":"https:\/\/arriendo.com\/co\/wp-json\/wp\/v2\/es_roofs?post=214168"},{"taxonomy":"es_exterior_material","embeddable":true,"href":"https:\/\/arriendo.com\/co\/wp-json\/wp\/v2\/es_exterior_materials?post=214168"},{"taxonomy":"es_basement","embeddable":true,"href":"https:\/\/arriendo.com\/co\/wp-json\/wp\/v2\/es_basements?post=214168"},{"taxonomy":"es_floor_covering","embeddable":true,"href":"https:\/\/arriendo.com\/co\/wp-json\/wp\/v2\/es_floor_coverings?post=214168"},{"taxonomy":"es_feature","embeddable":true,"href":"https:\/\/arriendo.com\/co\/wp-json\/wp\/v2\/es_features?post=214168"},{"taxonomy":"es_amenity","embeddable":true,"href":"https:\/\/arriendo.com\/co\/wp-json\/wp\/v2\/es_amenities?post=214168"},{"taxonomy":"es_neighborhood","embeddable":true,"href":"https:\/\/arriendo.com\/co\/wp-json\/wp\/v2\/es_neighborhoods?post=214168"},{"taxonomy":"es_tag","embeddable":true,"href":"https:\/\/arriendo.com\/co\/wp-json\/wp\/v2\/es_tags?post=214168"}],"curies":[{"name":"wp","href":"https:\/\/api.w.org\/{rel}","templated":true}]}}

Apartamento en Arriendo en Boyaca Real, Bogotá

<p>Descubra este funcional apartamento en arriendo, ideal para quienes trabajan o estudian en el occidente o norte. Esta propiedad ofrece la oportunidad perfecta para establecer su nuevo hogar, destacando por su eficiencia y adaptabilidad en cada uno de sus espacios. Es una excelente opción para quienes buscan un inmueble listo para personalizar sin complicaciones.  El inmueble destaca por su cocina con gabinetes altos y pisos decorativos, Incluye dos dormitorios  listos para amueblar, sala comedor, ventilación natural .  Este apartamento de un solo piso, con entre 16 y 30 años de antigüedad, cuenta con un baño y ofrece detalles de calidad como la iluminación empotrada y el piso en baldosa.</p>
