{"id":214141,"date":"2026-01-14T12:14:48","date_gmt":"2026-01-14T17:14:48","guid":{"rendered":"https:\/\/arriendo.com\/co\/%es_type%\/\/%neighborhood%\/AR-0\/"},"modified":"2026-01-14T12:14:48","modified_gmt":"2026-01-14T17:14:48","slug":"ar-214141","status":"publish","type":"properties","link":"https:\/\/arriendo.com\/co\/locales\/bogota\/galerias\/ar-214141\/","title":{"rendered":"Local en Arriendo en Galerias, Bogot\u00e1"},"content":{"rendered":"<p>Galer\u00edas es reconocido por su ambiente comercial y su variada oferta de productos y servicios, lo que convierte este local en un punto ideal para cualquier tipo de negocio que busque alta visibilidad y un flujo constante de clientes. Adem\u00e1s, su cercan\u00eda a universidades, oficinas y zonas residenciales lo hace a\u00fan m\u00e1s atractivo para quienes buscan una ubicaci\u00f3n con gran potencial de ventas y crecimiento.<br \/>\nCon un entorno din\u00e1mico y una excelente conectividad, este local comercial en Galer\u00edas es la opci\u00f3n perfecta para quienes buscan potenciar su marca en una de las zonas m\u00e1s estrat\u00e9gicas de Bogot\u00e1.<br \/>\nExcelente Local Comercial, de 50m\u00b2 ubicado en un primer  piso, con entrada independiente que garantiza privacidad y f\u00e1cil acceso. Este espacio cuenta con dos  Ba\u00f1os, a dos cuadras del Centro Comercial Galer\u00edas. El precio publicado No incluye el IVA.<\/p>\n","protected":false},"excerpt":{"rendered":"Galer\u00edas es reconocido por su ambiente comercial y su variada...","protected":false},"author":8249,"featured_media":214143,"template":"","es_locations":[110,77,753],"es_categories":[124],"es_types":[117],"es_rent_periods":[],"es_labels":[],"es_statuses":[126],"es_parkings":[],"es_roofs":[],"es_exterior_materials":[],"es_basements":[],"es_floor_coverings":[],"es_features":[2137],"es_amenities":[2144],"es_neighborhoods":[],"es_tags":[],"class_list":["post-214141","properties","type-properties","status-publish","has-post-thumbnail","hentry","es_location-bogota","es_location-bogota-d-c","es_location-galerias","es_category-arriendo","es_type-locales","es_status-usado","es_feature-zona-comercial","es_amenity-zona-comercial","es-post-entity"],"_links":{"self":[{"href":"https:\/\/arriendo.com\/co\/wp-json\/wp\/v2\/properties\/214141","targetHints":{"allow":["GET"]}}],"collection":[{"href":"https:\/\/arriendo.com\/co\/wp-json\/wp\/v2\/properties"}],"about":[{"href":"https:\/\/arriendo.com\/co\/wp-json\/wp\/v2\/types\/properties"}],"author":[{"embeddable":true,"href":"https:\/\/arriendo.com\/co\/wp-json\/wp\/v2\/users\/8249"}],"version-history":[{"count":0,"href":"https:\/\/arriendo.com\/co\/wp-json\/wp\/v2\/properties\/214141\/revisions"}],"wp:featuredmedia":[{"embeddable":true,"href":"https:\/\/arriendo.com\/co\/wp-json\/wp\/v2\/media\/214143"}],"wp:attachment":[{"href":"https:\/\/arriendo.com\/co\/wp-json\/wp\/v2\/media?parent=214141"}],"wp:term":[{"taxonomy":"es_location","embeddable":true,"href":"https:\/\/arriendo.com\/co\/wp-json\/wp\/v2\/es_locations?post=214141"},{"taxonomy":"es_category","embeddable":true,"href":"https:\/\/arriendo.com\/co\/wp-json\/wp\/v2\/es_categories?post=214141"},{"taxonomy":"es_type","embeddable":true,"href":"https:\/\/arriendo.com\/co\/wp-json\/wp\/v2\/es_types?post=214141"},{"taxonomy":"es_rent_period","embeddable":true,"href":"https:\/\/arriendo.com\/co\/wp-json\/wp\/v2\/es_rent_periods?post=214141"},{"taxonomy":"es_label","embeddable":true,"href":"https:\/\/arriendo.com\/co\/wp-json\/wp\/v2\/es_labels?post=214141"},{"taxonomy":"es_status","embeddable":true,"href":"https:\/\/arriendo.com\/co\/wp-json\/wp\/v2\/es_statuses?post=214141"},{"taxonomy":"es_parking","embeddable":true,"href":"https:\/\/arriendo.com\/co\/wp-json\/wp\/v2\/es_parkings?post=214141"},{"taxonomy":"es_roof","embeddable":true,"href":"https:\/\/arriendo.com\/co\/wp-json\/wp\/v2\/es_roofs?post=214141"},{"taxonomy":"es_exterior_material","embeddable":true,"href":"https:\/\/arriendo.com\/co\/wp-json\/wp\/v2\/es_exterior_materials?post=214141"},{"taxonomy":"es_basement","embeddable":true,"href":"https:\/\/arriendo.com\/co\/wp-json\/wp\/v2\/es_basements?post=214141"},{"taxonomy":"es_floor_covering","embeddable":true,"href":"https:\/\/arriendo.com\/co\/wp-json\/wp\/v2\/es_floor_coverings?post=214141"},{"taxonomy":"es_feature","embeddable":true,"href":"https:\/\/arriendo.com\/co\/wp-json\/wp\/v2\/es_features?post=214141"},{"taxonomy":"es_amenity","embeddable":true,"href":"https:\/\/arriendo.com\/co\/wp-json\/wp\/v2\/es_amenities?post=214141"},{"taxonomy":"es_neighborhood","embeddable":true,"href":"https:\/\/arriendo.com\/co\/wp-json\/wp\/v2\/es_neighborhoods?post=214141"},{"taxonomy":"es_tag","embeddable":true,"href":"https:\/\/arriendo.com\/co\/wp-json\/wp\/v2\/es_tags?post=214141"}],"curies":[{"name":"wp","href":"https:\/\/api.w.org\/{rel}","templated":true}]}}

Local en Arriendo en Galerias, Bogotá

<p>Galerías es reconocido por su ambiente comercial y su variada oferta de productos y servicios, lo que convierte este local en un punto ideal para cualquier tipo de negocio que busque alta visibilidad y un flujo constante de clientes. Además, su cercanía a universidades, oficinas y zonas residenciales lo hace aún más atractivo para quienes buscan una ubicación con gran potencial de ventas y crecimiento.<br />
Con un entorno dinámico y una excelente conectividad, este local comercial en Galerías es la opción perfecta para quienes buscan potenciar su marca en una de las zonas más estratégicas de Bogotá.<br />
Excelente Local Comercial, de 50m² ubicado en un primer  piso, con entrada independiente que garantiza privacidad y fácil acceso. Este espacio cuenta con dos  Baños, a dos cuadras del Centro Comercial Galerías. El precio publicado No incluye el IVA.</p>

Galerías es reconocido por su ambiente comercial y su variada...
