{"id":213916,"date":"2026-01-14T11:56:51","date_gmt":"2026-01-14T16:56:51","guid":{"rendered":"https:\/\/arriendo.com\/co\/%es_type%\/\/%neighborhood%\/AR-0\/"},"modified":"2026-01-14T11:56:51","modified_gmt":"2026-01-14T16:56:51","slug":"ar-213916","status":"publish","type":"properties","link":"https:\/\/arriendo.com\/co\/casas\/mosquera\/alcala\/ar-213916\/","title":{"rendered":"Casa en  Arriendo en Alcala, Mosquera"},"content":{"rendered":"<p>Se arrienda casa de 190 mts en Mosquera, Conjunto Residencial Panorama del campo. Primer piso: Sala con chimenea, comedor, cocina integral concepto abierto, cuarto de san alejo, patio, habitaci\u00f3n y ba\u00f1o. Segundo piso: Dos habitaciones, una con ba\u00f1o privado y vestier, y ba\u00f1o social. Tercer piso: Sala de estar, dep\u00f3sito, una habitaci\u00f3n, ba\u00f1o social y terraza. Conjunto dispone de: 2 parques infantiles, BBQ, Club House, 3 salones sociales, cancha de golfito, canca de tenis y microf\u00fatbol.<\/p>\n","protected":false},"excerpt":{"rendered":"Se arrienda casa de 190 mts en Mosquera, Conjunto Residencial...","protected":false},"author":8137,"featured_media":213918,"template":"","es_locations":[724,91,508],"es_categories":[124],"es_types":[115],"es_rent_periods":[],"es_labels":[],"es_statuses":[126],"es_parkings":[],"es_roofs":[],"es_exterior_materials":[],"es_basements":[],"es_floor_coverings":[],"es_features":[2212,2145,134,2146,2147,2148,2331,2196,136,2282,2203,2216,2132,2220,2133,2181,2182,2150,2136,144,2151,2185,2152,2204],"es_amenities":[2217,2153,2313,2155,2156,2157,2332,2197,2158,2287,2208,156,2140,2221,158,159,2161,2143,161,2289,162,2173,2162,2209],"es_neighborhoods":[],"es_tags":[],"class_list":["post-213916","properties","type-properties","status-publish","has-post-thumbnail","hentry","es_location-alcala","es_location-cundinamarca","es_location-mosquera","es_category-arriendo","es_type-casas","es_status-usado","es_feature-bano-auxiliar","es_feature-calentador","es_feature-chimenea","es_feature-cocina-integral","es_feature-cocina-tipo-americano","es_feature-colegios-universidades","es_feature-cuarto-de-servicio","es_feature-en-conjunto-cerrado","es_feature-estudio","es_feature-hall-de-alcobas","es_feature-jardines-exteriores","es_feature-parqueadero-visitantes","es_feature-parques-cercanos","es_feature-patio","es_feature-porteria-recepcion","es_feature-porteria-vigilancia","es_feature-salon-comunal","es_feature-supermercados-c-comerciales","es_feature-trans-publico-cercano","es_feature-vista-panoramica","es_feature-zona-de-lavanderia","es_feature-zona-infantil","es_feature-zona-residencial","es_feature-zonas-verdes","es_amenity-bano-auxiliar","es_amenity-calentador","es_amenity-chimenea","es_amenity-cocina-integral","es_amenity-cocina-tipo-americano","es_amenity-colegios-universidades","es_amenity-cuarto-de-servicio","es_amenity-en-conjunto-cerrado","es_amenity-estudio","es_amenity-hall-de-alcobas","es_amenity-jardines-exteriores","es_amenity-parqueadero-visitantes","es_amenity-parques-cercanos","es_amenity-patio","es_amenity-porteria-recepcion","es_amenity-salon-comunal","es_amenity-supermercados-c-comerciales","es_amenity-trans-publico-cercano","es_amenity-vigilancia-24-7","es_amenity-vista-panoramica","es_amenity-zona-de-lavanderia","es_amenity-zona-infantil","es_amenity-zona-residencial","es_amenity-zonas-verdes","es-post-entity"],"_links":{"self":[{"href":"https:\/\/arriendo.com\/co\/wp-json\/wp\/v2\/properties\/213916","targetHints":{"allow":["GET"]}}],"collection":[{"href":"https:\/\/arriendo.com\/co\/wp-json\/wp\/v2\/properties"}],"about":[{"href":"https:\/\/arriendo.com\/co\/wp-json\/wp\/v2\/types\/properties"}],"author":[{"embeddable":true,"href":"https:\/\/arriendo.com\/co\/wp-json\/wp\/v2\/users\/8137"}],"version-history":[{"count":0,"href":"https:\/\/arriendo.com\/co\/wp-json\/wp\/v2\/properties\/213916\/revisions"}],"wp:featuredmedia":[{"embeddable":true,"href":"https:\/\/arriendo.com\/co\/wp-json\/wp\/v2\/media\/213918"}],"wp:attachment":[{"href":"https:\/\/arriendo.com\/co\/wp-json\/wp\/v2\/media?parent=213916"}],"wp:term":[{"taxonomy":"es_location","embeddable":true,"href":"https:\/\/arriendo.com\/co\/wp-json\/wp\/v2\/es_locations?post=213916"},{"taxonomy":"es_category","embeddable":true,"href":"https:\/\/arriendo.com\/co\/wp-json\/wp\/v2\/es_categories?post=213916"},{"taxonomy":"es_type","embeddable":true,"href":"https:\/\/arriendo.com\/co\/wp-json\/wp\/v2\/es_types?post=213916"},{"taxonomy":"es_rent_period","embeddable":true,"href":"https:\/\/arriendo.com\/co\/wp-json\/wp\/v2\/es_rent_periods?post=213916"},{"taxonomy":"es_label","embeddable":true,"href":"https:\/\/arriendo.com\/co\/wp-json\/wp\/v2\/es_labels?post=213916"},{"taxonomy":"es_status","embeddable":true,"href":"https:\/\/arriendo.com\/co\/wp-json\/wp\/v2\/es_statuses?post=213916"},{"taxonomy":"es_parking","embeddable":true,"href":"https:\/\/arriendo.com\/co\/wp-json\/wp\/v2\/es_parkings?post=213916"},{"taxonomy":"es_roof","embeddable":true,"href":"https:\/\/arriendo.com\/co\/wp-json\/wp\/v2\/es_roofs?post=213916"},{"taxonomy":"es_exterior_material","embeddable":true,"href":"https:\/\/arriendo.com\/co\/wp-json\/wp\/v2\/es_exterior_materials?post=213916"},{"taxonomy":"es_basement","embeddable":true,"href":"https:\/\/arriendo.com\/co\/wp-json\/wp\/v2\/es_basements?post=213916"},{"taxonomy":"es_floor_covering","embeddable":true,"href":"https:\/\/arriendo.com\/co\/wp-json\/wp\/v2\/es_floor_coverings?post=213916"},{"taxonomy":"es_feature","embeddable":true,"href":"https:\/\/arriendo.com\/co\/wp-json\/wp\/v2\/es_features?post=213916"},{"taxonomy":"es_amenity","embeddable":true,"href":"https:\/\/arriendo.com\/co\/wp-json\/wp\/v2\/es_amenities?post=213916"},{"taxonomy":"es_neighborhood","embeddable":true,"href":"https:\/\/arriendo.com\/co\/wp-json\/wp\/v2\/es_neighborhoods?post=213916"},{"taxonomy":"es_tag","embeddable":true,"href":"https:\/\/arriendo.com\/co\/wp-json\/wp\/v2\/es_tags?post=213916"}],"curies":[{"name":"wp","href":"https:\/\/api.w.org\/{rel}","templated":true}]}}

<p>Se arrienda casa de 190 mts en Mosquera, Conjunto Residencial Panorama del campo. Primer piso: Sala con chimenea, comedor, cocina integral concepto abierto, cuarto de san alejo, patio, habitación y baño. Segundo piso: Dos habitaciones, una con baño privado y vestier, y baño social. Tercer piso: Sala de estar, depósito, una habitación, baño social y terraza. Conjunto dispone de: 2 parques infantiles, BBQ, Club House, 3 salones sociales, cancha de golfito, canca de tenis y microfútbol.</p>
