{"id":213571,"date":"2026-01-14T11:28:33","date_gmt":"2026-01-14T16:28:33","guid":{"rendered":"https:\/\/arriendo.com\/co\/%es_type%\/\/%neighborhood%\/AR-0\/"},"modified":"2026-01-14T11:28:33","modified_gmt":"2026-01-14T16:28:33","slug":"ar-213571","status":"publish","type":"properties","link":"https:\/\/arriendo.com\/co\/apartamentos\/bogota\/cerros-de-suba\/ar-213571\/","title":{"rendered":"Apartamento en Arriendo en Cerros de Suba, Bogot\u00e1"},"content":{"rendered":"<p>Este moderno y espacioso apartamento de 225 metros cuadrados con una vista panor\u00e1mica espectacular, con 3 habitaciones, 5 ba\u00f1os,  3 parqueaderos, 1 estudio, 2 dep\u00f3sitos, 3 balcones, es ideal para familias que buscan comodidad y privacidad. Ubicado en un conjunto residencial en uno de los barrios m\u00e1s prestigiosos de la capital, el apartamento goza de elegantes acabados, amplios espacios sociales y todas las comodidades para una vida familiar placentera. <\/p>\n<p>La ubicaci\u00f3n es privilegiada, muy cerca de centros comerciales, colegios privados, restaurantes y zonas de entretenimiento, as\u00ed como de v\u00edas principales para un r\u00e1pido acceso al aeropuerto y sitios de inter\u00e9s en la ciudad. El conjunto residencial cuenta con modernas instalaciones deportivas y sociales para disfrutar.  <\/p>\n<p>Con lo mejor en dise\u00f1o, comodidad y ubicaci\u00f3n.<\/p>\n","protected":false},"excerpt":{"rendered":"Este moderno y espacioso apartamento de 225 metros cuadrados con...","protected":false},"author":8036,"featured_media":213573,"template":"","es_locations":[110,77,1210],"es_categories":[124],"es_types":[114],"es_rent_periods":[],"es_labels":[],"es_statuses":[126],"es_parkings":[],"es_roofs":[],"es_exterior_materials":[],"es_basements":[],"es_floor_coverings":[],"es_features":[131,132,2212,2211,134,2131,133,2146,2147,2148,2312,151,2196,136,2149,2282,145,2203,2216,2132,2272,2133,2181,2182,2150,2136,144,2151,2152,2204],"es_amenities":[152,2186,2217,2210,2313,2139,2154,2155,2156,2157,2314,2270,2197,2158,2159,2287,2160,2208,156,2140,2273,158,159,2161,2143,161,2289,162,2162,2209],"es_neighborhoods":[],"es_tags":[],"class_list":["post-213571","properties","type-properties","status-publish","has-post-thumbnail","hentry","es_location-bogota","es_location-bogota-d-c","es_location-cerros-de-suba","es_category-arriendo","es_type-apartamentos","es_status-usado","es_feature-ascensor","es_feature-balcon","es_feature-bano-auxiliar","es_feature-canchas-deportivas","es_feature-chimenea","es_feature-circuito-cerrado-de-tv","es_feature-citofono","es_feature-cocina-integral","es_feature-cocina-tipo-americano","es_feature-colegios-universidades","es_feature-comedor-auxiliar","es_feature-deposito-bodega","es_feature-en-conjunto-cerrado","es_feature-estudio","es_feature-garajes","es_feature-hall-de-alcobas","es_feature-instalacion-de-gas","es_feature-jardines-exteriores","es_feature-parqueadero-visitantes","es_feature-parques-cercanos","es_feature-piso-en-baldosa-marmol","es_feature-porteria-recepcion","es_feature-porteria-vigilancia","es_feature-salon-comunal","es_feature-supermercados-c-comerciales","es_feature-trans-publico-cercano","es_feature-vista-panoramica","es_feature-zona-de-lavanderia","es_feature-zona-residencial","es_feature-zonas-verdes","es_amenity-ascensor-privado","es_amenity-balcon","es_amenity-bano-auxiliar","es_amenity-canchas-deportivas","es_amenity-chimenea","es_amenity-circuito-cerrado-de-tv","es_amenity-citofono","es_amenity-cocina-integral","es_amenity-cocina-tipo-americano","es_amenity-colegios-universidades","es_amenity-comedor-auxiliar","es_amenity-deposito-bodega","es_amenity-en-conjunto-cerrado","es_amenity-estudio","es_amenity-garajes","es_amenity-hall-de-alcobas","es_amenity-instalacion-de-gas","es_amenity-jardines-exteriores","es_amenity-parqueadero-visitantes","es_amenity-parques-cercanos","es_amenity-piso-en-baldosa-marmol","es_amenity-porteria-recepcion","es_amenity-salon-comunal","es_amenity-supermercados-c-comerciales","es_amenity-trans-publico-cercano","es_amenity-vigilancia-24-7","es_amenity-vista-panoramica","es_amenity-zona-de-lavanderia","es_amenity-zona-residencial","es_amenity-zonas-verdes","es-post-entity"],"_links":{"self":[{"href":"https:\/\/arriendo.com\/co\/wp-json\/wp\/v2\/properties\/213571","targetHints":{"allow":["GET"]}}],"collection":[{"href":"https:\/\/arriendo.com\/co\/wp-json\/wp\/v2\/properties"}],"about":[{"href":"https:\/\/arriendo.com\/co\/wp-json\/wp\/v2\/types\/properties"}],"author":[{"embeddable":true,"href":"https:\/\/arriendo.com\/co\/wp-json\/wp\/v2\/users\/8036"}],"version-history":[{"count":0,"href":"https:\/\/arriendo.com\/co\/wp-json\/wp\/v2\/properties\/213571\/revisions"}],"wp:featuredmedia":[{"embeddable":true,"href":"https:\/\/arriendo.com\/co\/wp-json\/wp\/v2\/media\/213573"}],"wp:attachment":[{"href":"https:\/\/arriendo.com\/co\/wp-json\/wp\/v2\/media?parent=213571"}],"wp:term":[{"taxonomy":"es_location","embeddable":true,"href":"https:\/\/arriendo.com\/co\/wp-json\/wp\/v2\/es_locations?post=213571"},{"taxonomy":"es_category","embeddable":true,"href":"https:\/\/arriendo.com\/co\/wp-json\/wp\/v2\/es_categories?post=213571"},{"taxonomy":"es_type","embeddable":true,"href":"https:\/\/arriendo.com\/co\/wp-json\/wp\/v2\/es_types?post=213571"},{"taxonomy":"es_rent_period","embeddable":true,"href":"https:\/\/arriendo.com\/co\/wp-json\/wp\/v2\/es_rent_periods?post=213571"},{"taxonomy":"es_label","embeddable":true,"href":"https:\/\/arriendo.com\/co\/wp-json\/wp\/v2\/es_labels?post=213571"},{"taxonomy":"es_status","embeddable":true,"href":"https:\/\/arriendo.com\/co\/wp-json\/wp\/v2\/es_statuses?post=213571"},{"taxonomy":"es_parking","embeddable":true,"href":"https:\/\/arriendo.com\/co\/wp-json\/wp\/v2\/es_parkings?post=213571"},{"taxonomy":"es_roof","embeddable":true,"href":"https:\/\/arriendo.com\/co\/wp-json\/wp\/v2\/es_roofs?post=213571"},{"taxonomy":"es_exterior_material","embeddable":true,"href":"https:\/\/arriendo.com\/co\/wp-json\/wp\/v2\/es_exterior_materials?post=213571"},{"taxonomy":"es_basement","embeddable":true,"href":"https:\/\/arriendo.com\/co\/wp-json\/wp\/v2\/es_basements?post=213571"},{"taxonomy":"es_floor_covering","embeddable":true,"href":"https:\/\/arriendo.com\/co\/wp-json\/wp\/v2\/es_floor_coverings?post=213571"},{"taxonomy":"es_feature","embeddable":true,"href":"https:\/\/arriendo.com\/co\/wp-json\/wp\/v2\/es_features?post=213571"},{"taxonomy":"es_amenity","embeddable":true,"href":"https:\/\/arriendo.com\/co\/wp-json\/wp\/v2\/es_amenities?post=213571"},{"taxonomy":"es_neighborhood","embeddable":true,"href":"https:\/\/arriendo.com\/co\/wp-json\/wp\/v2\/es_neighborhoods?post=213571"},{"taxonomy":"es_tag","embeddable":true,"href":"https:\/\/arriendo.com\/co\/wp-json\/wp\/v2\/es_tags?post=213571"}],"curies":[{"name":"wp","href":"https:\/\/api.w.org\/{rel}","templated":true}]}}

Apartamento en Arriendo en Cerros de Suba, Bogotá

<p>Este moderno y espacioso apartamento de 225 metros cuadrados con una vista panorámica espectacular, con 3 habitaciones, 5 baños,  3 parqueaderos, 1 estudio, 2 depósitos, 3 balcones, es ideal para familias que buscan comodidad y privacidad. Ubicado en un conjunto residencial en uno de los barrios más prestigiosos de la capital, el apartamento goza de elegantes acabados, amplios espacios sociales y todas las comodidades para una vida familiar placentera. </p>
<p>La ubicación es privilegiada, muy cerca de centros comerciales, colegios privados, restaurantes y zonas de entretenimiento, así como de vías principales para un rápido acceso al aeropuerto y sitios de interés en la ciudad. El conjunto residencial cuenta con modernas instalaciones deportivas y sociales para disfrutar.  </p>
<p>Con lo mejor en diseño, comodidad y ubicación.</p>
