{"id":213061,"date":"2026-01-14T10:50:00","date_gmt":"2026-01-14T15:50:00","guid":{"rendered":"https:\/\/arriendo.com\/co\/%es_type%\/\/%neighborhood%\/AR-0\/"},"modified":"2026-01-14T10:50:00","modified_gmt":"2026-01-14T15:50:00","slug":"ar-213061","status":"publish","type":"properties","link":"https:\/\/arriendo.com\/co\/locales\/cartagena\/olaya-sector-stella\/ar-213061\/","title":{"rendered":"Local en Arriendo en Olaya sector stella, Cartagena"},"content":{"rendered":"<p>\u00a1Oportunidad inigualable para su negocio! Este espacioso local comercial en obra gris, estrat\u00e9gicamente ubicado en el vibrante Centro Comercial Cartagena Express, ofrece una superficie inicial de 204 m2 con el potencial de expandirse a 408 m2 en dos niveles, brindando una flexibilidad excepcional para adaptarse a sus necesidades. Disfrute de la comodidad de servicios p\u00fablicos independientes y la ventaja de establecerse en el coraz\u00f3n del sector m\u00e1s grande y densamente poblado de Cartagena, garantizando un flujo constante de clientes potenciales. Ofrecemos un arriendo directo con la posibilidad de entregar el local en obra gris o blanca, sujeto a negociaci\u00f3n, para que pueda personalizarlo a su gusto y comenzar a operar de inmediato.<\/p>\n","protected":false},"excerpt":{"rendered":"\u00a1Oportunidad inigualable para su negocio! Este espacioso local comercial en...","protected":false},"author":7832,"featured_media":213063,"template":"","es_locations":[419,402,2640],"es_categories":[124],"es_types":[117],"es_rent_periods":[],"es_labels":[],"es_statuses":[126],"es_parkings":[],"es_roofs":[],"es_exterior_materials":[],"es_basements":[],"es_floor_coverings":[],"es_features":[131,2265,2131,2454,2201,2176,2149,2385,2216,2132,2488,2337,2365,2181,2135,2239,2241,2242,2137,2152],"es_amenities":[152,2268,2139,2456,2206,2191,2159,2386,156,2140,2489,2340,2366,2142,2256,161,2259,2260,2144,2162],"es_neighborhoods":[],"es_tags":[],"class_list":["post-213061","properties","type-properties","status-publish","has-post-thumbnail","hentry","es_location-bolivar","es_location-cartagena","es_location-olaya-sector-stella","es_category-arriendo","es_type-locales","es_status-usado","es_feature-ascensor","es_feature-bahia-exterior-de-parqueo","es_feature-circuito-cerrado-de-tv","es_feature-en-centro-comercial","es_feature-en-zona-comercial","es_feature-en-zona-residencial","es_feature-garajes","es_feature-local-exterior","es_feature-parqueadero-visitantes","es_feature-parques-cercanos","es_feature-pasaje-comercial","es_feature-piso-en-cemento","es_feature-planta-electrica","es_feature-porteria-vigilancia","es_feature-sobre-via-principal","es_feature-sobre-via-secundaria","es_feature-vigilancia-24x7","es_feature-vigilancia-privada-247","es_feature-zona-comercial","es_feature-zona-residencial","es_amenity-ascensor-privado","es_amenity-bahia-exterior-de-parqueo","es_amenity-circuito-cerrado-de-tv","es_amenity-en-centro-comercial","es_amenity-en-zona-comercial","es_amenity-en-zona-residencial","es_amenity-garajes","es_amenity-local-exterior","es_amenity-parqueadero-visitantes","es_amenity-parques-cercanos","es_amenity-pasaje-comercial","es_amenity-piso-en-cemento","es_amenity-planta-electrica","es_amenity-sobre-via-principal","es_amenity-sobre-via-secundaria","es_amenity-vigilancia-24-7","es_amenity-vigilancia-24x7","es_amenity-vigilancia-privada-247","es_amenity-zona-comercial","es_amenity-zona-residencial","es-post-entity"],"_links":{"self":[{"href":"https:\/\/arriendo.com\/co\/wp-json\/wp\/v2\/properties\/213061","targetHints":{"allow":["GET"]}}],"collection":[{"href":"https:\/\/arriendo.com\/co\/wp-json\/wp\/v2\/properties"}],"about":[{"href":"https:\/\/arriendo.com\/co\/wp-json\/wp\/v2\/types\/properties"}],"author":[{"embeddable":true,"href":"https:\/\/arriendo.com\/co\/wp-json\/wp\/v2\/users\/7832"}],"version-history":[{"count":0,"href":"https:\/\/arriendo.com\/co\/wp-json\/wp\/v2\/properties\/213061\/revisions"}],"wp:featuredmedia":[{"embeddable":true,"href":"https:\/\/arriendo.com\/co\/wp-json\/wp\/v2\/media\/213063"}],"wp:attachment":[{"href":"https:\/\/arriendo.com\/co\/wp-json\/wp\/v2\/media?parent=213061"}],"wp:term":[{"taxonomy":"es_location","embeddable":true,"href":"https:\/\/arriendo.com\/co\/wp-json\/wp\/v2\/es_locations?post=213061"},{"taxonomy":"es_category","embeddable":true,"href":"https:\/\/arriendo.com\/co\/wp-json\/wp\/v2\/es_categories?post=213061"},{"taxonomy":"es_type","embeddable":true,"href":"https:\/\/arriendo.com\/co\/wp-json\/wp\/v2\/es_types?post=213061"},{"taxonomy":"es_rent_period","embeddable":true,"href":"https:\/\/arriendo.com\/co\/wp-json\/wp\/v2\/es_rent_periods?post=213061"},{"taxonomy":"es_label","embeddable":true,"href":"https:\/\/arriendo.com\/co\/wp-json\/wp\/v2\/es_labels?post=213061"},{"taxonomy":"es_status","embeddable":true,"href":"https:\/\/arriendo.com\/co\/wp-json\/wp\/v2\/es_statuses?post=213061"},{"taxonomy":"es_parking","embeddable":true,"href":"https:\/\/arriendo.com\/co\/wp-json\/wp\/v2\/es_parkings?post=213061"},{"taxonomy":"es_roof","embeddable":true,"href":"https:\/\/arriendo.com\/co\/wp-json\/wp\/v2\/es_roofs?post=213061"},{"taxonomy":"es_exterior_material","embeddable":true,"href":"https:\/\/arriendo.com\/co\/wp-json\/wp\/v2\/es_exterior_materials?post=213061"},{"taxonomy":"es_basement","embeddable":true,"href":"https:\/\/arriendo.com\/co\/wp-json\/wp\/v2\/es_basements?post=213061"},{"taxonomy":"es_floor_covering","embeddable":true,"href":"https:\/\/arriendo.com\/co\/wp-json\/wp\/v2\/es_floor_coverings?post=213061"},{"taxonomy":"es_feature","embeddable":true,"href":"https:\/\/arriendo.com\/co\/wp-json\/wp\/v2\/es_features?post=213061"},{"taxonomy":"es_amenity","embeddable":true,"href":"https:\/\/arriendo.com\/co\/wp-json\/wp\/v2\/es_amenities?post=213061"},{"taxonomy":"es_neighborhood","embeddable":true,"href":"https:\/\/arriendo.com\/co\/wp-json\/wp\/v2\/es_neighborhoods?post=213061"},{"taxonomy":"es_tag","embeddable":true,"href":"https:\/\/arriendo.com\/co\/wp-json\/wp\/v2\/es_tags?post=213061"}],"curies":[{"name":"wp","href":"https:\/\/api.w.org\/{rel}","templated":true}]}}

<p>¡Oportunidad inigualable para su negocio! Este espacioso local comercial en obra gris, estratégicamente ubicado en el vibrante Centro Comercial Cartagena Express, ofrece una superficie inicial de 204 m2 con el potencial de expandirse a 408 m2 en dos niveles, brindando una flexibilidad excepcional para adaptarse a sus necesidades. Disfrute de la comodidad de servicios públicos independientes y la ventaja de establecerse en el corazón del sector más grande y densamente poblado de Cartagena, garantizando un flujo constante de clientes potenciales. Ofrecemos un arriendo directo con la posibilidad de entregar el local en obra gris o blanca, sujeto a negociación, para que pueda personalizarlo a su gusto y comenzar a operar de inmediato.</p>
