{"id":213047,"date":"2026-01-14T10:48:33","date_gmt":"2026-01-14T15:48:33","guid":{"rendered":"https:\/\/arriendo.com\/co\/%es_type%\/\/%neighborhood%\/AR-0\/"},"modified":"2026-01-14T10:48:33","modified_gmt":"2026-01-14T15:48:33","slug":"ar-213047","status":"publish","type":"properties","link":"https:\/\/arriendo.com\/co\/locales\/cartagena\/cartagena\/ar-213047\/","title":{"rendered":"Local en Arriendo en Cartagena"},"content":{"rendered":"<p>\u00a1Oportunidad \u00fanica! Este moderno local comercial de 40 m\u00b2 est\u00e1 listo para operar, ofreciendo un dise\u00f1o impecable con ba\u00f1o privado, lavamanos, lavatrapero, paredes reci\u00e9n pintadas, elegantes acabados en granito pulido y puertas de vidrio templado que maximizan la luz natural. Disfrute de la comodidad de servicios p\u00fablicos independientes y la tranquilidad de una celadur\u00eda privada 24\/7, planta el\u00e9ctrica con suplencia total para emergencias, tanques de reserva de agua potable, parqueaderos con CCTV y un avanzado sistema de detecci\u00f3n y riego contra incendios. Estrat\u00e9gicamente ubicado en el prestigioso Centro Comercial Cartagena Express, se beneficia de la mayor densidad poblacional y el sector m\u00e1s din\u00e1mico de la ciudad, garantizando un flujo constante de clientes para su negocio.<\/p>\n","protected":false},"excerpt":{"rendered":"\u00a1Oportunidad \u00fanica! Este moderno local comercial de 40 m\u00b2 est\u00e1...","protected":false},"author":7832,"featured_media":213049,"template":"","es_locations":[419,402],"es_categories":[124],"es_types":[117],"es_rent_periods":[],"es_labels":[],"es_statuses":[126],"es_parkings":[],"es_roofs":[],"es_exterior_materials":[],"es_basements":[],"es_floor_coverings":[],"es_features":[131,2265,2131,2454,2296,2201,2176,2149,2385,2216,2132,2488,2272,2365,2181,2135,2239,2241,2242,2137,2152],"es_amenities":[152,2268,2139,2456,2298,2206,2191,2159,2386,156,2140,2489,2273,2366,2142,2256,161,2259,2260,2144,2162],"es_neighborhoods":[],"es_tags":[],"class_list":["post-213047","properties","type-properties","status-publish","has-post-thumbnail","hentry","es_location-bolivar","es_location-cartagena","es_category-arriendo","es_type-locales","es_status-usado","es_feature-ascensor","es_feature-bahia-exterior-de-parqueo","es_feature-circuito-cerrado-de-tv","es_feature-en-centro-comercial","es_feature-en-edificio","es_feature-en-zona-comercial","es_feature-en-zona-residencial","es_feature-garajes","es_feature-local-exterior","es_feature-parqueadero-visitantes","es_feature-parques-cercanos","es_feature-pasaje-comercial","es_feature-piso-en-baldosa-marmol","es_feature-planta-electrica","es_feature-porteria-vigilancia","es_feature-sobre-via-principal","es_feature-sobre-via-secundaria","es_feature-vigilancia-24x7","es_feature-vigilancia-privada-247","es_feature-zona-comercial","es_feature-zona-residencial","es_amenity-ascensor-privado","es_amenity-bahia-exterior-de-parqueo","es_amenity-circuito-cerrado-de-tv","es_amenity-en-centro-comercial","es_amenity-en-edificio","es_amenity-en-zona-comercial","es_amenity-en-zona-residencial","es_amenity-garajes","es_amenity-local-exterior","es_amenity-parqueadero-visitantes","es_amenity-parques-cercanos","es_amenity-pasaje-comercial","es_amenity-piso-en-baldosa-marmol","es_amenity-planta-electrica","es_amenity-sobre-via-principal","es_amenity-sobre-via-secundaria","es_amenity-vigilancia-24-7","es_amenity-vigilancia-24x7","es_amenity-vigilancia-privada-247","es_amenity-zona-comercial","es_amenity-zona-residencial","es-post-entity"],"_links":{"self":[{"href":"https:\/\/arriendo.com\/co\/wp-json\/wp\/v2\/properties\/213047","targetHints":{"allow":["GET"]}}],"collection":[{"href":"https:\/\/arriendo.com\/co\/wp-json\/wp\/v2\/properties"}],"about":[{"href":"https:\/\/arriendo.com\/co\/wp-json\/wp\/v2\/types\/properties"}],"author":[{"embeddable":true,"href":"https:\/\/arriendo.com\/co\/wp-json\/wp\/v2\/users\/7832"}],"version-history":[{"count":0,"href":"https:\/\/arriendo.com\/co\/wp-json\/wp\/v2\/properties\/213047\/revisions"}],"wp:featuredmedia":[{"embeddable":true,"href":"https:\/\/arriendo.com\/co\/wp-json\/wp\/v2\/media\/213049"}],"wp:attachment":[{"href":"https:\/\/arriendo.com\/co\/wp-json\/wp\/v2\/media?parent=213047"}],"wp:term":[{"taxonomy":"es_location","embeddable":true,"href":"https:\/\/arriendo.com\/co\/wp-json\/wp\/v2\/es_locations?post=213047"},{"taxonomy":"es_category","embeddable":true,"href":"https:\/\/arriendo.com\/co\/wp-json\/wp\/v2\/es_categories?post=213047"},{"taxonomy":"es_type","embeddable":true,"href":"https:\/\/arriendo.com\/co\/wp-json\/wp\/v2\/es_types?post=213047"},{"taxonomy":"es_rent_period","embeddable":true,"href":"https:\/\/arriendo.com\/co\/wp-json\/wp\/v2\/es_rent_periods?post=213047"},{"taxonomy":"es_label","embeddable":true,"href":"https:\/\/arriendo.com\/co\/wp-json\/wp\/v2\/es_labels?post=213047"},{"taxonomy":"es_status","embeddable":true,"href":"https:\/\/arriendo.com\/co\/wp-json\/wp\/v2\/es_statuses?post=213047"},{"taxonomy":"es_parking","embeddable":true,"href":"https:\/\/arriendo.com\/co\/wp-json\/wp\/v2\/es_parkings?post=213047"},{"taxonomy":"es_roof","embeddable":true,"href":"https:\/\/arriendo.com\/co\/wp-json\/wp\/v2\/es_roofs?post=213047"},{"taxonomy":"es_exterior_material","embeddable":true,"href":"https:\/\/arriendo.com\/co\/wp-json\/wp\/v2\/es_exterior_materials?post=213047"},{"taxonomy":"es_basement","embeddable":true,"href":"https:\/\/arriendo.com\/co\/wp-json\/wp\/v2\/es_basements?post=213047"},{"taxonomy":"es_floor_covering","embeddable":true,"href":"https:\/\/arriendo.com\/co\/wp-json\/wp\/v2\/es_floor_coverings?post=213047"},{"taxonomy":"es_feature","embeddable":true,"href":"https:\/\/arriendo.com\/co\/wp-json\/wp\/v2\/es_features?post=213047"},{"taxonomy":"es_amenity","embeddable":true,"href":"https:\/\/arriendo.com\/co\/wp-json\/wp\/v2\/es_amenities?post=213047"},{"taxonomy":"es_neighborhood","embeddable":true,"href":"https:\/\/arriendo.com\/co\/wp-json\/wp\/v2\/es_neighborhoods?post=213047"},{"taxonomy":"es_tag","embeddable":true,"href":"https:\/\/arriendo.com\/co\/wp-json\/wp\/v2\/es_tags?post=213047"}],"curies":[{"name":"wp","href":"https:\/\/api.w.org\/{rel}","templated":true}]}}

<p>¡Oportunidad única! Este moderno local comercial de 40 m² está listo para operar, ofreciendo un diseño impecable con baño privado, lavamanos, lavatrapero, paredes recién pintadas, elegantes acabados en granito pulido y puertas de vidrio templado que maximizan la luz natural. Disfrute de la comodidad de servicios públicos independientes y la tranquilidad de una celaduría privada 24/7, planta eléctrica con suplencia total para emergencias, tanques de reserva de agua potable, parqueaderos con CCTV y un avanzado sistema de detección y riego contra incendios. Estratégicamente ubicado en el prestigioso Centro Comercial Cartagena Express, se beneficia de la mayor densidad poblacional y el sector más dinámico de la ciudad, garantizando un flujo constante de clientes para su negocio.</p>

¡Oportunidad única! Este moderno local comercial de 40 m² está...
