{"id":212912,"date":"2026-01-14T10:38:55","date_gmt":"2026-01-14T15:38:55","guid":{"rendered":"https:\/\/arriendo.com\/co\/%es_type%\/\/%neighborhood%\/AR-0\/"},"modified":"2026-01-14T10:38:55","modified_gmt":"2026-01-14T15:38:55","slug":"ar-212912","status":"publish","type":"properties","link":"https:\/\/arriendo.com\/co\/locales\/bogota\/san-felipe\/ar-212912\/","title":{"rendered":"Local en Arriendo en San Felipe, Bogot\u00e1"},"content":{"rendered":"<p>\u00a1Exclusiva oportunidad de alquiler en el vibrante coraz\u00f3n art\u00edstico de San Felipe! Presentamos un local comercial de 50 m\u00b2 en la codiciada Calle 74, dise\u00f1ado para impulsar su negocio. Este espacio vers\u00e1til es ideal para un coworking moderno, ofreciendo un ambiente inspirador con \u00e1reas cubiertas y al aire libre. Se entrega completamente equipado con un dise\u00f1o vanguardista y mobiliario especializado para trabajo remoto, incluyendo una cocina funcional, ba\u00f1o p\u00fablico, y una mesa con iluminaci\u00f3n c\u00e1lida y sistema de sonido integrado, creando el entorno perfecto para la productividad y la colaboraci\u00f3n.<\/p>\n<p>Ubicado estrat\u00e9gicamente en el epicentro cultural de San Felipe, disfrutar\u00e1 de la cercan\u00eda a galer\u00edas de arte, restaurantes de moda, acogedores caf\u00e9s y una pr\u00f3spera comunidad de negocios. La conectividad es inmejorable: sobre la Calle 74, con f\u00e1cil acceso peatonal y vehicular a trav\u00e9s de la Carrera 22, cerca de Los H\u00e9roes y la futura l\u00ednea del metro de Bogot\u00e1, as\u00ed como la Carrera 15 y Calle 72. Adem\u00e1s, la zona cuenta con una infraestructura completa que incluye el Centro Comercial Avenida Chile, bancos, papeler\u00edas, la Notar\u00eda 48, la DIAN, universidades y colegios de prestigio. Los servicios se facturan de forma independiente y son de uso comercial.<\/p>\n<p>No deje pasar esta inmejorable oportunidad de establecer su negocio en una de las zonas con mayor proyecci\u00f3n de Bogot\u00e1. \u00a1Cont\u00e1cteme hoy mismo para m\u00e1s informaci\u00f3n!<\/p>\n<p>Yen Gait\u00e1n<br \/>\nCelular: ***<br \/>\n#oportunidadnegocio #coworking #Bogotarealestate #negocios #SanFelipe #AlquilerComercial<\/p>\n","protected":false},"excerpt":{"rendered":"\u00a1Exclusiva oportunidad de alquiler en el vibrante coraz\u00f3n art\u00edstico de...","protected":false},"author":7788,"featured_media":212914,"template":"","es_locations":[110,77,2638],"es_categories":[124],"es_types":[117],"es_rent_periods":[],"es_labels":[],"es_statuses":[126],"es_parkings":[],"es_roofs":[],"es_exterior_materials":[],"es_basements":[],"es_floor_coverings":[],"es_features":[2131,2302,151,2296,2201,2385,2132,2220,2418,2135,2137],"es_amenities":[2139,2303,2270,2298,2206,2386,2140,2221,2419,2142,2144],"es_neighborhoods":[],"es_tags":[],"class_list":["post-212912","properties","type-properties","status-publish","has-post-thumbnail","hentry","es_location-bogota","es_location-bogota-d-c","es_location-san-felipe","es_category-arriendo","es_type-locales","es_status-usado","es_feature-circuito-cerrado-de-tv","es_feature-cocineta","es_feature-deposito-bodega","es_feature-en-edificio","es_feature-en-zona-comercial","es_feature-local-exterior","es_feature-parques-cercanos","es_feature-patio","es_feature-piso-en-madera","es_feature-sobre-via-principal","es_feature-zona-comercial","es_amenity-circuito-cerrado-de-tv","es_amenity-cocineta","es_amenity-deposito-bodega","es_amenity-en-edificio","es_amenity-en-zona-comercial","es_amenity-local-exterior","es_amenity-parques-cercanos","es_amenity-patio","es_amenity-piso-en-madera","es_amenity-sobre-via-principal","es_amenity-zona-comercial","es-post-entity"],"_links":{"self":[{"href":"https:\/\/arriendo.com\/co\/wp-json\/wp\/v2\/properties\/212912","targetHints":{"allow":["GET"]}}],"collection":[{"href":"https:\/\/arriendo.com\/co\/wp-json\/wp\/v2\/properties"}],"about":[{"href":"https:\/\/arriendo.com\/co\/wp-json\/wp\/v2\/types\/properties"}],"author":[{"embeddable":true,"href":"https:\/\/arriendo.com\/co\/wp-json\/wp\/v2\/users\/7788"}],"version-history":[{"count":0,"href":"https:\/\/arriendo.com\/co\/wp-json\/wp\/v2\/properties\/212912\/revisions"}],"wp:featuredmedia":[{"embeddable":true,"href":"https:\/\/arriendo.com\/co\/wp-json\/wp\/v2\/media\/212914"}],"wp:attachment":[{"href":"https:\/\/arriendo.com\/co\/wp-json\/wp\/v2\/media?parent=212912"}],"wp:term":[{"taxonomy":"es_location","embeddable":true,"href":"https:\/\/arriendo.com\/co\/wp-json\/wp\/v2\/es_locations?post=212912"},{"taxonomy":"es_category","embeddable":true,"href":"https:\/\/arriendo.com\/co\/wp-json\/wp\/v2\/es_categories?post=212912"},{"taxonomy":"es_type","embeddable":true,"href":"https:\/\/arriendo.com\/co\/wp-json\/wp\/v2\/es_types?post=212912"},{"taxonomy":"es_rent_period","embeddable":true,"href":"https:\/\/arriendo.com\/co\/wp-json\/wp\/v2\/es_rent_periods?post=212912"},{"taxonomy":"es_label","embeddable":true,"href":"https:\/\/arriendo.com\/co\/wp-json\/wp\/v2\/es_labels?post=212912"},{"taxonomy":"es_status","embeddable":true,"href":"https:\/\/arriendo.com\/co\/wp-json\/wp\/v2\/es_statuses?post=212912"},{"taxonomy":"es_parking","embeddable":true,"href":"https:\/\/arriendo.com\/co\/wp-json\/wp\/v2\/es_parkings?post=212912"},{"taxonomy":"es_roof","embeddable":true,"href":"https:\/\/arriendo.com\/co\/wp-json\/wp\/v2\/es_roofs?post=212912"},{"taxonomy":"es_exterior_material","embeddable":true,"href":"https:\/\/arriendo.com\/co\/wp-json\/wp\/v2\/es_exterior_materials?post=212912"},{"taxonomy":"es_basement","embeddable":true,"href":"https:\/\/arriendo.com\/co\/wp-json\/wp\/v2\/es_basements?post=212912"},{"taxonomy":"es_floor_covering","embeddable":true,"href":"https:\/\/arriendo.com\/co\/wp-json\/wp\/v2\/es_floor_coverings?post=212912"},{"taxonomy":"es_feature","embeddable":true,"href":"https:\/\/arriendo.com\/co\/wp-json\/wp\/v2\/es_features?post=212912"},{"taxonomy":"es_amenity","embeddable":true,"href":"https:\/\/arriendo.com\/co\/wp-json\/wp\/v2\/es_amenities?post=212912"},{"taxonomy":"es_neighborhood","embeddable":true,"href":"https:\/\/arriendo.com\/co\/wp-json\/wp\/v2\/es_neighborhoods?post=212912"},{"taxonomy":"es_tag","embeddable":true,"href":"https:\/\/arriendo.com\/co\/wp-json\/wp\/v2\/es_tags?post=212912"}],"curies":[{"name":"wp","href":"https:\/\/api.w.org\/{rel}","templated":true}]}}

Local en Arriendo en San Felipe, Bogotá

<p>¡Exclusiva oportunidad de alquiler en el vibrante corazón artístico de San Felipe! Presentamos un local comercial de 50 m² en la codiciada Calle 74, diseñado para impulsar su negocio. Este espacio versátil es ideal para un coworking moderno, ofreciendo un ambiente inspirador con áreas cubiertas y al aire libre. Se entrega completamente equipado con un diseño vanguardista y mobiliario especializado para trabajo remoto, incluyendo una cocina funcional, baño público, y una mesa con iluminación cálida y sistema de sonido integrado, creando el entorno perfecto para la productividad y la colaboración.</p>
<p>Ubicado estratégicamente en el epicentro cultural de San Felipe, disfrutará de la cercanía a galerías de arte, restaurantes de moda, acogedores cafés y una próspera comunidad de negocios. La conectividad es inmejorable: sobre la Calle 74, con fácil acceso peatonal y vehicular a través de la Carrera 22, cerca de Los Héroes y la futura línea del metro de Bogotá, así como la Carrera 15 y Calle 72. Además, la zona cuenta con una infraestructura completa que incluye el Centro Comercial Avenida Chile, bancos, papelerías, la Notaría 48, la DIAN, universidades y colegios de prestigio. Los servicios se facturan de forma independiente y son de uso comercial.</p>
<p>No deje pasar esta inmejorable oportunidad de establecer su negocio en una de las zonas con mayor proyección de Bogotá. ¡Contácteme hoy mismo para más información!</p>
<p>Yen Gaitán<br />
Celular: ***<br />
#oportunidadnegocio #coworking #Bogotarealestate #negocios #SanFelipe #AlquilerComercial</p>

¡Exclusiva oportunidad de alquiler en el vibrante corazón artístico de...
