{"id":212701,"date":"2026-01-14T10:22:08","date_gmt":"2026-01-14T15:22:08","guid":{"rendered":"https:\/\/arriendo.com\/co\/%es_type%\/\/%neighborhood%\/AR-0\/"},"modified":"2026-01-14T10:22:08","modified_gmt":"2026-01-14T15:22:08","slug":"ar-212701","status":"publish","type":"properties","link":"https:\/\/arriendo.com\/co\/edificios\/bogota\/chapinero\/ar-212701\/","title":{"rendered":"Edificio en Arriendo en Chapinero, Bogot\u00e1"},"content":{"rendered":"<p>EDIFICIO Venta COMERCIAL CHAPINERO  BOGOT\u00c1<br \/>\n&#8211;<br \/>\n&#8211; 5 pisos<br \/>\n&#8211; 504 m\u00b2\u00e1rea terreno<br \/>\n&#8211; 1.124.96 m\u00b2 \u00e1rea<br \/>\n&#8211; 10 salones<br \/>\n&#8211; 1 piso, recepci\u00f3n , oficinas y cuarto de cableado<br \/>\n&#8211; 2 piso 2 salones ,<br \/>\n-3 piso 2 salones , bater\u00eda de ba\u00f1os.<br \/>\n-4, piso 3 salones<br \/>\n-5 piso 3 salones.<br \/>\n*USO; comercial, institucional y residencial:<br \/>\ncomercio y servicios , almacenes, supermercados , y centros comerciales, planteles de educaci\u00f3n preescolar b\u00e1sica y media, hasta 850 alumnos, planteles de educaci\u00f3n preescolar hasta hasta 120 alumnos. Escuelas de formaci\u00f3n art\u00edstica, universidades, centros de formaci\u00f3n, galer\u00edas y salas de exposici\u00f3n, centro locales de atenci\u00f3n a grupos vulnerable, bancos , corporaciones, bolsa, fiducia, cr\u00e9ditos, seguros, cooperativa, restaurantes, comidas r\u00e1pidas, casas de banquetes, oficinas y consultorios, vivienda familiar y un\u00ed familiar<br \/>\n&#8211; Estrato 3.<br \/>\n&#8211; ubicaci\u00f3n: la edificaci\u00f3n se encuentra en un sector reconocido como residencial y comercial de Bogot\u00e1 D.C. en el centro oriente de la ciudad, cuenta con excelentes v\u00edas de acceso , el sector tiene uso comercial, institucional y residencial , se encuentra cerca de lugares culturales e instituciones educativas de la ciudad de Bogot\u00e1 D.C.<\/p>\n","protected":false},"excerpt":{"rendered":"EDIFICIO Venta COMERCIAL CHAPINERO BOGOT\u00c1 &#8211; &#8211; 5 pisos &#8211;...","protected":false},"author":7718,"featured_media":212703,"template":"","es_locations":[110,77,261],"es_categories":[124],"es_types":[122],"es_rent_periods":[],"es_labels":[],"es_statuses":[126],"es_parkings":[],"es_roofs":[],"es_exterior_materials":[],"es_basements":[],"es_floor_coverings":[],"es_features":[2293,133,2216,2132,2272,2418,2502,2134,2135,2239,2136,2137,2152],"es_amenities":[2295,2154,156,2140,2273,2419,2504,2141,2142,2256,2143,2144,2162],"es_neighborhoods":[],"es_tags":[],"class_list":["post-212701","properties","type-properties","status-publish","has-post-thumbnail","hentry","es_location-bogota","es_location-bogota-d-c","es_location-chapinero","es_category-arriendo","es_type-edificios","es_status-usado","es_feature-cerca-centro-comercial","es_feature-citofono","es_feature-parqueadero-visitantes","es_feature-parques-cercanos","es_feature-piso-en-baldosa-marmol","es_feature-piso-en-madera","es_feature-puerta-de-seguridad","es_feature-servicios-publicos","es_feature-sobre-via-principal","es_feature-sobre-via-secundaria","es_feature-trans-publico-cercano","es_feature-zona-comercial","es_feature-zona-residencial","es_amenity-cerca-centro-comercial","es_amenity-citofono","es_amenity-parqueadero-visitantes","es_amenity-parques-cercanos","es_amenity-piso-en-baldosa-marmol","es_amenity-piso-en-madera","es_amenity-puerta-de-seguridad","es_amenity-servicios-publicos","es_amenity-sobre-via-principal","es_amenity-sobre-via-secundaria","es_amenity-trans-publico-cercano","es_amenity-zona-comercial","es_amenity-zona-residencial","es-post-entity"],"_links":{"self":[{"href":"https:\/\/arriendo.com\/co\/wp-json\/wp\/v2\/properties\/212701","targetHints":{"allow":["GET"]}}],"collection":[{"href":"https:\/\/arriendo.com\/co\/wp-json\/wp\/v2\/properties"}],"about":[{"href":"https:\/\/arriendo.com\/co\/wp-json\/wp\/v2\/types\/properties"}],"author":[{"embeddable":true,"href":"https:\/\/arriendo.com\/co\/wp-json\/wp\/v2\/users\/7718"}],"version-history":[{"count":0,"href":"https:\/\/arriendo.com\/co\/wp-json\/wp\/v2\/properties\/212701\/revisions"}],"wp:featuredmedia":[{"embeddable":true,"href":"https:\/\/arriendo.com\/co\/wp-json\/wp\/v2\/media\/212703"}],"wp:attachment":[{"href":"https:\/\/arriendo.com\/co\/wp-json\/wp\/v2\/media?parent=212701"}],"wp:term":[{"taxonomy":"es_location","embeddable":true,"href":"https:\/\/arriendo.com\/co\/wp-json\/wp\/v2\/es_locations?post=212701"},{"taxonomy":"es_category","embeddable":true,"href":"https:\/\/arriendo.com\/co\/wp-json\/wp\/v2\/es_categories?post=212701"},{"taxonomy":"es_type","embeddable":true,"href":"https:\/\/arriendo.com\/co\/wp-json\/wp\/v2\/es_types?post=212701"},{"taxonomy":"es_rent_period","embeddable":true,"href":"https:\/\/arriendo.com\/co\/wp-json\/wp\/v2\/es_rent_periods?post=212701"},{"taxonomy":"es_label","embeddable":true,"href":"https:\/\/arriendo.com\/co\/wp-json\/wp\/v2\/es_labels?post=212701"},{"taxonomy":"es_status","embeddable":true,"href":"https:\/\/arriendo.com\/co\/wp-json\/wp\/v2\/es_statuses?post=212701"},{"taxonomy":"es_parking","embeddable":true,"href":"https:\/\/arriendo.com\/co\/wp-json\/wp\/v2\/es_parkings?post=212701"},{"taxonomy":"es_roof","embeddable":true,"href":"https:\/\/arriendo.com\/co\/wp-json\/wp\/v2\/es_roofs?post=212701"},{"taxonomy":"es_exterior_material","embeddable":true,"href":"https:\/\/arriendo.com\/co\/wp-json\/wp\/v2\/es_exterior_materials?post=212701"},{"taxonomy":"es_basement","embeddable":true,"href":"https:\/\/arriendo.com\/co\/wp-json\/wp\/v2\/es_basements?post=212701"},{"taxonomy":"es_floor_covering","embeddable":true,"href":"https:\/\/arriendo.com\/co\/wp-json\/wp\/v2\/es_floor_coverings?post=212701"},{"taxonomy":"es_feature","embeddable":true,"href":"https:\/\/arriendo.com\/co\/wp-json\/wp\/v2\/es_features?post=212701"},{"taxonomy":"es_amenity","embeddable":true,"href":"https:\/\/arriendo.com\/co\/wp-json\/wp\/v2\/es_amenities?post=212701"},{"taxonomy":"es_neighborhood","embeddable":true,"href":"https:\/\/arriendo.com\/co\/wp-json\/wp\/v2\/es_neighborhoods?post=212701"},{"taxonomy":"es_tag","embeddable":true,"href":"https:\/\/arriendo.com\/co\/wp-json\/wp\/v2\/es_tags?post=212701"}],"curies":[{"name":"wp","href":"https:\/\/api.w.org\/{rel}","templated":true}]}}

Edificio en Arriendo en Chapinero, Bogotá

<p>EDIFICIO Venta COMERCIAL CHAPINERO  BOGOTÁ<br />
&#8211;<br />
&#8211; 5 pisos<br />
&#8211; 504 m²área terreno<br />
&#8211; 1.124.96 m² área<br />
&#8211; 10 salones<br />
&#8211; 1 piso, recepción , oficinas y cuarto de cableado<br />
&#8211; 2 piso 2 salones ,<br />
-3 piso 2 salones , batería de baños.<br />
-4, piso 3 salones<br />
-5 piso 3 salones.<br />
*USO; comercial, institucional y residencial:<br />
comercio y servicios , almacenes, supermercados , y centros comerciales, planteles de educación preescolar básica y media, hasta 850 alumnos, planteles de educación preescolar hasta hasta 120 alumnos. Escuelas de formación artística, universidades, centros de formación, galerías y salas de exposición, centro locales de atención a grupos vulnerable, bancos , corporaciones, bolsa, fiducia, créditos, seguros, cooperativa, restaurantes, comidas rápidas, casas de banquetes, oficinas y consultorios, vivienda familiar y uní familiar<br />
&#8211; Estrato 3.<br />
&#8211; ubicación: la edificación se encuentra en un sector reconocido como residencial y comercial de Bogotá D.C. en el centro oriente de la ciudad, cuenta con excelentes vías de acceso , el sector tiene uso comercial, institucional y residencial , se encuentra cerca de lugares culturales e instituciones educativas de la ciudad de Bogotá D.C.</p>

EDIFICIO Venta COMERCIAL CHAPINERO BOGOTÁ &#8211; &#8211; 5 pisos &#8211;...
