{"id":212315,"date":"2026-01-14T09:54:27","date_gmt":"2026-01-14T14:54:27","guid":{"rendered":"https:\/\/arriendo.com\/co\/%es_type%\/\/%neighborhood%\/AR-0\/"},"modified":"2026-01-14T09:54:27","modified_gmt":"2026-01-14T14:54:27","slug":"ar-212315","status":"publish","type":"properties","link":"https:\/\/arriendo.com\/co\/locales\/bogota\/bosa\/ar-212315\/","title":{"rendered":"Local en  Arriendo en Bosa, Bogot\u00e1"},"content":{"rendered":"<p>Con una estrat\u00e9gica ubicaci\u00f3n, este local cuenta con un \u00e1rea total de 98 M2.  Sin duda, una excelente oportunidad para establecer su negocio en una zona de gran afluencia y \u00e9xito comercial. <\/p>\n<p>Al ingresar a este moderno y elegante Centro Comercial, podr\u00e1s encontrar un amplio y vers\u00e1til local de usos m\u00faltiples, perfecto para adaptarse a las necesidades de su empresa. <\/p>\n<p>No pierda m\u00e1s tiempo y aproveche esta \u00fanica oportunidad de alquilar un local con todas las comodidades y ventajas que su emprendimiento necesita para tener \u00e9xito.  Cel 3102549369<\/p>\n","protected":false},"excerpt":{"rendered":"Con una estrat\u00e9gica ubicaci\u00f3n, este local cuenta con un \u00e1rea...","protected":false},"author":7586,"featured_media":212319,"template":"","es_locations":[110,77,184],"es_categories":[124],"es_types":[117],"es_rent_periods":[],"es_labels":[],"es_statuses":[126],"es_parkings":[],"es_roofs":[],"es_exterior_materials":[],"es_basements":[],"es_floor_coverings":[],"es_features":[131,2131,2454,2201,2455,2216,2132,2488,2337,2365,2135,2241,2137],"es_amenities":[152,2139,2456,2206,2457,156,2140,2489,2340,2366,2142,2259,2144],"es_neighborhoods":[],"es_tags":[],"class_list":["post-212315","properties","type-properties","status-publish","has-post-thumbnail","hentry","es_location-bogota","es_location-bogota-d-c","es_location-bosa","es_category-arriendo","es_type-locales","es_status-usado","es_feature-ascensor","es_feature-circuito-cerrado-de-tv","es_feature-en-centro-comercial","es_feature-en-zona-comercial","es_feature-local-interior","es_feature-parqueadero-visitantes","es_feature-parques-cercanos","es_feature-pasaje-comercial","es_feature-piso-en-cemento","es_feature-planta-electrica","es_feature-sobre-via-principal","es_feature-vigilancia-24x7","es_feature-zona-comercial","es_amenity-ascensor-privado","es_amenity-circuito-cerrado-de-tv","es_amenity-en-centro-comercial","es_amenity-en-zona-comercial","es_amenity-local-interior","es_amenity-parqueadero-visitantes","es_amenity-parques-cercanos","es_amenity-pasaje-comercial","es_amenity-piso-en-cemento","es_amenity-planta-electrica","es_amenity-sobre-via-principal","es_amenity-vigilancia-24x7","es_amenity-zona-comercial","es-post-entity"],"_links":{"self":[{"href":"https:\/\/arriendo.com\/co\/wp-json\/wp\/v2\/properties\/212315","targetHints":{"allow":["GET"]}}],"collection":[{"href":"https:\/\/arriendo.com\/co\/wp-json\/wp\/v2\/properties"}],"about":[{"href":"https:\/\/arriendo.com\/co\/wp-json\/wp\/v2\/types\/properties"}],"author":[{"embeddable":true,"href":"https:\/\/arriendo.com\/co\/wp-json\/wp\/v2\/users\/7586"}],"version-history":[{"count":0,"href":"https:\/\/arriendo.com\/co\/wp-json\/wp\/v2\/properties\/212315\/revisions"}],"wp:featuredmedia":[{"embeddable":true,"href":"https:\/\/arriendo.com\/co\/wp-json\/wp\/v2\/media\/212319"}],"wp:attachment":[{"href":"https:\/\/arriendo.com\/co\/wp-json\/wp\/v2\/media?parent=212315"}],"wp:term":[{"taxonomy":"es_location","embeddable":true,"href":"https:\/\/arriendo.com\/co\/wp-json\/wp\/v2\/es_locations?post=212315"},{"taxonomy":"es_category","embeddable":true,"href":"https:\/\/arriendo.com\/co\/wp-json\/wp\/v2\/es_categories?post=212315"},{"taxonomy":"es_type","embeddable":true,"href":"https:\/\/arriendo.com\/co\/wp-json\/wp\/v2\/es_types?post=212315"},{"taxonomy":"es_rent_period","embeddable":true,"href":"https:\/\/arriendo.com\/co\/wp-json\/wp\/v2\/es_rent_periods?post=212315"},{"taxonomy":"es_label","embeddable":true,"href":"https:\/\/arriendo.com\/co\/wp-json\/wp\/v2\/es_labels?post=212315"},{"taxonomy":"es_status","embeddable":true,"href":"https:\/\/arriendo.com\/co\/wp-json\/wp\/v2\/es_statuses?post=212315"},{"taxonomy":"es_parking","embeddable":true,"href":"https:\/\/arriendo.com\/co\/wp-json\/wp\/v2\/es_parkings?post=212315"},{"taxonomy":"es_roof","embeddable":true,"href":"https:\/\/arriendo.com\/co\/wp-json\/wp\/v2\/es_roofs?post=212315"},{"taxonomy":"es_exterior_material","embeddable":true,"href":"https:\/\/arriendo.com\/co\/wp-json\/wp\/v2\/es_exterior_materials?post=212315"},{"taxonomy":"es_basement","embeddable":true,"href":"https:\/\/arriendo.com\/co\/wp-json\/wp\/v2\/es_basements?post=212315"},{"taxonomy":"es_floor_covering","embeddable":true,"href":"https:\/\/arriendo.com\/co\/wp-json\/wp\/v2\/es_floor_coverings?post=212315"},{"taxonomy":"es_feature","embeddable":true,"href":"https:\/\/arriendo.com\/co\/wp-json\/wp\/v2\/es_features?post=212315"},{"taxonomy":"es_amenity","embeddable":true,"href":"https:\/\/arriendo.com\/co\/wp-json\/wp\/v2\/es_amenities?post=212315"},{"taxonomy":"es_neighborhood","embeddable":true,"href":"https:\/\/arriendo.com\/co\/wp-json\/wp\/v2\/es_neighborhoods?post=212315"},{"taxonomy":"es_tag","embeddable":true,"href":"https:\/\/arriendo.com\/co\/wp-json\/wp\/v2\/es_tags?post=212315"}],"curies":[{"name":"wp","href":"https:\/\/api.w.org\/{rel}","templated":true}]}}

Local en  Arriendo en Bosa, Bogotá

<p>Con una estratégica ubicación, este local cuenta con un área total de 98 M2.  Sin duda, una excelente oportunidad para establecer su negocio en una zona de gran afluencia y éxito comercial. </p>
<p>Al ingresar a este moderno y elegante Centro Comercial, podrás encontrar un amplio y versátil local de usos múltiples, perfecto para adaptarse a las necesidades de su empresa. </p>
<p>No pierda más tiempo y aproveche esta única oportunidad de alquilar un local con todas las comodidades y ventajas que su emprendimiento necesita para tener éxito.  Cel 3102549369</p>

Con una estratégica ubicación, este local cuenta con un área...
