{"id":212261,"date":"2026-01-14T09:50:13","date_gmt":"2026-01-14T14:50:13","guid":{"rendered":"https:\/\/arriendo.com\/co\/%es_type%\/\/%neighborhood%\/AR-0\/"},"modified":"2026-01-14T09:50:13","modified_gmt":"2026-01-14T14:50:13","slug":"ar-212261","status":"publish","type":"properties","link":"https:\/\/arriendo.com\/co\/locales\/bogota\/estoril\/ar-212261\/","title":{"rendered":"Local en Arriendo en Estoril, Bogot\u00e1"},"content":{"rendered":"<p>C\u00f3digo: G9297909 LOCAL COMERCIAL NUEVO, con vitrina exterior y ubicado estrat\u00e9gicamente en el centro del corredor comercial del barrio El Estoril. Est\u00e1 en obra gris para que sea f\u00e1cilmente adaptado a las necesidades de tu negocio.  Tiene todos los servicios p\u00fablicos listos y la posibilidad de instalar un ba\u00f1o privado. Vitrina directa a los residentes del barrio Estoril, de Pasanena y de Puente Largo.  Adicionalmente queda frente a la calle 100 donde ha avanzado en casi un 70% la construcci\u00f3n del \u00faltimo tramo (grupo 9) de la avenida 68 sobre la calle 100, que contar\u00e1 con ciclorutas, estaciones de transmilenio, nuevos andenes y el cruce peatonal de la calle 100 ser\u00e1 a tan solo una cuadra del local. Canon: $4.100.000 incluida administraci\u00f3n<\/p>\n","protected":false},"excerpt":{"rendered":"C\u00f3digo: G9297909 LOCAL COMERCIAL NUEVO, con vitrina exterior y ubicado...","protected":false},"author":7561,"featured_media":212263,"template":"","es_locations":[110,77,2523],"es_categories":[124],"es_types":[117],"es_rent_periods":[],"es_labels":[],"es_statuses":[126],"es_parkings":[],"es_roofs":[],"es_exterior_materials":[],"es_basements":[],"es_floor_coverings":[],"es_features":[131,2131,2132,2135,143,2137,2152],"es_amenities":[152,2139,2140,2142,2290,2144,2162],"es_neighborhoods":[],"es_tags":[],"class_list":["post-212261","properties","type-properties","status-publish","has-post-thumbnail","hentry","es_location-bogota","es_location-bogota-d-c","es_location-estoril","es_category-arriendo","es_type-locales","es_status-usado","es_feature-ascensor","es_feature-circuito-cerrado-de-tv","es_feature-parques-cercanos","es_feature-sobre-via-principal","es_feature-terraza","es_feature-zona-comercial","es_feature-zona-residencial","es_amenity-ascensor-privado","es_amenity-circuito-cerrado-de-tv","es_amenity-parques-cercanos","es_amenity-sobre-via-principal","es_amenity-terraza","es_amenity-zona-comercial","es_amenity-zona-residencial","es-post-entity"],"_links":{"self":[{"href":"https:\/\/arriendo.com\/co\/wp-json\/wp\/v2\/properties\/212261","targetHints":{"allow":["GET"]}}],"collection":[{"href":"https:\/\/arriendo.com\/co\/wp-json\/wp\/v2\/properties"}],"about":[{"href":"https:\/\/arriendo.com\/co\/wp-json\/wp\/v2\/types\/properties"}],"author":[{"embeddable":true,"href":"https:\/\/arriendo.com\/co\/wp-json\/wp\/v2\/users\/7561"}],"version-history":[{"count":0,"href":"https:\/\/arriendo.com\/co\/wp-json\/wp\/v2\/properties\/212261\/revisions"}],"wp:featuredmedia":[{"embeddable":true,"href":"https:\/\/arriendo.com\/co\/wp-json\/wp\/v2\/media\/212263"}],"wp:attachment":[{"href":"https:\/\/arriendo.com\/co\/wp-json\/wp\/v2\/media?parent=212261"}],"wp:term":[{"taxonomy":"es_location","embeddable":true,"href":"https:\/\/arriendo.com\/co\/wp-json\/wp\/v2\/es_locations?post=212261"},{"taxonomy":"es_category","embeddable":true,"href":"https:\/\/arriendo.com\/co\/wp-json\/wp\/v2\/es_categories?post=212261"},{"taxonomy":"es_type","embeddable":true,"href":"https:\/\/arriendo.com\/co\/wp-json\/wp\/v2\/es_types?post=212261"},{"taxonomy":"es_rent_period","embeddable":true,"href":"https:\/\/arriendo.com\/co\/wp-json\/wp\/v2\/es_rent_periods?post=212261"},{"taxonomy":"es_label","embeddable":true,"href":"https:\/\/arriendo.com\/co\/wp-json\/wp\/v2\/es_labels?post=212261"},{"taxonomy":"es_status","embeddable":true,"href":"https:\/\/arriendo.com\/co\/wp-json\/wp\/v2\/es_statuses?post=212261"},{"taxonomy":"es_parking","embeddable":true,"href":"https:\/\/arriendo.com\/co\/wp-json\/wp\/v2\/es_parkings?post=212261"},{"taxonomy":"es_roof","embeddable":true,"href":"https:\/\/arriendo.com\/co\/wp-json\/wp\/v2\/es_roofs?post=212261"},{"taxonomy":"es_exterior_material","embeddable":true,"href":"https:\/\/arriendo.com\/co\/wp-json\/wp\/v2\/es_exterior_materials?post=212261"},{"taxonomy":"es_basement","embeddable":true,"href":"https:\/\/arriendo.com\/co\/wp-json\/wp\/v2\/es_basements?post=212261"},{"taxonomy":"es_floor_covering","embeddable":true,"href":"https:\/\/arriendo.com\/co\/wp-json\/wp\/v2\/es_floor_coverings?post=212261"},{"taxonomy":"es_feature","embeddable":true,"href":"https:\/\/arriendo.com\/co\/wp-json\/wp\/v2\/es_features?post=212261"},{"taxonomy":"es_amenity","embeddable":true,"href":"https:\/\/arriendo.com\/co\/wp-json\/wp\/v2\/es_amenities?post=212261"},{"taxonomy":"es_neighborhood","embeddable":true,"href":"https:\/\/arriendo.com\/co\/wp-json\/wp\/v2\/es_neighborhoods?post=212261"},{"taxonomy":"es_tag","embeddable":true,"href":"https:\/\/arriendo.com\/co\/wp-json\/wp\/v2\/es_tags?post=212261"}],"curies":[{"name":"wp","href":"https:\/\/api.w.org\/{rel}","templated":true}]}}

Local en Arriendo en Estoril, Bogotá

<p>Código: G9297909 LOCAL COMERCIAL NUEVO, con vitrina exterior y ubicado estratégicamente en el centro del corredor comercial del barrio El Estoril. Está en obra gris para que sea fácilmente adaptado a las necesidades de tu negocio.  Tiene todos los servicios públicos listos y la posibilidad de instalar un baño privado. Vitrina directa a los residentes del barrio Estoril, de Pasanena y de Puente Largo.  Adicionalmente queda frente a la calle 100 donde ha avanzado en casi un 70% la construcción del último tramo (grupo 9) de la avenida 68 sobre la calle 100, que contará con ciclorutas, estaciones de transmilenio, nuevos andenes y el cruce peatonal de la calle 100 será a tan solo una cuadra del local. Canon: $4.100.000 incluida administración</p>

Código: G9297909 LOCAL COMERCIAL NUEVO, con vitrina exterior y ubicado...
