{"id":212245,"date":"2026-01-14T09:48:51","date_gmt":"2026-01-14T14:48:51","guid":{"rendered":"https:\/\/arriendo.com\/co\/%es_type%\/\/%neighborhood%\/AR-0\/"},"modified":"2026-01-14T09:48:51","modified_gmt":"2026-01-14T14:48:51","slug":"ar-212245","status":"publish","type":"properties","link":"https:\/\/arriendo.com\/co\/oficinas\/bogota\/santa-ana\/ar-212245\/","title":{"rendered":"Oficina en  Arriendo en Santa Ana, Bogot\u00e1"},"content":{"rendered":"<p>Amplia e iluminada oficina en el Edificio Teleport Business Park.  Un solo ambiente con ba\u00f1o privado que permite adaptar espacios de trabajo seg\u00fan tu necesidad. Vista al occidente de la ciudad.  Tiene dos garajes cubiertos independientes.  El edificio ofrece bater\u00eda de ba\u00f1os en cada piso, torre de ascensores para funcionarios independiente de ascensores para visitantes. Su ubicaci\u00f3n es privilegiada, con f\u00e1cil acceso por la carrera 9na, la carrera 7ma, calle 116.  Frente a Hacienda Santa B\u00e1rbara y zona gastron\u00f3mica de Usaquen.  Un centro empresarial con el comercio, las v\u00edas de acceso y las entidades financieras que necesitas.<\/p>\n<p>Canon + administraci\u00f3n: $11.985.000 <\/p>\n<p>Agenda tu cita.  C\u00f3digo: ***<\/p>\n","protected":false},"excerpt":{"rendered":"Amplia e iluminada oficina en el Edificio Teleport Business Park....","protected":false},"author":7561,"featured_media":212247,"template":"","es_locations":[110,77,455],"es_categories":[124],"es_types":[116],"es_rent_periods":[],"es_labels":[],"es_statuses":[126],"es_parkings":[],"es_roofs":[],"es_exterior_materials":[],"es_basements":[],"es_floor_coverings":[],"es_features":[131,2131,133,2216,2133,2136],"es_amenities":[152,2139,2154,156,158,2143],"es_neighborhoods":[],"es_tags":[],"class_list":["post-212245","properties","type-properties","status-publish","has-post-thumbnail","hentry","es_location-bogota","es_location-bogota-d-c","es_location-santa-ana","es_category-arriendo","es_type-oficinas","es_status-usado","es_feature-ascensor","es_feature-circuito-cerrado-de-tv","es_feature-citofono","es_feature-parqueadero-visitantes","es_feature-porteria-recepcion","es_feature-trans-publico-cercano","es_amenity-ascensor-privado","es_amenity-circuito-cerrado-de-tv","es_amenity-citofono","es_amenity-parqueadero-visitantes","es_amenity-porteria-recepcion","es_amenity-trans-publico-cercano","es-post-entity"],"_links":{"self":[{"href":"https:\/\/arriendo.com\/co\/wp-json\/wp\/v2\/properties\/212245","targetHints":{"allow":["GET"]}}],"collection":[{"href":"https:\/\/arriendo.com\/co\/wp-json\/wp\/v2\/properties"}],"about":[{"href":"https:\/\/arriendo.com\/co\/wp-json\/wp\/v2\/types\/properties"}],"author":[{"embeddable":true,"href":"https:\/\/arriendo.com\/co\/wp-json\/wp\/v2\/users\/7561"}],"version-history":[{"count":0,"href":"https:\/\/arriendo.com\/co\/wp-json\/wp\/v2\/properties\/212245\/revisions"}],"wp:featuredmedia":[{"embeddable":true,"href":"https:\/\/arriendo.com\/co\/wp-json\/wp\/v2\/media\/212247"}],"wp:attachment":[{"href":"https:\/\/arriendo.com\/co\/wp-json\/wp\/v2\/media?parent=212245"}],"wp:term":[{"taxonomy":"es_location","embeddable":true,"href":"https:\/\/arriendo.com\/co\/wp-json\/wp\/v2\/es_locations?post=212245"},{"taxonomy":"es_category","embeddable":true,"href":"https:\/\/arriendo.com\/co\/wp-json\/wp\/v2\/es_categories?post=212245"},{"taxonomy":"es_type","embeddable":true,"href":"https:\/\/arriendo.com\/co\/wp-json\/wp\/v2\/es_types?post=212245"},{"taxonomy":"es_rent_period","embeddable":true,"href":"https:\/\/arriendo.com\/co\/wp-json\/wp\/v2\/es_rent_periods?post=212245"},{"taxonomy":"es_label","embeddable":true,"href":"https:\/\/arriendo.com\/co\/wp-json\/wp\/v2\/es_labels?post=212245"},{"taxonomy":"es_status","embeddable":true,"href":"https:\/\/arriendo.com\/co\/wp-json\/wp\/v2\/es_statuses?post=212245"},{"taxonomy":"es_parking","embeddable":true,"href":"https:\/\/arriendo.com\/co\/wp-json\/wp\/v2\/es_parkings?post=212245"},{"taxonomy":"es_roof","embeddable":true,"href":"https:\/\/arriendo.com\/co\/wp-json\/wp\/v2\/es_roofs?post=212245"},{"taxonomy":"es_exterior_material","embeddable":true,"href":"https:\/\/arriendo.com\/co\/wp-json\/wp\/v2\/es_exterior_materials?post=212245"},{"taxonomy":"es_basement","embeddable":true,"href":"https:\/\/arriendo.com\/co\/wp-json\/wp\/v2\/es_basements?post=212245"},{"taxonomy":"es_floor_covering","embeddable":true,"href":"https:\/\/arriendo.com\/co\/wp-json\/wp\/v2\/es_floor_coverings?post=212245"},{"taxonomy":"es_feature","embeddable":true,"href":"https:\/\/arriendo.com\/co\/wp-json\/wp\/v2\/es_features?post=212245"},{"taxonomy":"es_amenity","embeddable":true,"href":"https:\/\/arriendo.com\/co\/wp-json\/wp\/v2\/es_amenities?post=212245"},{"taxonomy":"es_neighborhood","embeddable":true,"href":"https:\/\/arriendo.com\/co\/wp-json\/wp\/v2\/es_neighborhoods?post=212245"},{"taxonomy":"es_tag","embeddable":true,"href":"https:\/\/arriendo.com\/co\/wp-json\/wp\/v2\/es_tags?post=212245"}],"curies":[{"name":"wp","href":"https:\/\/api.w.org\/{rel}","templated":true}]}}

Oficina en  Arriendo en Santa Ana, Bogotá

<p>Amplia e iluminada oficina en el Edificio Teleport Business Park.  Un solo ambiente con baño privado que permite adaptar espacios de trabajo según tu necesidad. Vista al occidente de la ciudad.  Tiene dos garajes cubiertos independientes.  El edificio ofrece batería de baños en cada piso, torre de ascensores para funcionarios independiente de ascensores para visitantes. Su ubicación es privilegiada, con fácil acceso por la carrera 9na, la carrera 7ma, calle 116.  Frente a Hacienda Santa Bárbara y zona gastronómica de Usaquen.  Un centro empresarial con el comercio, las vías de acceso y las entidades financieras que necesitas.</p>
<p>Canon + administración: $11.985.000 </p>
<p>Agenda tu cita.  Código: ***</p>
