{"id":212178,"date":"2026-01-14T09:43:08","date_gmt":"2026-01-14T14:43:08","guid":{"rendered":"https:\/\/arriendo.com\/co\/%es_type%\/\/%neighborhood%\/AR-0\/"},"modified":"2026-01-14T09:43:08","modified_gmt":"2026-01-14T14:43:08","slug":"ar-212178","status":"publish","type":"properties","link":"https:\/\/arriendo.com\/co\/lotes\/bucaramanga\/garcia-rovira\/ar-212178\/","title":{"rendered":"Lote en Arriendo en Garcia rovira, Bucaramanga"},"content":{"rendered":"<p>Predio de terreno medianero de 2357 mts2, donde ingres\u00f3 (carrera 12 y Av Quebradaseca). zona enfocada en comercio e industria, en la actualidad opera una estaci\u00f3n de lubricaci\u00f3n, taller mec\u00e1nico y parqueadero de veh\u00edculos de carga. cuenta con zona para alojamiento del personal transportador. Est\u00e1 frente a colegio salesiano, parque garc\u00eda rovira y a cuatro cuadras est\u00e1 la alcald\u00eda, gobernaci\u00f3n y palacio de justicia. cuenta con:<br \/>\n&#8211; zona de parqueadero para veh\u00edculos de gran tama\u00f1o con su oficina amplia<br \/>\n&#8211; zona de lubricaci\u00f3n y taller de mantenimiento para veh\u00edculos.<br \/>\n&#8211; zona de alojamiento con 14 habitaciones con ba\u00f1o privado y zona de cafeter\u00eda<br \/>\n&#8211; 1 apartamento de 3 habitaciones dos con ba\u00f1o privado<br \/>\n&#8211; local comercial sobre la cra 12 para venta de repuestos, lubricantes etc<\/p>\n","protected":false},"excerpt":{"rendered":"Predio de terreno medianero de 2357 mts2, donde ingres\u00f3 (carrera...","protected":false},"author":7531,"featured_media":212180,"template":"","es_locations":[175,2624,104],"es_categories":[124],"es_types":[120],"es_rent_periods":[],"es_labels":[],"es_statuses":[126],"es_parkings":[],"es_roofs":[],"es_exterior_materials":[],"es_basements":[],"es_floor_coverings":[],"es_features":[2168,2231,2200,2625,2134,2135,2300],"es_amenities":[2195,2244,2205,2626,2141,2142,2301],"es_neighborhoods":[],"es_tags":[],"class_list":["post-212178","properties","type-properties","status-publish","has-post-thumbnail","hentry","es_location-bucaramanga","es_location-garcia-rovira","es_location-santander","es_category-arriendo","es_type-lotes","es_status-usado","es_feature-area-urbana","es_feature-bahias-de-parqueo","es_feature-cerca-a-sector-comercial","es_feature-con-vivienda","es_feature-servicios-publicos","es_feature-sobre-via-principal","es_feature-zona-industrial","es_amenity-area-urbana","es_amenity-bahias-de-parqueo","es_amenity-cerca-a-sector-comercial","es_amenity-con-vivienda","es_amenity-servicios-publicos","es_amenity-sobre-via-principal","es_amenity-zona-industrial","es-post-entity"],"_links":{"self":[{"href":"https:\/\/arriendo.com\/co\/wp-json\/wp\/v2\/properties\/212178","targetHints":{"allow":["GET"]}}],"collection":[{"href":"https:\/\/arriendo.com\/co\/wp-json\/wp\/v2\/properties"}],"about":[{"href":"https:\/\/arriendo.com\/co\/wp-json\/wp\/v2\/types\/properties"}],"author":[{"embeddable":true,"href":"https:\/\/arriendo.com\/co\/wp-json\/wp\/v2\/users\/7531"}],"version-history":[{"count":0,"href":"https:\/\/arriendo.com\/co\/wp-json\/wp\/v2\/properties\/212178\/revisions"}],"wp:featuredmedia":[{"embeddable":true,"href":"https:\/\/arriendo.com\/co\/wp-json\/wp\/v2\/media\/212180"}],"wp:attachment":[{"href":"https:\/\/arriendo.com\/co\/wp-json\/wp\/v2\/media?parent=212178"}],"wp:term":[{"taxonomy":"es_location","embeddable":true,"href":"https:\/\/arriendo.com\/co\/wp-json\/wp\/v2\/es_locations?post=212178"},{"taxonomy":"es_category","embeddable":true,"href":"https:\/\/arriendo.com\/co\/wp-json\/wp\/v2\/es_categories?post=212178"},{"taxonomy":"es_type","embeddable":true,"href":"https:\/\/arriendo.com\/co\/wp-json\/wp\/v2\/es_types?post=212178"},{"taxonomy":"es_rent_period","embeddable":true,"href":"https:\/\/arriendo.com\/co\/wp-json\/wp\/v2\/es_rent_periods?post=212178"},{"taxonomy":"es_label","embeddable":true,"href":"https:\/\/arriendo.com\/co\/wp-json\/wp\/v2\/es_labels?post=212178"},{"taxonomy":"es_status","embeddable":true,"href":"https:\/\/arriendo.com\/co\/wp-json\/wp\/v2\/es_statuses?post=212178"},{"taxonomy":"es_parking","embeddable":true,"href":"https:\/\/arriendo.com\/co\/wp-json\/wp\/v2\/es_parkings?post=212178"},{"taxonomy":"es_roof","embeddable":true,"href":"https:\/\/arriendo.com\/co\/wp-json\/wp\/v2\/es_roofs?post=212178"},{"taxonomy":"es_exterior_material","embeddable":true,"href":"https:\/\/arriendo.com\/co\/wp-json\/wp\/v2\/es_exterior_materials?post=212178"},{"taxonomy":"es_basement","embeddable":true,"href":"https:\/\/arriendo.com\/co\/wp-json\/wp\/v2\/es_basements?post=212178"},{"taxonomy":"es_floor_covering","embeddable":true,"href":"https:\/\/arriendo.com\/co\/wp-json\/wp\/v2\/es_floor_coverings?post=212178"},{"taxonomy":"es_feature","embeddable":true,"href":"https:\/\/arriendo.com\/co\/wp-json\/wp\/v2\/es_features?post=212178"},{"taxonomy":"es_amenity","embeddable":true,"href":"https:\/\/arriendo.com\/co\/wp-json\/wp\/v2\/es_amenities?post=212178"},{"taxonomy":"es_neighborhood","embeddable":true,"href":"https:\/\/arriendo.com\/co\/wp-json\/wp\/v2\/es_neighborhoods?post=212178"},{"taxonomy":"es_tag","embeddable":true,"href":"https:\/\/arriendo.com\/co\/wp-json\/wp\/v2\/es_tags?post=212178"}],"curies":[{"name":"wp","href":"https:\/\/api.w.org\/{rel}","templated":true}]}}

<p>Predio de terreno medianero de 2357 mts2, donde ingresó (carrera 12 y Av Quebradaseca). zona enfocada en comercio e industria, en la actualidad opera una estación de lubricación, taller mecánico y parqueadero de vehículos de carga. cuenta con zona para alojamiento del personal transportador. Está frente a colegio salesiano, parque garcía rovira y a cuatro cuadras está la alcaldía, gobernación y palacio de justicia. cuenta con:<br />
&#8211; zona de parqueadero para vehículos de gran tamaño con su oficina amplia<br />
&#8211; zona de lubricación y taller de mantenimiento para vehículos.<br />
&#8211; zona de alojamiento con 14 habitaciones con baño privado y zona de cafetería<br />
&#8211; 1 apartamento de 3 habitaciones dos con baño privado<br />
&#8211; local comercial sobre la cra 12 para venta de repuestos, lubricantes etc</p>

Predio de terreno medianero de 2357 mts2, donde ingresó (carrera...
