{"id":211898,"date":"2026-01-14T09:26:22","date_gmt":"2026-01-14T14:26:22","guid":{"rendered":"https:\/\/arriendo.com\/co\/%es_type%\/\/%neighborhood%\/AR-0\/"},"modified":"2026-01-14T09:26:23","modified_gmt":"2026-01-14T14:26:23","slug":"ar-211898","status":"publish","type":"properties","link":"https:\/\/arriendo.com\/co\/casas\/bogota\/balcones-del-salitre\/ar-211898\/","title":{"rendered":"Casa en  Arriendo en Balcones del salitre, Bogot\u00e1"},"content":{"rendered":"<p>En excelente sector residencial con  uso mixto , se encuentra esta impresionante Casa !!  remodelada con dos niveles en el primer nivel: sala comedor con chimenea, comedor adicional , dos garajes cubiertos , deposito , amplia cocina integral en madera , patio de ropas , cuarto de servicio con ba\u00f1o , patio exterior para compartir  en familia, ba\u00f1o social. Segundo nivel: 4 habitaciones, estyudio ba\u00f1os,estudio, 3 ba\u00f1os,  espacio en hall.  Su dise\u00f1o arquitect\u00f3nico contemporaneo hace de esta propiedad un lugar con amplios espacios con luz natural que  brindan comodidad y funcionalidad a sus residentes. Esta propiedad es ideal para aquellos que buscan un lugar amplio y con ubicacion privilegiada para tu oficina y hogar. \u00a1No pierdas la oportunidad.! LLamnos hoy mismo! ***<\/p>\n","protected":false},"excerpt":{"rendered":"En excelente sector residencial con uso mixto , se encuentra...","protected":false},"author":7386,"featured_media":211900,"template":"","es_locations":[2618,110,77],"es_categories":[124],"es_types":[115],"es_rent_periods":[],"es_labels":[],"es_statuses":[126],"es_parkings":[],"es_roofs":[],"es_exterior_materials":[],"es_basements":[],"es_floor_coverings":[],"es_features":[2293,134,2166,2274,2146,145,2203,2220,2351,2463,143,2136,144,2137,2152],"es_amenities":[2295,2313,2189,2278,2155,2160,2208,2221,2352,2465,2290,2143,2289,2144,2162],"es_neighborhoods":[],"es_tags":[],"class_list":["post-211898","properties","type-properties","status-publish","has-post-thumbnail","hentry","es_location-balcones-del-salitre","es_location-bogota","es_location-bogota-d-c","es_category-arriendo","es_type-casas","es_status-usado","es_feature-cerca-centro-comercial","es_feature-chimenea","es_feature-closet","es_feature-cocina-equipada","es_feature-cocina-integral","es_feature-instalacion-de-gas","es_feature-jardines-exteriores","es_feature-patio","es_feature-piso-de-alta-resistencia","es_feature-tanques-de-agua","es_feature-terraza","es_feature-trans-publico-cercano","es_feature-vista-panoramica","es_feature-zona-comercial","es_feature-zona-residencial","es_amenity-cerca-centro-comercial","es_amenity-chimenea","es_amenity-closet","es_amenity-cocina-equipada","es_amenity-cocina-integral","es_amenity-instalacion-de-gas","es_amenity-jardines-exteriores","es_amenity-patio","es_amenity-piso-de-alta-resistencia","es_amenity-tanques-de-agua","es_amenity-terraza","es_amenity-trans-publico-cercano","es_amenity-vista-panoramica","es_amenity-zona-comercial","es_amenity-zona-residencial","es-post-entity"],"_links":{"self":[{"href":"https:\/\/arriendo.com\/co\/wp-json\/wp\/v2\/properties\/211898","targetHints":{"allow":["GET"]}}],"collection":[{"href":"https:\/\/arriendo.com\/co\/wp-json\/wp\/v2\/properties"}],"about":[{"href":"https:\/\/arriendo.com\/co\/wp-json\/wp\/v2\/types\/properties"}],"author":[{"embeddable":true,"href":"https:\/\/arriendo.com\/co\/wp-json\/wp\/v2\/users\/7386"}],"version-history":[{"count":0,"href":"https:\/\/arriendo.com\/co\/wp-json\/wp\/v2\/properties\/211898\/revisions"}],"wp:featuredmedia":[{"embeddable":true,"href":"https:\/\/arriendo.com\/co\/wp-json\/wp\/v2\/media\/211900"}],"wp:attachment":[{"href":"https:\/\/arriendo.com\/co\/wp-json\/wp\/v2\/media?parent=211898"}],"wp:term":[{"taxonomy":"es_location","embeddable":true,"href":"https:\/\/arriendo.com\/co\/wp-json\/wp\/v2\/es_locations?post=211898"},{"taxonomy":"es_category","embeddable":true,"href":"https:\/\/arriendo.com\/co\/wp-json\/wp\/v2\/es_categories?post=211898"},{"taxonomy":"es_type","embeddable":true,"href":"https:\/\/arriendo.com\/co\/wp-json\/wp\/v2\/es_types?post=211898"},{"taxonomy":"es_rent_period","embeddable":true,"href":"https:\/\/arriendo.com\/co\/wp-json\/wp\/v2\/es_rent_periods?post=211898"},{"taxonomy":"es_label","embeddable":true,"href":"https:\/\/arriendo.com\/co\/wp-json\/wp\/v2\/es_labels?post=211898"},{"taxonomy":"es_status","embeddable":true,"href":"https:\/\/arriendo.com\/co\/wp-json\/wp\/v2\/es_statuses?post=211898"},{"taxonomy":"es_parking","embeddable":true,"href":"https:\/\/arriendo.com\/co\/wp-json\/wp\/v2\/es_parkings?post=211898"},{"taxonomy":"es_roof","embeddable":true,"href":"https:\/\/arriendo.com\/co\/wp-json\/wp\/v2\/es_roofs?post=211898"},{"taxonomy":"es_exterior_material","embeddable":true,"href":"https:\/\/arriendo.com\/co\/wp-json\/wp\/v2\/es_exterior_materials?post=211898"},{"taxonomy":"es_basement","embeddable":true,"href":"https:\/\/arriendo.com\/co\/wp-json\/wp\/v2\/es_basements?post=211898"},{"taxonomy":"es_floor_covering","embeddable":true,"href":"https:\/\/arriendo.com\/co\/wp-json\/wp\/v2\/es_floor_coverings?post=211898"},{"taxonomy":"es_feature","embeddable":true,"href":"https:\/\/arriendo.com\/co\/wp-json\/wp\/v2\/es_features?post=211898"},{"taxonomy":"es_amenity","embeddable":true,"href":"https:\/\/arriendo.com\/co\/wp-json\/wp\/v2\/es_amenities?post=211898"},{"taxonomy":"es_neighborhood","embeddable":true,"href":"https:\/\/arriendo.com\/co\/wp-json\/wp\/v2\/es_neighborhoods?post=211898"},{"taxonomy":"es_tag","embeddable":true,"href":"https:\/\/arriendo.com\/co\/wp-json\/wp\/v2\/es_tags?post=211898"}],"curies":[{"name":"wp","href":"https:\/\/api.w.org\/{rel}","templated":true}]}}

Casa en  Arriendo en Balcones del salitre, Bogotá

<p>En excelente sector residencial con  uso mixto , se encuentra esta impresionante Casa !!  remodelada con dos niveles en el primer nivel: sala comedor con chimenea, comedor adicional , dos garajes cubiertos , deposito , amplia cocina integral en madera , patio de ropas , cuarto de servicio con baño , patio exterior para compartir  en familia, baño social. Segundo nivel: 4 habitaciones, estyudio baños,estudio, 3 baños,  espacio en hall.  Su diseño arquitectónico contemporaneo hace de esta propiedad un lugar con amplios espacios con luz natural que  brindan comodidad y funcionalidad a sus residentes. Esta propiedad es ideal para aquellos que buscan un lugar amplio y con ubicacion privilegiada para tu oficina y hogar. ¡No pierdas la oportunidad.! LLamnos hoy mismo! ***</p>
