{"id":211863,"date":"2026-01-14T09:23:50","date_gmt":"2026-01-14T14:23:50","guid":{"rendered":"https:\/\/arriendo.com\/co\/%es_type%\/\/%neighborhood%\/AR-0\/"},"modified":"2026-01-14T09:23:50","modified_gmt":"2026-01-14T14:23:50","slug":"ar-211863","status":"publish","type":"properties","link":"https:\/\/arriendo.com\/co\/apartamentos\/bogota\/chico-norte\/ar-211863\/","title":{"rendered":"Apartamento en Arriendo en Chico norte, Bogot\u00e1"},"content":{"rendered":"<p>En el norte de la ciudad, se encuentra este encantador apartamento con sala comedor amplia, cocina abierta que da paso al area social donde podras disfrutar con  amigos y familia moemntos unicos cuenta con d 2 habitaciones , la principal con ba\u00f1o y vestier y 1 ba\u00f1os completo en el hall,  con una distribuci\u00f3n inteligente que maximiza cada uno de sus 71.09 metros cuadrados. Con una ubicaci\u00f3n privilegiada, este hogar ofrece comodidad y estilo en cada rinc\u00f3n. El parqueadero privado brinda conveniencia adicional a sus residentes y un generoso deposito. Experimenta la armon\u00eda entre dise\u00f1o moderno y funcionalidad en este espacio \u00fanico que te invita a crear memorias inolvidables. \u00a1Bienvenido a tu nuevo hogar! cerca a vias de transporte y comercio.<\/p>\n","protected":false},"excerpt":{"rendered":"En el norte de la ciudad, se encuentra este encantador...","protected":false},"author":7386,"featured_media":211865,"template":"","es_locations":[110,77,206],"es_categories":[124],"es_types":[114],"es_rent_periods":[],"es_labels":[],"es_statuses":[126],"es_parkings":[],"es_roofs":[],"es_exterior_materials":[],"es_basements":[],"es_floor_coverings":[],"es_features":[131,132,2293,133,2166,2274,2146,2147,145,143,2136,2152],"es_amenities":[152,2186,2295,2154,2189,2278,2155,2156,2160,2290,2143,2162],"es_neighborhoods":[],"es_tags":[],"class_list":["post-211863","properties","type-properties","status-publish","has-post-thumbnail","hentry","es_location-bogota","es_location-bogota-d-c","es_location-chico-norte","es_category-arriendo","es_type-apartamentos","es_status-usado","es_feature-ascensor","es_feature-balcon","es_feature-cerca-centro-comercial","es_feature-citofono","es_feature-closet","es_feature-cocina-equipada","es_feature-cocina-integral","es_feature-cocina-tipo-americano","es_feature-instalacion-de-gas","es_feature-terraza","es_feature-trans-publico-cercano","es_feature-zona-residencial","es_amenity-ascensor-privado","es_amenity-balcon","es_amenity-cerca-centro-comercial","es_amenity-citofono","es_amenity-closet","es_amenity-cocina-equipada","es_amenity-cocina-integral","es_amenity-cocina-tipo-americano","es_amenity-instalacion-de-gas","es_amenity-terraza","es_amenity-trans-publico-cercano","es_amenity-zona-residencial","es-post-entity"],"_links":{"self":[{"href":"https:\/\/arriendo.com\/co\/wp-json\/wp\/v2\/properties\/211863","targetHints":{"allow":["GET"]}}],"collection":[{"href":"https:\/\/arriendo.com\/co\/wp-json\/wp\/v2\/properties"}],"about":[{"href":"https:\/\/arriendo.com\/co\/wp-json\/wp\/v2\/types\/properties"}],"author":[{"embeddable":true,"href":"https:\/\/arriendo.com\/co\/wp-json\/wp\/v2\/users\/7386"}],"version-history":[{"count":0,"href":"https:\/\/arriendo.com\/co\/wp-json\/wp\/v2\/properties\/211863\/revisions"}],"wp:featuredmedia":[{"embeddable":true,"href":"https:\/\/arriendo.com\/co\/wp-json\/wp\/v2\/media\/211865"}],"wp:attachment":[{"href":"https:\/\/arriendo.com\/co\/wp-json\/wp\/v2\/media?parent=211863"}],"wp:term":[{"taxonomy":"es_location","embeddable":true,"href":"https:\/\/arriendo.com\/co\/wp-json\/wp\/v2\/es_locations?post=211863"},{"taxonomy":"es_category","embeddable":true,"href":"https:\/\/arriendo.com\/co\/wp-json\/wp\/v2\/es_categories?post=211863"},{"taxonomy":"es_type","embeddable":true,"href":"https:\/\/arriendo.com\/co\/wp-json\/wp\/v2\/es_types?post=211863"},{"taxonomy":"es_rent_period","embeddable":true,"href":"https:\/\/arriendo.com\/co\/wp-json\/wp\/v2\/es_rent_periods?post=211863"},{"taxonomy":"es_label","embeddable":true,"href":"https:\/\/arriendo.com\/co\/wp-json\/wp\/v2\/es_labels?post=211863"},{"taxonomy":"es_status","embeddable":true,"href":"https:\/\/arriendo.com\/co\/wp-json\/wp\/v2\/es_statuses?post=211863"},{"taxonomy":"es_parking","embeddable":true,"href":"https:\/\/arriendo.com\/co\/wp-json\/wp\/v2\/es_parkings?post=211863"},{"taxonomy":"es_roof","embeddable":true,"href":"https:\/\/arriendo.com\/co\/wp-json\/wp\/v2\/es_roofs?post=211863"},{"taxonomy":"es_exterior_material","embeddable":true,"href":"https:\/\/arriendo.com\/co\/wp-json\/wp\/v2\/es_exterior_materials?post=211863"},{"taxonomy":"es_basement","embeddable":true,"href":"https:\/\/arriendo.com\/co\/wp-json\/wp\/v2\/es_basements?post=211863"},{"taxonomy":"es_floor_covering","embeddable":true,"href":"https:\/\/arriendo.com\/co\/wp-json\/wp\/v2\/es_floor_coverings?post=211863"},{"taxonomy":"es_feature","embeddable":true,"href":"https:\/\/arriendo.com\/co\/wp-json\/wp\/v2\/es_features?post=211863"},{"taxonomy":"es_amenity","embeddable":true,"href":"https:\/\/arriendo.com\/co\/wp-json\/wp\/v2\/es_amenities?post=211863"},{"taxonomy":"es_neighborhood","embeddable":true,"href":"https:\/\/arriendo.com\/co\/wp-json\/wp\/v2\/es_neighborhoods?post=211863"},{"taxonomy":"es_tag","embeddable":true,"href":"https:\/\/arriendo.com\/co\/wp-json\/wp\/v2\/es_tags?post=211863"}],"curies":[{"name":"wp","href":"https:\/\/api.w.org\/{rel}","templated":true}]}}

Apartamento en Arriendo en Chico norte, Bogotá

<p>En el norte de la ciudad, se encuentra este encantador apartamento con sala comedor amplia, cocina abierta que da paso al area social donde podras disfrutar con  amigos y familia moemntos unicos cuenta con d 2 habitaciones , la principal con baño y vestier y 1 baños completo en el hall,  con una distribución inteligente que maximiza cada uno de sus 71.09 metros cuadrados. Con una ubicación privilegiada, este hogar ofrece comodidad y estilo en cada rincón. El parqueadero privado brinda conveniencia adicional a sus residentes y un generoso deposito. Experimenta la armonía entre diseño moderno y funcionalidad en este espacio único que te invita a crear memorias inolvidables. ¡Bienvenido a tu nuevo hogar! cerca a vias de transporte y comercio.</p>
