{"id":211171,"date":"2026-01-14T08:30:22","date_gmt":"2026-01-14T13:30:22","guid":{"rendered":"https:\/\/arriendo.com\/co\/%es_type%\/\/%neighborhood%\/AR-0\/"},"modified":"2026-01-14T08:30:22","modified_gmt":"2026-01-14T13:30:22","slug":"ar-211171","status":"publish","type":"properties","link":"https:\/\/arriendo.com\/co\/casas\/cartagena\/san-diego\/ar-211171\/","title":{"rendered":"Casa en Arriendo en San diego, Cartagena"},"content":{"rendered":"<p>Cartagena Oportunidad de inversi\u00f3n Centro Hist\u00f3rico arriendo Casa en el tradicional Barrio de San Diego. Casa colonial ideal para Hotel Boutique con potencial de ampliaci\u00f3n hacia la parte trasera, ya que cuenta con dos pisos m\u00e1s altillo.Esta hermosa casa es perfecta si est\u00e1s buscando abrir tu operaci\u00f3n hotelera en Cartagena. Conserva elementos originales que realzan su valor patrimonial y encanto hist\u00f3rico. La Casa tiene un \u00e1rea de construcci\u00f3n de 340M\u00b2 distribuidos en dos pisos m\u00e1s altillo. Primer nivel: Al entrar nos encontramos con un zagu\u00e1n que conduce a la sala de recibo y al hermoso patio interior con jard\u00edn que conserva un pozo artesanal desde los corredores coloniales se accede a tres habitaciones una de ellas con ba\u00f1o interno y un ba\u00f1o exterior o social que da servicio a las otras dos alcobas tambi\u00e9n hacia la cocina abierta y zona de labores la sala de recibo tiene ventanales coloniales vista hacia la calle por all\u00ed se accede al segundo piso. Segundo nivel: tiene dos accesos una desde la sala de recibo y otra en la parte trasera de la casa al subir encontramos un corredor con balc\u00f3n colonial que mira al patio central hay cinco alcobas un ba\u00f1o externo sala de estar y unas escaleras que conducen al espacioso altillo ideal para suite. Su excelente ubicaci\u00f3n a 3 cuadras de centro comercial Serrezuela playas de bocagrande y a 10 minutos del aeropuerto. contactanos somos CARTAGENA INMUEBLES SAS<\/p>\n","protected":false},"excerpt":{"rendered":"Cartagena Oportunidad de inversi\u00f3n Centro Hist\u00f3rico arriendo Casa en el...","protected":false},"author":7048,"featured_media":211173,"template":"","es_locations":[419,402,1295],"es_categories":[124],"es_types":[115],"es_rent_periods":[],"es_labels":[],"es_statuses":[126],"es_parkings":[],"es_roofs":[],"es_exterior_materials":[],"es_basements":[],"es_floor_coverings":[],"es_features":[132,2220,2135,143,144,2137,2152],"es_amenities":[2186,2221,2142,2290,2289,2144,2162],"es_neighborhoods":[],"es_tags":[],"class_list":["post-211171","properties","type-properties","status-publish","has-post-thumbnail","hentry","es_location-bolivar","es_location-cartagena","es_location-san-diego","es_category-arriendo","es_type-casas","es_status-usado","es_feature-balcon","es_feature-patio","es_feature-sobre-via-principal","es_feature-terraza","es_feature-vista-panoramica","es_feature-zona-comercial","es_feature-zona-residencial","es_amenity-balcon","es_amenity-patio","es_amenity-sobre-via-principal","es_amenity-terraza","es_amenity-vista-panoramica","es_amenity-zona-comercial","es_amenity-zona-residencial","es-post-entity"],"_links":{"self":[{"href":"https:\/\/arriendo.com\/co\/wp-json\/wp\/v2\/properties\/211171","targetHints":{"allow":["GET"]}}],"collection":[{"href":"https:\/\/arriendo.com\/co\/wp-json\/wp\/v2\/properties"}],"about":[{"href":"https:\/\/arriendo.com\/co\/wp-json\/wp\/v2\/types\/properties"}],"author":[{"embeddable":true,"href":"https:\/\/arriendo.com\/co\/wp-json\/wp\/v2\/users\/7048"}],"version-history":[{"count":0,"href":"https:\/\/arriendo.com\/co\/wp-json\/wp\/v2\/properties\/211171\/revisions"}],"wp:featuredmedia":[{"embeddable":true,"href":"https:\/\/arriendo.com\/co\/wp-json\/wp\/v2\/media\/211173"}],"wp:attachment":[{"href":"https:\/\/arriendo.com\/co\/wp-json\/wp\/v2\/media?parent=211171"}],"wp:term":[{"taxonomy":"es_location","embeddable":true,"href":"https:\/\/arriendo.com\/co\/wp-json\/wp\/v2\/es_locations?post=211171"},{"taxonomy":"es_category","embeddable":true,"href":"https:\/\/arriendo.com\/co\/wp-json\/wp\/v2\/es_categories?post=211171"},{"taxonomy":"es_type","embeddable":true,"href":"https:\/\/arriendo.com\/co\/wp-json\/wp\/v2\/es_types?post=211171"},{"taxonomy":"es_rent_period","embeddable":true,"href":"https:\/\/arriendo.com\/co\/wp-json\/wp\/v2\/es_rent_periods?post=211171"},{"taxonomy":"es_label","embeddable":true,"href":"https:\/\/arriendo.com\/co\/wp-json\/wp\/v2\/es_labels?post=211171"},{"taxonomy":"es_status","embeddable":true,"href":"https:\/\/arriendo.com\/co\/wp-json\/wp\/v2\/es_statuses?post=211171"},{"taxonomy":"es_parking","embeddable":true,"href":"https:\/\/arriendo.com\/co\/wp-json\/wp\/v2\/es_parkings?post=211171"},{"taxonomy":"es_roof","embeddable":true,"href":"https:\/\/arriendo.com\/co\/wp-json\/wp\/v2\/es_roofs?post=211171"},{"taxonomy":"es_exterior_material","embeddable":true,"href":"https:\/\/arriendo.com\/co\/wp-json\/wp\/v2\/es_exterior_materials?post=211171"},{"taxonomy":"es_basement","embeddable":true,"href":"https:\/\/arriendo.com\/co\/wp-json\/wp\/v2\/es_basements?post=211171"},{"taxonomy":"es_floor_covering","embeddable":true,"href":"https:\/\/arriendo.com\/co\/wp-json\/wp\/v2\/es_floor_coverings?post=211171"},{"taxonomy":"es_feature","embeddable":true,"href":"https:\/\/arriendo.com\/co\/wp-json\/wp\/v2\/es_features?post=211171"},{"taxonomy":"es_amenity","embeddable":true,"href":"https:\/\/arriendo.com\/co\/wp-json\/wp\/v2\/es_amenities?post=211171"},{"taxonomy":"es_neighborhood","embeddable":true,"href":"https:\/\/arriendo.com\/co\/wp-json\/wp\/v2\/es_neighborhoods?post=211171"},{"taxonomy":"es_tag","embeddable":true,"href":"https:\/\/arriendo.com\/co\/wp-json\/wp\/v2\/es_tags?post=211171"}],"curies":[{"name":"wp","href":"https:\/\/api.w.org\/{rel}","templated":true}]}}

<p>Cartagena Oportunidad de inversión Centro Histórico arriendo Casa en el tradicional Barrio de San Diego. Casa colonial ideal para Hotel Boutique con potencial de ampliación hacia la parte trasera, ya que cuenta con dos pisos más altillo.Esta hermosa casa es perfecta si estás buscando abrir tu operación hotelera en Cartagena. Conserva elementos originales que realzan su valor patrimonial y encanto histórico. La Casa tiene un área de construcción de 340M² distribuidos en dos pisos más altillo. Primer nivel: Al entrar nos encontramos con un zaguán que conduce a la sala de recibo y al hermoso patio interior con jardín que conserva un pozo artesanal desde los corredores coloniales se accede a tres habitaciones una de ellas con baño interno y un baño exterior o social que da servicio a las otras dos alcobas también hacia la cocina abierta y zona de labores la sala de recibo tiene ventanales coloniales vista hacia la calle por allí se accede al segundo piso. Segundo nivel: tiene dos accesos una desde la sala de recibo y otra en la parte trasera de la casa al subir encontramos un corredor con balcón colonial que mira al patio central hay cinco alcobas un baño externo sala de estar y unas escaleras que conducen al espacioso altillo ideal para suite. Su excelente ubicación a 3 cuadras de centro comercial Serrezuela playas de bocagrande y a 10 minutos del aeropuerto. contactanos somos CARTAGENA INMUEBLES SAS</p>

Cartagena Oportunidad de inversión Centro Histórico arriendo Casa en el...
