{"id":211154,"date":"2026-01-14T08:29:04","date_gmt":"2026-01-14T13:29:04","guid":{"rendered":"https:\/\/arriendo.com\/co\/%es_type%\/\/%neighborhood%\/AR-0\/"},"modified":"2026-01-14T08:29:04","modified_gmt":"2026-01-14T13:29:04","slug":"ar-211154","status":"publish","type":"properties","link":"https:\/\/arriendo.com\/co\/casas\/cartagena\/crespo\/ar-211154\/","title":{"rendered":"Casa en Arriendo en Crespo, Cartagena"},"content":{"rendered":"<p>Cartagena, Oportunidad de Inversi\u00f3n Crespo!  Casa Hotel Venta Con un \u00e1rea 550M2 Distribuidos as\u00ed: Casa con terraza ,sala-comedor, 2 alcobas,  2 ba\u00f1os ,cocina cerrada,zona de labores y garaje. Adem\u00e1s cuenta con 4 aparta-suites independientes con 2 ba\u00f1os privados se accede por un zagu\u00e1n lateral que conecta con un hermoso patio central adoquinado y arborizado.<br \/>\nIdeal para iniciar operaci\u00f3n hotelera en Cartagena o rentas cortas por Airbnb. Crespo es un sector exclusivo con playas privadas, malec\u00f3n  garaje. con paseo peatonal, a 10 minutos del Centro Hist\u00f3rico y muy cerca del aeropuerto; seguro, tranquilo y de alta valorizaci\u00f3n. Una inversi\u00f3n ideal en una de las zonas m\u00e1s atractivas de Cartagena,  \u00a1No pierdas la oportunidad de hacerlo tuyo!  Contactanos hoy y agenda Cita<\/p>\n","protected":false},"excerpt":{"rendered":"Cartagena, Oportunidad de Inversi\u00f3n Crespo! Casa Hotel Venta Con un...","protected":false},"author":7048,"featured_media":211156,"template":"","es_locations":[419,402,2575],"es_categories":[124],"es_types":[115],"es_rent_periods":[],"es_labels":[],"es_statuses":[126],"es_parkings":[],"es_roofs":[],"es_exterior_materials":[],"es_basements":[],"es_floor_coverings":[],"es_features":[149,2274,145,2203,2220,2272,2135,143,2136,144,2137,2185,2152],"es_amenities":[2329,2278,2160,2208,2221,2273,2142,2290,2143,2289,2144,2173,2162],"es_neighborhoods":[],"es_tags":[],"class_list":["post-211154","properties","type-properties","status-publish","has-post-thumbnail","hentry","es_location-bolivar","es_location-cartagena","es_location-crespo","es_category-arriendo","es_type-casas","es_status-usado","es_feature-aire-acondicionado","es_feature-cocina-equipada","es_feature-instalacion-de-gas","es_feature-jardines-exteriores","es_feature-patio","es_feature-piso-en-baldosa-marmol","es_feature-sobre-via-principal","es_feature-terraza","es_feature-trans-publico-cercano","es_feature-vista-panoramica","es_feature-zona-comercial","es_feature-zona-infantil","es_feature-zona-residencial","es_amenity-aire-acondicionado","es_amenity-cocina-equipada","es_amenity-instalacion-de-gas","es_amenity-jardines-exteriores","es_amenity-patio","es_amenity-piso-en-baldosa-marmol","es_amenity-sobre-via-principal","es_amenity-terraza","es_amenity-trans-publico-cercano","es_amenity-vista-panoramica","es_amenity-zona-comercial","es_amenity-zona-infantil","es_amenity-zona-residencial","es-post-entity"],"_links":{"self":[{"href":"https:\/\/arriendo.com\/co\/wp-json\/wp\/v2\/properties\/211154","targetHints":{"allow":["GET"]}}],"collection":[{"href":"https:\/\/arriendo.com\/co\/wp-json\/wp\/v2\/properties"}],"about":[{"href":"https:\/\/arriendo.com\/co\/wp-json\/wp\/v2\/types\/properties"}],"author":[{"embeddable":true,"href":"https:\/\/arriendo.com\/co\/wp-json\/wp\/v2\/users\/7048"}],"version-history":[{"count":0,"href":"https:\/\/arriendo.com\/co\/wp-json\/wp\/v2\/properties\/211154\/revisions"}],"wp:featuredmedia":[{"embeddable":true,"href":"https:\/\/arriendo.com\/co\/wp-json\/wp\/v2\/media\/211156"}],"wp:attachment":[{"href":"https:\/\/arriendo.com\/co\/wp-json\/wp\/v2\/media?parent=211154"}],"wp:term":[{"taxonomy":"es_location","embeddable":true,"href":"https:\/\/arriendo.com\/co\/wp-json\/wp\/v2\/es_locations?post=211154"},{"taxonomy":"es_category","embeddable":true,"href":"https:\/\/arriendo.com\/co\/wp-json\/wp\/v2\/es_categories?post=211154"},{"taxonomy":"es_type","embeddable":true,"href":"https:\/\/arriendo.com\/co\/wp-json\/wp\/v2\/es_types?post=211154"},{"taxonomy":"es_rent_period","embeddable":true,"href":"https:\/\/arriendo.com\/co\/wp-json\/wp\/v2\/es_rent_periods?post=211154"},{"taxonomy":"es_label","embeddable":true,"href":"https:\/\/arriendo.com\/co\/wp-json\/wp\/v2\/es_labels?post=211154"},{"taxonomy":"es_status","embeddable":true,"href":"https:\/\/arriendo.com\/co\/wp-json\/wp\/v2\/es_statuses?post=211154"},{"taxonomy":"es_parking","embeddable":true,"href":"https:\/\/arriendo.com\/co\/wp-json\/wp\/v2\/es_parkings?post=211154"},{"taxonomy":"es_roof","embeddable":true,"href":"https:\/\/arriendo.com\/co\/wp-json\/wp\/v2\/es_roofs?post=211154"},{"taxonomy":"es_exterior_material","embeddable":true,"href":"https:\/\/arriendo.com\/co\/wp-json\/wp\/v2\/es_exterior_materials?post=211154"},{"taxonomy":"es_basement","embeddable":true,"href":"https:\/\/arriendo.com\/co\/wp-json\/wp\/v2\/es_basements?post=211154"},{"taxonomy":"es_floor_covering","embeddable":true,"href":"https:\/\/arriendo.com\/co\/wp-json\/wp\/v2\/es_floor_coverings?post=211154"},{"taxonomy":"es_feature","embeddable":true,"href":"https:\/\/arriendo.com\/co\/wp-json\/wp\/v2\/es_features?post=211154"},{"taxonomy":"es_amenity","embeddable":true,"href":"https:\/\/arriendo.com\/co\/wp-json\/wp\/v2\/es_amenities?post=211154"},{"taxonomy":"es_neighborhood","embeddable":true,"href":"https:\/\/arriendo.com\/co\/wp-json\/wp\/v2\/es_neighborhoods?post=211154"},{"taxonomy":"es_tag","embeddable":true,"href":"https:\/\/arriendo.com\/co\/wp-json\/wp\/v2\/es_tags?post=211154"}],"curies":[{"name":"wp","href":"https:\/\/api.w.org\/{rel}","templated":true}]}}

<p>Cartagena, Oportunidad de Inversión Crespo!  Casa Hotel Venta Con un área 550M2 Distribuidos así: Casa con terraza ,sala-comedor, 2 alcobas,  2 baños ,cocina cerrada,zona de labores y garaje. Además cuenta con 4 aparta-suites independientes con 2 baños privados se accede por un zaguán lateral que conecta con un hermoso patio central adoquinado y arborizado.<br />
Ideal para iniciar operación hotelera en Cartagena o rentas cortas por Airbnb. Crespo es un sector exclusivo con playas privadas, malecón  garaje. con paseo peatonal, a 10 minutos del Centro Histórico y muy cerca del aeropuerto; seguro, tranquilo y de alta valorización. Una inversión ideal en una de las zonas más atractivas de Cartagena,  ¡No pierdas la oportunidad de hacerlo tuyo!  Contactanos hoy y agenda Cita</p>

Cartagena, Oportunidad de Inversión Crespo! Casa Hotel Venta Con un...
