{"id":209261,"date":"2026-01-09T17:45:10","date_gmt":"2026-01-09T22:45:10","guid":{"rendered":"https:\/\/arriendo.com\/co\/%es_type%\/\/%neighborhood%\/AR-0\/"},"modified":"2026-01-09T17:45:10","modified_gmt":"2026-01-09T22:45:10","slug":"ar-209261","status":"publish","type":"properties","link":"https:\/\/arriendo.com\/co\/locales\/bogota\/el-dorado\/ar-209261\/","title":{"rendered":"Local en Arriendo en El dorado, Bogot\u00e1"},"content":{"rendered":"<p>Oportunidad \u00danica en Bogot\u00e1!:<\/p>\n<p>? Local Comercial en Venta o Arriendo ?<\/p>\n<p>? Ubicaci\u00f3n Inmejorable: Primer piso, al lado de la entrada principal del Centro Comercial Nuestro en Bogot\u00e1, D.C.<\/p>\n<p>? Espacio Amplio y Vers\u00e1til: 120 m\u00b2 de \u00e1rea total, ideal para cualquier tipo de negocio.<\/p>\n<p>\u2728 Caracter\u00edsticas Destacadas:<\/p>\n<p>Iluminaci\u00f3n Natural: Doble ventana que ofrece excelente luz y ventilaci\u00f3n.<\/p>\n<p>Instalaciones El\u00e9ctricas: En perfecto estado, listas para equipos y maquinaria.<\/p>\n<p>Piso de Cer\u00e1mica o M\u00e1rmol: Duradero y f\u00e1cil de limpiar.<\/p>\n<p>Amplio Fachada: Espacio aprovechable para los productos de tu negocio.<\/p>\n<p>? Comodidad para tus Clientes:<\/p>\n<p>Parqueadero para Visitantes: Facilita la llegada de tus clientes.<\/p>\n<p>Acceso Directo: Ubicaci\u00f3n exterior sin necesidad de atravesar espacios comunes.<\/p>\n<p>? Entorno Comercial Vibrante:<\/p>\n<p>Alta Afluencia de P\u00fablico: Centros comerciales y transporte p\u00fablico cercano.<\/p>\n<p>Visibilidad y Acceso: Sobre v\u00eda principal, garantizando f\u00e1cil acceso y visibilidad.<\/p>\n<p>? \u00a1No Dejes Pasar Esta Oportunidad! Cont\u00e1ctanos para conocer este incre\u00edble local en persona y llevar tu negocio al siguiente nivel.<\/p>\n<p>? \u00a1Ll\u00e1manos Ahora!<\/p>\n<p>PD : CANON incluye administracion no iva<\/p>\n","protected":false},"excerpt":{"rendered":"Oportunidad \u00danica en Bogot\u00e1!: ? Local Comercial en Venta o...","protected":false},"author":4102,"featured_media":209263,"template":"","es_locations":[110,77,953],"es_categories":[124],"es_types":[117],"es_rent_periods":[],"es_labels":[],"es_statuses":[126],"es_parkings":[],"es_roofs":[],"es_exterior_materials":[],"es_basements":[],"es_floor_coverings":[],"es_features":[2454,2201,2216,2272,2135,2137],"es_amenities":[2456,2206,156,2273,2142,2144],"es_neighborhoods":[],"es_tags":[],"class_list":["post-209261","properties","type-properties","status-publish","has-post-thumbnail","hentry","es_location-bogota","es_location-bogota-d-c","es_location-el-dorado","es_category-arriendo","es_type-locales","es_status-usado","es_feature-en-centro-comercial","es_feature-en-zona-comercial","es_feature-parqueadero-visitantes","es_feature-piso-en-baldosa-marmol","es_feature-sobre-via-principal","es_feature-zona-comercial","es_amenity-en-centro-comercial","es_amenity-en-zona-comercial","es_amenity-parqueadero-visitantes","es_amenity-piso-en-baldosa-marmol","es_amenity-sobre-via-principal","es_amenity-zona-comercial","es-post-entity"],"_links":{"self":[{"href":"https:\/\/arriendo.com\/co\/wp-json\/wp\/v2\/properties\/209261","targetHints":{"allow":["GET"]}}],"collection":[{"href":"https:\/\/arriendo.com\/co\/wp-json\/wp\/v2\/properties"}],"about":[{"href":"https:\/\/arriendo.com\/co\/wp-json\/wp\/v2\/types\/properties"}],"author":[{"embeddable":true,"href":"https:\/\/arriendo.com\/co\/wp-json\/wp\/v2\/users\/4102"}],"version-history":[{"count":0,"href":"https:\/\/arriendo.com\/co\/wp-json\/wp\/v2\/properties\/209261\/revisions"}],"wp:featuredmedia":[{"embeddable":true,"href":"https:\/\/arriendo.com\/co\/wp-json\/wp\/v2\/media\/209263"}],"wp:attachment":[{"href":"https:\/\/arriendo.com\/co\/wp-json\/wp\/v2\/media?parent=209261"}],"wp:term":[{"taxonomy":"es_location","embeddable":true,"href":"https:\/\/arriendo.com\/co\/wp-json\/wp\/v2\/es_locations?post=209261"},{"taxonomy":"es_category","embeddable":true,"href":"https:\/\/arriendo.com\/co\/wp-json\/wp\/v2\/es_categories?post=209261"},{"taxonomy":"es_type","embeddable":true,"href":"https:\/\/arriendo.com\/co\/wp-json\/wp\/v2\/es_types?post=209261"},{"taxonomy":"es_rent_period","embeddable":true,"href":"https:\/\/arriendo.com\/co\/wp-json\/wp\/v2\/es_rent_periods?post=209261"},{"taxonomy":"es_label","embeddable":true,"href":"https:\/\/arriendo.com\/co\/wp-json\/wp\/v2\/es_labels?post=209261"},{"taxonomy":"es_status","embeddable":true,"href":"https:\/\/arriendo.com\/co\/wp-json\/wp\/v2\/es_statuses?post=209261"},{"taxonomy":"es_parking","embeddable":true,"href":"https:\/\/arriendo.com\/co\/wp-json\/wp\/v2\/es_parkings?post=209261"},{"taxonomy":"es_roof","embeddable":true,"href":"https:\/\/arriendo.com\/co\/wp-json\/wp\/v2\/es_roofs?post=209261"},{"taxonomy":"es_exterior_material","embeddable":true,"href":"https:\/\/arriendo.com\/co\/wp-json\/wp\/v2\/es_exterior_materials?post=209261"},{"taxonomy":"es_basement","embeddable":true,"href":"https:\/\/arriendo.com\/co\/wp-json\/wp\/v2\/es_basements?post=209261"},{"taxonomy":"es_floor_covering","embeddable":true,"href":"https:\/\/arriendo.com\/co\/wp-json\/wp\/v2\/es_floor_coverings?post=209261"},{"taxonomy":"es_feature","embeddable":true,"href":"https:\/\/arriendo.com\/co\/wp-json\/wp\/v2\/es_features?post=209261"},{"taxonomy":"es_amenity","embeddable":true,"href":"https:\/\/arriendo.com\/co\/wp-json\/wp\/v2\/es_amenities?post=209261"},{"taxonomy":"es_neighborhood","embeddable":true,"href":"https:\/\/arriendo.com\/co\/wp-json\/wp\/v2\/es_neighborhoods?post=209261"},{"taxonomy":"es_tag","embeddable":true,"href":"https:\/\/arriendo.com\/co\/wp-json\/wp\/v2\/es_tags?post=209261"}],"curies":[{"name":"wp","href":"https:\/\/api.w.org\/{rel}","templated":true}]}}

Local en Arriendo en El dorado, Bogotá

<p>Oportunidad Única en Bogotá!:</p>
<p>? Local Comercial en Venta o Arriendo ?</p>
<p>? Ubicación Inmejorable: Primer piso, al lado de la entrada principal del Centro Comercial Nuestro en Bogotá, D.C.</p>
<p>? Espacio Amplio y Versátil: 120 m² de área total, ideal para cualquier tipo de negocio.</p>
<p>✨ Características Destacadas:</p>
<p>Iluminación Natural: Doble ventana que ofrece excelente luz y ventilación.</p>
<p>Instalaciones Eléctricas: En perfecto estado, listas para equipos y maquinaria.</p>
<p>Piso de Cerámica o Mármol: Duradero y fácil de limpiar.</p>
<p>Amplio Fachada: Espacio aprovechable para los productos de tu negocio.</p>
<p>? Comodidad para tus Clientes:</p>
<p>Parqueadero para Visitantes: Facilita la llegada de tus clientes.</p>
<p>Acceso Directo: Ubicación exterior sin necesidad de atravesar espacios comunes.</p>
<p>? Entorno Comercial Vibrante:</p>
<p>Alta Afluencia de Público: Centros comerciales y transporte público cercano.</p>
<p>Visibilidad y Acceso: Sobre vía principal, garantizando fácil acceso y visibilidad.</p>
<p>? ¡No Dejes Pasar Esta Oportunidad! Contáctanos para conocer este increíble local en persona y llevar tu negocio al siguiente nivel.</p>
<p>? ¡Llámanos Ahora!</p>
<p>PD : CANON incluye administracion no iva</p>

Oportunidad Única en Bogotá!: ? Local Comercial en Venta o...
