{"id":209244,"date":"2026-01-09T17:44:02","date_gmt":"2026-01-09T22:44:02","guid":{"rendered":"https:\/\/arriendo.com\/co\/%es_type%\/\/%neighborhood%\/AR-0\/"},"modified":"2026-01-09T17:44:02","modified_gmt":"2026-01-09T22:44:02","slug":"ar-209244","status":"publish","type":"properties","link":"https:\/\/arriendo.com\/co\/oficinas\/bogota\/bosque-de-pinos\/ar-209244\/","title":{"rendered":"Oficina en Arriendo en Bosque de pinos, Bogot\u00e1"},"content":{"rendered":"<p>Oficina en arriendo \u2013 Bogot\u00e1 D.C.<\/p>\n<p>Espacio corporativo de 177 m\u00b2, ubicado en zona estrat\u00e9gica de Bogot\u00e1 con excelente conectividad y entorno empresarial. Ideal para empresas que buscan confort, eficiencia y una imagen institucional s\u00f3lida.<\/p>\n<p>\u2022 \u00c1rea privada y construida: 177 m\u00b2<br \/>\n\u2022 2 Bater\u00edasba\u00f1os completamente equipados<br \/>\n\u2022 4 parqueaderos privados<br \/>\n\u2022 Sistema de aire acondicionado<br \/>\n\u2022 Vista panor\u00e1mica con \u00f3ptima iluminaci\u00f3n natural<br \/>\n\u2022 Piso laminado de f\u00e1cil mantenimiento<br \/>\n\u2022 Ascensor moderno y parqueadero para visitantes<br \/>\n\u2022 Planta el\u00e9ctrica de respaldo<br \/>\n\u2022 Porter\u00eda y recepci\u00f3n 24\/7<br \/>\n\u2022 Acceso para personas con discapacidad<br \/>\n\u2022 Ubicaci\u00f3n sobre v\u00eda principal con cercan\u00eda a centros comerciales y zonas de negocios<\/p>\n<p>Esta oficina brinda condiciones ideales para el desarrollo de actividades administrativas, comerciales o profesionales, en un entorno seguro y accesible para empleados, clientes y aliados estrat\u00e9gicos.<\/p>\n<p>CANON INCLUYE ADMINISTRACI\u00d3N<\/p>\n<p>Cont\u00e1ctanos para m\u00e1s detalles y coordinar una visita.<\/p>\n","protected":false},"excerpt":{"rendered":"Oficina en arriendo \u2013 Bogot\u00e1 D.C. Espacio corporativo de 177...","protected":false},"author":4102,"featured_media":209246,"template":"","es_locations":[110,77,2525],"es_categories":[124],"es_types":[116],"es_rent_periods":[],"es_labels":[],"es_statuses":[126],"es_parkings":[],"es_roofs":[],"es_exterior_materials":[],"es_basements":[],"es_floor_coverings":[],"es_features":[149,131,2430,2226,2354,2216,2272,2133,2414,2135,2136],"es_amenities":[2329,152,2434,2251,2359,156,2273,158,2416,2142,2143],"es_neighborhoods":[],"es_tags":[],"class_list":["post-209244","properties","type-properties","status-publish","has-post-thumbnail","hentry","es_location-bogota","es_location-bogota-d-c","es_location-bosque-de-pinos","es_category-arriendo","es_type-oficinas","es_status-usado","es_feature-aire-acondicionado","es_feature-ascensor","es_feature-deteccion-de-humo","es_feature-escalera-de-emergencia","es_feature-gabinete-de-incendios","es_feature-parqueadero-visitantes","es_feature-piso-en-baldosa-marmol","es_feature-porteria-recepcion","es_feature-rociadores-de-agua","es_feature-sobre-via-principal","es_feature-trans-publico-cercano","es_amenity-aire-acondicionado","es_amenity-ascensor-privado","es_amenity-deteccion-de-humo","es_amenity-escalera-de-emergencia","es_amenity-gabinete-de-incendios","es_amenity-parqueadero-visitantes","es_amenity-piso-en-baldosa-marmol","es_amenity-porteria-recepcion","es_amenity-rociadores-de-agua","es_amenity-sobre-via-principal","es_amenity-trans-publico-cercano","es-post-entity"],"_links":{"self":[{"href":"https:\/\/arriendo.com\/co\/wp-json\/wp\/v2\/properties\/209244","targetHints":{"allow":["GET"]}}],"collection":[{"href":"https:\/\/arriendo.com\/co\/wp-json\/wp\/v2\/properties"}],"about":[{"href":"https:\/\/arriendo.com\/co\/wp-json\/wp\/v2\/types\/properties"}],"author":[{"embeddable":true,"href":"https:\/\/arriendo.com\/co\/wp-json\/wp\/v2\/users\/4102"}],"version-history":[{"count":0,"href":"https:\/\/arriendo.com\/co\/wp-json\/wp\/v2\/properties\/209244\/revisions"}],"wp:featuredmedia":[{"embeddable":true,"href":"https:\/\/arriendo.com\/co\/wp-json\/wp\/v2\/media\/209246"}],"wp:attachment":[{"href":"https:\/\/arriendo.com\/co\/wp-json\/wp\/v2\/media?parent=209244"}],"wp:term":[{"taxonomy":"es_location","embeddable":true,"href":"https:\/\/arriendo.com\/co\/wp-json\/wp\/v2\/es_locations?post=209244"},{"taxonomy":"es_category","embeddable":true,"href":"https:\/\/arriendo.com\/co\/wp-json\/wp\/v2\/es_categories?post=209244"},{"taxonomy":"es_type","embeddable":true,"href":"https:\/\/arriendo.com\/co\/wp-json\/wp\/v2\/es_types?post=209244"},{"taxonomy":"es_rent_period","embeddable":true,"href":"https:\/\/arriendo.com\/co\/wp-json\/wp\/v2\/es_rent_periods?post=209244"},{"taxonomy":"es_label","embeddable":true,"href":"https:\/\/arriendo.com\/co\/wp-json\/wp\/v2\/es_labels?post=209244"},{"taxonomy":"es_status","embeddable":true,"href":"https:\/\/arriendo.com\/co\/wp-json\/wp\/v2\/es_statuses?post=209244"},{"taxonomy":"es_parking","embeddable":true,"href":"https:\/\/arriendo.com\/co\/wp-json\/wp\/v2\/es_parkings?post=209244"},{"taxonomy":"es_roof","embeddable":true,"href":"https:\/\/arriendo.com\/co\/wp-json\/wp\/v2\/es_roofs?post=209244"},{"taxonomy":"es_exterior_material","embeddable":true,"href":"https:\/\/arriendo.com\/co\/wp-json\/wp\/v2\/es_exterior_materials?post=209244"},{"taxonomy":"es_basement","embeddable":true,"href":"https:\/\/arriendo.com\/co\/wp-json\/wp\/v2\/es_basements?post=209244"},{"taxonomy":"es_floor_covering","embeddable":true,"href":"https:\/\/arriendo.com\/co\/wp-json\/wp\/v2\/es_floor_coverings?post=209244"},{"taxonomy":"es_feature","embeddable":true,"href":"https:\/\/arriendo.com\/co\/wp-json\/wp\/v2\/es_features?post=209244"},{"taxonomy":"es_amenity","embeddable":true,"href":"https:\/\/arriendo.com\/co\/wp-json\/wp\/v2\/es_amenities?post=209244"},{"taxonomy":"es_neighborhood","embeddable":true,"href":"https:\/\/arriendo.com\/co\/wp-json\/wp\/v2\/es_neighborhoods?post=209244"},{"taxonomy":"es_tag","embeddable":true,"href":"https:\/\/arriendo.com\/co\/wp-json\/wp\/v2\/es_tags?post=209244"}],"curies":[{"name":"wp","href":"https:\/\/api.w.org\/{rel}","templated":true}]}}

Oficina en Arriendo en Bosque de pinos, Bogotá

<p>Oficina en arriendo – Bogotá D.C.</p>
<p>Espacio corporativo de 177 m², ubicado en zona estratégica de Bogotá con excelente conectividad y entorno empresarial. Ideal para empresas que buscan confort, eficiencia y una imagen institucional sólida.</p>
<p>• Área privada y construida: 177 m²<br />
• 2 Bateríasbaños completamente equipados<br />
• 4 parqueaderos privados<br />
• Sistema de aire acondicionado<br />
• Vista panorámica con óptima iluminación natural<br />
• Piso laminado de fácil mantenimiento<br />
• Ascensor moderno y parqueadero para visitantes<br />
• Planta eléctrica de respaldo<br />
• Portería y recepción 24/7<br />
• Acceso para personas con discapacidad<br />
• Ubicación sobre vía principal con cercanía a centros comerciales y zonas de negocios</p>
<p>Esta oficina brinda condiciones ideales para el desarrollo de actividades administrativas, comerciales o profesionales, en un entorno seguro y accesible para empleados, clientes y aliados estratégicos.</p>
<p>CANON INCLUYE ADMINISTRACIÓN</p>
<p>Contáctanos para más detalles y coordinar una visita.</p>

Oficina en arriendo – Bogotá D.C. Espacio corporativo de 177...
