{"id":209144,"date":"2026-01-09T17:37:23","date_gmt":"2026-01-09T22:37:23","guid":{"rendered":"https:\/\/arriendo.com\/co\/%es_type%\/\/%neighborhood%\/AR-0\/"},"modified":"2026-01-09T17:37:23","modified_gmt":"2026-01-09T22:37:23","slug":"ar-209144","status":"publish","type":"properties","link":"https:\/\/arriendo.com\/co\/oficinas\/bogota\/santa-barbara\/ar-209144\/","title":{"rendered":"Oficina en  Arriendo en Santa Barbara, Bogot\u00e1"},"content":{"rendered":"<p>OFICINA CON VISTA INTERIOR, EN PISO 3, EN EXCELENTE UBICACI\u00d3N RESIDENCIAL, CON UN HALL-RECEPCI\u00d3N AMPLIO, TRES OFICINAS AMPLIAS, CON VARIOS MUEBLES EMPOTRADOS EN MADERA, PISO EN MADERA LAMINADO,  TRES BA\u00d1OS Y COCINA INTEGRAL A GAS.   SIN GARAJE,                SIN DEPOSITO.    CANON CON AM\u00d3N. INCLUIDA Y M\u00c1S IVA.    POR INMOBILIARIA: ESTEBAN CALDER\u00d3N 3106186656 -OF. 6017566030.<\/p>\n","protected":false},"excerpt":{"rendered":"OFICINA CON VISTA INTERIOR, EN PISO 3, EN EXCELENTE UBICACI\u00d3N...","protected":false},"author":4102,"featured_media":209146,"template":"","es_locations":[110,77,193],"es_categories":[124],"es_types":[116],"es_rent_periods":[],"es_labels":[],"es_statuses":[],"es_parkings":[],"es_roofs":[],"es_exterior_materials":[],"es_basements":[],"es_floor_coverings":[],"es_features":[2442,2132,2418,2134,2239,2136,2152],"es_amenities":[2443,2140,2419,2141,2256,2143,2162],"es_neighborhoods":[],"es_tags":[],"class_list":["post-209144","properties","type-properties","status-publish","has-post-thumbnail","hentry","es_location-bogota","es_location-bogota-d-c","es_location-santa-barbara","es_category-arriendo","es_type-oficinas","es_feature-en-casa","es_feature-parques-cercanos","es_feature-piso-en-madera","es_feature-servicios-publicos","es_feature-sobre-via-secundaria","es_feature-trans-publico-cercano","es_feature-zona-residencial","es_amenity-en-casa","es_amenity-parques-cercanos","es_amenity-piso-en-madera","es_amenity-servicios-publicos","es_amenity-sobre-via-secundaria","es_amenity-trans-publico-cercano","es_amenity-zona-residencial","es-post-entity"],"_links":{"self":[{"href":"https:\/\/arriendo.com\/co\/wp-json\/wp\/v2\/properties\/209144","targetHints":{"allow":["GET"]}}],"collection":[{"href":"https:\/\/arriendo.com\/co\/wp-json\/wp\/v2\/properties"}],"about":[{"href":"https:\/\/arriendo.com\/co\/wp-json\/wp\/v2\/types\/properties"}],"author":[{"embeddable":true,"href":"https:\/\/arriendo.com\/co\/wp-json\/wp\/v2\/users\/4102"}],"version-history":[{"count":0,"href":"https:\/\/arriendo.com\/co\/wp-json\/wp\/v2\/properties\/209144\/revisions"}],"wp:featuredmedia":[{"embeddable":true,"href":"https:\/\/arriendo.com\/co\/wp-json\/wp\/v2\/media\/209146"}],"wp:attachment":[{"href":"https:\/\/arriendo.com\/co\/wp-json\/wp\/v2\/media?parent=209144"}],"wp:term":[{"taxonomy":"es_location","embeddable":true,"href":"https:\/\/arriendo.com\/co\/wp-json\/wp\/v2\/es_locations?post=209144"},{"taxonomy":"es_category","embeddable":true,"href":"https:\/\/arriendo.com\/co\/wp-json\/wp\/v2\/es_categories?post=209144"},{"taxonomy":"es_type","embeddable":true,"href":"https:\/\/arriendo.com\/co\/wp-json\/wp\/v2\/es_types?post=209144"},{"taxonomy":"es_rent_period","embeddable":true,"href":"https:\/\/arriendo.com\/co\/wp-json\/wp\/v2\/es_rent_periods?post=209144"},{"taxonomy":"es_label","embeddable":true,"href":"https:\/\/arriendo.com\/co\/wp-json\/wp\/v2\/es_labels?post=209144"},{"taxonomy":"es_status","embeddable":true,"href":"https:\/\/arriendo.com\/co\/wp-json\/wp\/v2\/es_statuses?post=209144"},{"taxonomy":"es_parking","embeddable":true,"href":"https:\/\/arriendo.com\/co\/wp-json\/wp\/v2\/es_parkings?post=209144"},{"taxonomy":"es_roof","embeddable":true,"href":"https:\/\/arriendo.com\/co\/wp-json\/wp\/v2\/es_roofs?post=209144"},{"taxonomy":"es_exterior_material","embeddable":true,"href":"https:\/\/arriendo.com\/co\/wp-json\/wp\/v2\/es_exterior_materials?post=209144"},{"taxonomy":"es_basement","embeddable":true,"href":"https:\/\/arriendo.com\/co\/wp-json\/wp\/v2\/es_basements?post=209144"},{"taxonomy":"es_floor_covering","embeddable":true,"href":"https:\/\/arriendo.com\/co\/wp-json\/wp\/v2\/es_floor_coverings?post=209144"},{"taxonomy":"es_feature","embeddable":true,"href":"https:\/\/arriendo.com\/co\/wp-json\/wp\/v2\/es_features?post=209144"},{"taxonomy":"es_amenity","embeddable":true,"href":"https:\/\/arriendo.com\/co\/wp-json\/wp\/v2\/es_amenities?post=209144"},{"taxonomy":"es_neighborhood","embeddable":true,"href":"https:\/\/arriendo.com\/co\/wp-json\/wp\/v2\/es_neighborhoods?post=209144"},{"taxonomy":"es_tag","embeddable":true,"href":"https:\/\/arriendo.com\/co\/wp-json\/wp\/v2\/es_tags?post=209144"}],"curies":[{"name":"wp","href":"https:\/\/api.w.org\/{rel}","templated":true}]}}

Oficina en  Arriendo en Santa Barbara, Bogotá

<p>OFICINA CON VISTA INTERIOR, EN PISO 3, EN EXCELENTE UBICACIÓN RESIDENCIAL, CON UN HALL-RECEPCIÓN AMPLIO, TRES OFICINAS AMPLIAS, CON VARIOS MUEBLES EMPOTRADOS EN MADERA, PISO EN MADERA LAMINADO,  TRES BAÑOS Y COCINA INTEGRAL A GAS.   SIN GARAJE,                SIN DEPOSITO.    CANON CON AMÓN. INCLUIDA Y MÁS IVA.    POR INMOBILIARIA: ESTEBAN CALDERÓN 3106186656 -OF. 6017566030.</p>

OFICINA CON VISTA INTERIOR, EN PISO 3, EN EXCELENTE UBICACIÓN...
